{"id":771680,"date":"2025-08-28T15:14:40","date_gmt":"2025-08-28T12:14:40","guid":{"rendered":"https:\/\/roveyayinevi.com.tr\/index.php\/urun\/fucur\/"},"modified":"2026-04-15T03:38:12","modified_gmt":"2026-04-15T00:38:12","slug":"fucur","status":"publish","type":"product","link":"https:\/\/roveyayinevi.com.tr\/index.php\/urun\/fucur\/","title":{"rendered":"F\u00fccur"},"content":{"rendered":"<p>Adana\u2019n\u0131n k\u0131\u015f ya\u011fmurlar\u0131yla iliklerinize kadar \u0131slatacak, bahar\u0131n ve portakal \u00e7i\u00e7eklerinin kokusuyla mest edecek, yaz s\u0131caklar\u0131yla i\u00e7inizi de kavuracak bir hik\u00e2ye\u2026 Kendini, kimli\u011fini ve ge\u00e7mi\u015fini arayan bir adam\u0131n hik\u00e2yesine gizlenmi\u015f bir kad\u0131n\u0131n b\u00fcy\u00fck g\u00fcnahlara bulanm\u0131\u015f ac\u0131lar\u0131na, sessiz \u00e7\u0131\u011fl\u0131klar\u0131na dikkat \u00e7ekerken d\u00f6nemin ekonomik, sosyok\u00fclt\u00fcrel ve politik durumuna ayna tutan; ayn\u0131 kaynaktan var olan biz Adem evlatlar\u0131n\u0131 etnik, mezhepsel, ideolojik y\u00f6nden ayr\u0131\u015ft\u0131ran tutumlar\u0131 sorgulatan; her ad\u0131mda a\u015fk, sevgi, evlilik, annelik ve babal\u0131k kavramlar\u0131n\u0131 farkl\u0131 suretlerde izleyece\u011finiz bir yolculuk\u2026  \u201cKim oldu\u011funu bu kadar merak m\u0131 ediyorsun? Senin ya\u015fam kayna\u011f\u0131n olan nutfenin, benim t\u00fcm \u00f6mr\u00fcme nas\u0131l utan\u00e7 kayna\u011f\u0131 oldu\u011funu mu duymak istiyorsun?  Bunca y\u0131l i\u00e7imi kemirip duran ve y\u0131llar sonra y\u00fcre\u011fimin derin odalar\u0131na kilitledi\u011fim, benim dahi hat\u0131rlamak istemedi\u011fim ac\u0131lar\u0131m\u0131 duymak m\u0131 istiyorsun? O zaman anlatay\u0131m. Dinle.\u201d<\/p>\n","protected":false},"excerpt":{"rendered":"<p>Adana\u2019n\u0131n k\u0131\u015f ya\u011fmurlar\u0131yla iliklerinize kadar \u0131slatacak, bahar\u0131n ve portakal \u00e7i\u00e7eklerinin kokusuyla mest edecek, yaz s\u0131caklar\u0131yla i\u00e7inizi de kavuracak bir hik\u00e2ye\u2026 Kendini, kimli\u011fini ve ge\u00e7mi\u015fini arayan bir<span class=\"excerpt-hellip\"> [\u2026]<\/span><\/p>\n","protected":false},"featured_media":0,"template":"","meta":{"_monsterinsights_skip_tracking":false,"_monsterinsights_sitenote_active":false,"_monsterinsights_sitenote_note":"","_monsterinsights_sitenote_category":0},"product_brand":[],"product_cat":[12291,12711],"product_tag":[],"class_list":{"0":"post-771680","1":"product","2":"type-product","3":"status-publish","5":"product_cat-edebiyat","6":"product_cat-roman-oyku","7":"pa_cilt-ciltsiz","8":"pa_tur-kitap","9":"pa_yayinevi-yediveren-yayinlari","10":"pa_yazar-c-firat-izgi","12":"first","13":"instock","14":"sale","15":"shipping-taxable","16":"purchasable","17":"product-type-simple"},"_links":{"self":[{"href":"https:\/\/roveyayinevi.com.tr\/index.php\/wp-json\/wp\/v2\/product\/771680","targetHints":{"allow":["GET"]}}],"collection":[{"href":"https:\/\/roveyayinevi.com.tr\/index.php\/wp-json\/wp\/v2\/product"}],"about":[{"href":"https:\/\/roveyayinevi.com.tr\/index.php\/wp-json\/wp\/v2\/types\/product"}],"wp:attachment":[{"href":"https:\/\/roveyayinevi.com.tr\/index.php\/wp-json\/wp\/v2\/media?parent=771680"}],"wp:term":[{"taxonomy":"product_brand","embeddable":true,"href":"https:\/\/roveyayinevi.com.tr\/index.php\/wp-json\/wp\/v2\/product_brand?post=771680"},{"taxonomy":"product_cat","embeddable":true,"href":"https:\/\/roveyayinevi.com.tr\/index.php\/wp-json\/wp\/v2\/product_cat?post=771680"},{"taxonomy":"product_tag","embeddable":true,"href":"https:\/\/roveyayinevi.com.tr\/index.php\/wp-json\/wp\/v2\/product_tag?post=771680"}],"curies":[{"name":"wp","href":"https:\/\/api.w.org\/{rel}","templated":true}]}}