{"id":771679,"date":"2025-08-28T15:14:39","date_gmt":"2025-08-28T12:14:39","guid":{"rendered":"https:\/\/roveyayinevi.com.tr\/index.php\/urun\/evlilik-sahane-bir-seydir\/"},"modified":"2026-04-15T03:38:12","modified_gmt":"2026-04-15T00:38:12","slug":"evlilik-sahane-bir-seydir","status":"publish","type":"product","link":"https:\/\/roveyayinevi.com.tr\/index.php\/urun\/evlilik-sahane-bir-seydir\/","title":{"rendered":"Evlilik \u015eahane Bir \u015eeydir"},"content":{"rendered":"<p>Evlilik \u015eahane Bir \u015eeydir. Ama evlili\u011fi ger\u00e7ekten \u015fahane bir \u015fekilde ya\u015famak bireylere ba\u011fl\u0131d\u0131r. Gerekti\u011fi gibi emek verilirse \u015fahane bir \u015fey olma olas\u0131l\u0131\u011f\u0131 ta\u015f\u0131r. Kitab\u0131n hedefi de bu. Elimizde kendimiz, e\u015fimiz, sevgimiz ve evlili\u011fimiz var. Yeterince odaklan\u0131rsak ve emek verirsek buradan \u015fahane bir evlilik, aile ya\u015fam\u0131 ve hayat yolculu\u011fu \u00e7\u0131karmak o kadar da zor de\u011fil. Bu kitapla size bu y\u00f6nde yard\u0131mc\u0131 olmak istiyorum. Sohbet edelim, birlikte d\u00fc\u015f\u00fcnelim, birka\u00e7 k\u00fc\u00e7\u00fck ad\u0131m atal\u0131m ve mucizelere birlikte tan\u0131k olal\u0131m.<\/p>\n","protected":false},"excerpt":{"rendered":"<p>Evlilik \u015eahane Bir \u015eeydir. Ama evlili\u011fi ger\u00e7ekten \u015fahane bir \u015fekilde ya\u015famak bireylere ba\u011fl\u0131d\u0131r. Gerekti\u011fi gibi emek verilirse \u015fahane bir \u015fey olma olas\u0131l\u0131\u011f\u0131 ta\u015f\u0131r. Kitab\u0131n hedefi de<span class=\"excerpt-hellip\"> [\u2026]<\/span><\/p>\n","protected":false},"featured_media":0,"template":"","meta":{"_monsterinsights_skip_tracking":false,"_monsterinsights_sitenote_active":false,"_monsterinsights_sitenote_note":"","_monsterinsights_sitenote_category":0},"product_brand":[],"product_cat":[12325,12324],"product_tag":[],"class_list":{"0":"post-771679","1":"product","2":"type-product","3":"status-publish","5":"product_cat-diger-sosyoloji","6":"product_cat-sosyoloji","7":"pa_cilt-ciltsiz","8":"pa_tur-kitap","9":"pa_yayinevi-yediveren-yayinlari","10":"pa_yazar-gulden-ohri-akkoyun","12":"first","13":"instock","14":"sale","15":"shipping-taxable","16":"purchasable","17":"product-type-simple"},"_links":{"self":[{"href":"https:\/\/roveyayinevi.com.tr\/index.php\/wp-json\/wp\/v2\/product\/771679","targetHints":{"allow":["GET"]}}],"collection":[{"href":"https:\/\/roveyayinevi.com.tr\/index.php\/wp-json\/wp\/v2\/product"}],"about":[{"href":"https:\/\/roveyayinevi.com.tr\/index.php\/wp-json\/wp\/v2\/types\/product"}],"wp:attachment":[{"href":"https:\/\/roveyayinevi.com.tr\/index.php\/wp-json\/wp\/v2\/media?parent=771679"}],"wp:term":[{"taxonomy":"product_brand","embeddable":true,"href":"https:\/\/roveyayinevi.com.tr\/index.php\/wp-json\/wp\/v2\/product_brand?post=771679"},{"taxonomy":"product_cat","embeddable":true,"href":"https:\/\/roveyayinevi.com.tr\/index.php\/wp-json\/wp\/v2\/product_cat?post=771679"},{"taxonomy":"product_tag","embeddable":true,"href":"https:\/\/roveyayinevi.com.tr\/index.php\/wp-json\/wp\/v2\/product_tag?post=771679"}],"curies":[{"name":"wp","href":"https:\/\/api.w.org\/{rel}","templated":true}]}}