{"id":771668,"date":"2025-08-28T15:14:18","date_gmt":"2025-08-28T12:14:18","guid":{"rendered":"https:\/\/roveyayinevi.com.tr\/index.php\/urun\/iki-ameliyat-arasi\/"},"modified":"2026-04-15T03:38:11","modified_gmt":"2026-04-15T00:38:11","slug":"iki-ameliyat-arasi","status":"publish","type":"product","link":"https:\/\/roveyayinevi.com.tr\/index.php\/urun\/iki-ameliyat-arasi\/","title":{"rendered":"\u0130ki Ameliyat Aras\u0131"},"content":{"rendered":"<p>\u0130nsan; anne karn\u0131nda ba\u015flayan ge\u00e7ici d\u00fcnya ser\u00fcveni i\u00e7erisinde ilahi olan mesaja uygun olan veya olmayan binlerce olay ya\u015f\u0131yor. Bu ya\u015fam s\u00fcresince -\u015fayet becerebilirse- \u201cinsan\u201d oluyor. Bu \u201cinsan\u201d olabilme s\u00fcrecinde, \u015fa\u015f\u0131rt\u0131c\u0131 ve kendine g\u00f6re biricik olan ya\u015fam yolculu\u011funu yazmaya ba\u015flay\u0131nca da \u00e2deta kaderini yeniden yaz\u0131yor gibi ola\u011fan\u00fcst\u00fc bir duyguya kap\u0131l\u0131yor. Zira yazmak, insano\u011flunun bili\u015fsel ve psikolojik b\u00fct\u00fcn y\u00f6nlerini harekete ge\u00e7iren \u00f6nemli bir eylem. Akl\u0131m\u0131z\u0131n ve bedenimizin sahip oldu\u011fu b\u00fct\u00fcn yetenekler ve \u00f6zellikler yazma da kendisini g\u00f6steriyor ve \u00e2deta insan olman\u0131n derin bir fark\u0131ndal\u0131\u011f\u0131n\u0131 ya\u015f\u0131yorsunuz. Elbette bu g\u00fc\u00e7l\u00fc duygular e\u015fli\u011finde kaleme almaya gayret etti\u011fim bu kitap, usta yazar Sait Faik\u2019in \u201cYazmasayd\u0131m delirecektim.\u201d diye ifade etti\u011fi duyguya yak\u0131n bir duygu derinli\u011fi ile hayat buldu.<\/p>\n","protected":false},"excerpt":{"rendered":"<p>\u0130nsan; anne karn\u0131nda ba\u015flayan ge\u00e7ici d\u00fcnya ser\u00fcveni i\u00e7erisinde ilahi olan mesaja uygun olan veya olmayan binlerce olay ya\u015f\u0131yor. Bu ya\u015fam s\u00fcresince -\u015fayet becerebilirse- \u201cinsan\u201d oluyor. Bu<span class=\"excerpt-hellip\"> [\u2026]<\/span><\/p>\n","protected":false},"featured_media":0,"template":"","meta":{"_monsterinsights_skip_tracking":false,"_monsterinsights_sitenote_active":false,"_monsterinsights_sitenote_note":"","_monsterinsights_sitenote_category":0},"product_brand":[],"product_cat":[12291,17033],"product_tag":[],"class_list":{"0":"post-771668","1":"product","2":"type-product","3":"status-publish","5":"product_cat-edebiyat","6":"product_cat-korku-gerilim","7":"pa_cilt-ciltsiz","8":"pa_tur-kitap","9":"pa_yayinevi-yediveren-yayinlari","10":"pa_yazar-mahmut-atilla-yilmaz","12":"first","13":"instock","14":"sale","15":"shipping-taxable","16":"purchasable","17":"product-type-simple"},"_links":{"self":[{"href":"https:\/\/roveyayinevi.com.tr\/index.php\/wp-json\/wp\/v2\/product\/771668","targetHints":{"allow":["GET"]}}],"collection":[{"href":"https:\/\/roveyayinevi.com.tr\/index.php\/wp-json\/wp\/v2\/product"}],"about":[{"href":"https:\/\/roveyayinevi.com.tr\/index.php\/wp-json\/wp\/v2\/types\/product"}],"wp:attachment":[{"href":"https:\/\/roveyayinevi.com.tr\/index.php\/wp-json\/wp\/v2\/media?parent=771668"}],"wp:term":[{"taxonomy":"product_brand","embeddable":true,"href":"https:\/\/roveyayinevi.com.tr\/index.php\/wp-json\/wp\/v2\/product_brand?post=771668"},{"taxonomy":"product_cat","embeddable":true,"href":"https:\/\/roveyayinevi.com.tr\/index.php\/wp-json\/wp\/v2\/product_cat?post=771668"},{"taxonomy":"product_tag","embeddable":true,"href":"https:\/\/roveyayinevi.com.tr\/index.php\/wp-json\/wp\/v2\/product_tag?post=771668"}],"curies":[{"name":"wp","href":"https:\/\/api.w.org\/{rel}","templated":true}]}}