{"id":771665,"date":"2025-08-28T15:14:14","date_gmt":"2025-08-28T12:14:14","guid":{"rendered":"https:\/\/roveyayinevi.com.tr\/index.php\/urun\/iyilik-sende-kalsin\/"},"modified":"2026-04-11T03:37:04","modified_gmt":"2026-04-11T00:37:04","slug":"iyilik-sende-kalsin","status":"publish","type":"product","link":"https:\/\/roveyayinevi.com.tr\/index.php\/urun\/iyilik-sende-kalsin\/","title":{"rendered":"\u0130yilik Sende Kals\u0131n"},"content":{"rendered":"<p>Kitap Tan\u0131t\u0131m Yaz\u0131s\u0131 : Ruhu a\u00e7 b\u0131rakmak, \u00e7evremizde de\u011ferimizi etkiler, de\u011fersizle\u015firiz. Bizi de\u011ferli k\u0131lan fizi\u011fimiz de\u011fil ruhumuzdur. Ruh g\u00fczelli\u011fi fizi\u011fe yans\u0131r, sa\u011fl\u0131\u011f\u0131m\u0131z\u0131 korur. Hastal\u0131klar\u0131 kolay ve fark etmeden atlat\u0131r\u0131z. Bu kitap, uyuyan pozitif enerjinizi harekete ge\u00e7irerek ruh \u00f6zg\u00fcrl\u00fc\u011f\u00fcn\u00fc nas\u0131l elde edece\u011finizi anlatmaktad\u0131r. Deneyler ve hik\u00e2yelerle destekleyerek insan ruhunu besleyen g\u0131dalar\u0131 ve tok ruhun hayat\u0131m\u0131za yans\u0131malar\u0131n\u0131 ele al\u0131yor. Kitab\u0131 okuduktan sonra; sende zaten var olan yard\u0131m enerjisini nas\u0131l kullanaca\u011f\u0131n\u0131 \u00f6\u011freneceksin. Kitab\u0131 bitirdikten sonra hayat\u0131n\u0131 \u00f6l\u00fcmlere kar\u015f\u0131 sigortalamay\u0131 b\u0131rak\u0131p ya\u015fam\u0131n i\u00e7inde kullanabilece\u011fin sigortay\u0131 nas\u0131l elde edece\u011fini ke\u015ffedeceksin. Empati kullan\u0131m\u0131 ve sonu\u00e7lar\u0131, \u00e7\u0131kars\u0131z iyiliklerin inan\u0131lmaz etkilerini hayat\u0131na uygulamaya ba\u015flayacaks\u0131n<\/p>\n","protected":false},"excerpt":{"rendered":"<p>Kitap Tan\u0131t\u0131m Yaz\u0131s\u0131 : Ruhu a\u00e7 b\u0131rakmak, \u00e7evremizde de\u011ferimizi etkiler, de\u011fersizle\u015firiz. Bizi de\u011ferli k\u0131lan fizi\u011fimiz de\u011fil ruhumuzdur. Ruh g\u00fczelli\u011fi fizi\u011fe yans\u0131r, sa\u011fl\u0131\u011f\u0131m\u0131z\u0131 korur. Hastal\u0131klar\u0131 kolay ve<span class=\"excerpt-hellip\"> [\u2026]<\/span><\/p>\n","protected":false},"featured_media":0,"template":"","meta":{"_monsterinsights_skip_tracking":false,"_monsterinsights_sitenote_active":false,"_monsterinsights_sitenote_note":"","_monsterinsights_sitenote_category":0},"product_brand":[],"product_cat":[12364,12376],"product_tag":[],"class_list":{"0":"post-771665","1":"product","2":"type-product","3":"status-publish","5":"product_cat-genel-konular","6":"product_cat-kisisel-gelisim","7":"pa_cilt-ciltsiz","8":"pa_tur-kitap","9":"pa_yayinevi-yediveren-yayinlari","10":"pa_yazar-fatma-cengiz","12":"first","13":"instock","14":"sale","15":"shipping-taxable","16":"purchasable","17":"product-type-simple"},"_links":{"self":[{"href":"https:\/\/roveyayinevi.com.tr\/index.php\/wp-json\/wp\/v2\/product\/771665","targetHints":{"allow":["GET"]}}],"collection":[{"href":"https:\/\/roveyayinevi.com.tr\/index.php\/wp-json\/wp\/v2\/product"}],"about":[{"href":"https:\/\/roveyayinevi.com.tr\/index.php\/wp-json\/wp\/v2\/types\/product"}],"wp:attachment":[{"href":"https:\/\/roveyayinevi.com.tr\/index.php\/wp-json\/wp\/v2\/media?parent=771665"}],"wp:term":[{"taxonomy":"product_brand","embeddable":true,"href":"https:\/\/roveyayinevi.com.tr\/index.php\/wp-json\/wp\/v2\/product_brand?post=771665"},{"taxonomy":"product_cat","embeddable":true,"href":"https:\/\/roveyayinevi.com.tr\/index.php\/wp-json\/wp\/v2\/product_cat?post=771665"},{"taxonomy":"product_tag","embeddable":true,"href":"https:\/\/roveyayinevi.com.tr\/index.php\/wp-json\/wp\/v2\/product_tag?post=771665"}],"curies":[{"name":"wp","href":"https:\/\/api.w.org\/{rel}","templated":true}]}}