{"id":771664,"date":"2025-08-28T15:14:12","date_gmt":"2025-08-28T12:14:12","guid":{"rendered":"https:\/\/roveyayinevi.com.tr\/index.php\/urun\/bilinc-disi-oykuler-sulu-boya\/"},"modified":"2026-04-15T03:38:11","modified_gmt":"2026-04-15T00:38:11","slug":"bilinc-disi-oykuler-sulu-boya","status":"publish","type":"product","link":"https:\/\/roveyayinevi.com.tr\/index.php\/urun\/bilinc-disi-oykuler-sulu-boya\/","title":{"rendered":"Bilin\u00e7 D\u0131\u015f\u0131 \u00d6yk\u00fcler \u2013 Sulu\/Boya"},"content":{"rendered":"<p>Pastel boya daha g\u00fc\u00e7l\u00fc gelir bana, kuru boya daha s\u0131n\u0131rl\u0131&#8230; Ne s\u00f6yledi\u011fini, ne istedi\u011fini bilen boyalar, kendilerinden emin.Suluboya \u00f6yle de\u011fil ama ba\u015f\u0131 sonu belirsiz. Da\u011f\u0131n\u0131k\u2026 Duygular gibi.G\u00f6z ya\u015f\u0131 ile \u0131slanan; kibir ile koyula\u015f\u0131p, h\u00fcz\u00fcnle a\u00e7\u0131lan renkler.K\u0131r\u0131lgan oldu\u011fu kadar, kontrol edilemeyen. \u0130stedi\u011fini yapman\u0131n zor oldu\u011fu, inat\u00e7\u0131, laf dinlemeyen g\u00f6lgeler\u2026Sen \u015fimdi birbirinden farkl\u0131 suluboya hikayeleri okuyacaks\u0131n!\u00d6fkelenerek kararacak, g\u00fcl\u00fcmseyerek a\u00e7\u0131lacaks\u0131n.Kurumu\u015f bir boya lekesi gibi buru\u015facak ruhunun ka\u011f\u0131d\u0131\u2026\u0130stedi\u011fin kadar ger\u00e7ek, istemedi\u011fin kadar hayal i\u00e7inde olacaks\u0131n!Asl\u0131 Akt\u00fcmen<\/p>\n","protected":false},"excerpt":{"rendered":"<p>Pastel boya daha g\u00fc\u00e7l\u00fc gelir bana, kuru boya daha s\u0131n\u0131rl\u0131&#8230; Ne s\u00f6yledi\u011fini, ne istedi\u011fini bilen boyalar, kendilerinden emin.Suluboya \u00f6yle de\u011fil ama ba\u015f\u0131 sonu belirsiz. Da\u011f\u0131n\u0131k\u2026 Duygular<span class=\"excerpt-hellip\"> [\u2026]<\/span><\/p>\n","protected":false},"featured_media":0,"template":"","meta":{"_monsterinsights_skip_tracking":false,"_monsterinsights_sitenote_active":false,"_monsterinsights_sitenote_note":"","_monsterinsights_sitenote_category":0},"product_brand":[],"product_cat":[12291,18202],"product_tag":[],"class_list":{"0":"post-771664","1":"product","2":"type-product","3":"status-publish","5":"product_cat-edebiyat","6":"product_cat-hikaye","7":"pa_cilt-ciltsiz","8":"pa_tur-kitap","9":"pa_yayinevi-yediveren-yayinlari","10":"pa_yazar-asli-aktumen","12":"first","13":"instock","14":"sale","15":"shipping-taxable","16":"purchasable","17":"product-type-simple"},"_links":{"self":[{"href":"https:\/\/roveyayinevi.com.tr\/index.php\/wp-json\/wp\/v2\/product\/771664","targetHints":{"allow":["GET"]}}],"collection":[{"href":"https:\/\/roveyayinevi.com.tr\/index.php\/wp-json\/wp\/v2\/product"}],"about":[{"href":"https:\/\/roveyayinevi.com.tr\/index.php\/wp-json\/wp\/v2\/types\/product"}],"wp:attachment":[{"href":"https:\/\/roveyayinevi.com.tr\/index.php\/wp-json\/wp\/v2\/media?parent=771664"}],"wp:term":[{"taxonomy":"product_brand","embeddable":true,"href":"https:\/\/roveyayinevi.com.tr\/index.php\/wp-json\/wp\/v2\/product_brand?post=771664"},{"taxonomy":"product_cat","embeddable":true,"href":"https:\/\/roveyayinevi.com.tr\/index.php\/wp-json\/wp\/v2\/product_cat?post=771664"},{"taxonomy":"product_tag","embeddable":true,"href":"https:\/\/roveyayinevi.com.tr\/index.php\/wp-json\/wp\/v2\/product_tag?post=771664"}],"curies":[{"name":"wp","href":"https:\/\/api.w.org\/{rel}","templated":true}]}}