{"id":771662,"date":"2025-08-28T15:14:08","date_gmt":"2025-08-28T12:14:08","guid":{"rendered":"https:\/\/roveyayinevi.com.tr\/index.php\/urun\/ibn-i-sina-bilgeliginde-sifali-bitkiler\/"},"modified":"2026-04-15T03:38:11","modified_gmt":"2026-04-15T00:38:11","slug":"ibn-i-sina-bilgeliginde-sifali-bitkiler","status":"publish","type":"product","link":"https:\/\/roveyayinevi.com.tr\/index.php\/urun\/ibn-i-sina-bilgeliginde-sifali-bitkiler\/","title":{"rendered":"\u0130bn-i Sina Bilgeli\u011finde \u015eifal\u0131 Bitkiler"},"content":{"rendered":"<p>Kitap Tan\u0131t\u0131m Yaz\u0131s\u0131 : \u0130nsan bedeniyle ilgili bin y\u0131l \u00f6nce yapt\u0131\u011f\u0131 ke\u015fiflerle modern t\u0131bb\u0131n babas\u0131olarak kabul edilen \u0130bn-i Sina\u2019n\u0131n tavsiye ve \u00f6nerileri bir\u00e7ok sayg\u0131n hekim taraf\u0131ndan kabulg\u00f6rmektedir. Hastal\u0131klardan korunman\u0131n onlar\u0131 iyile\u015ftirmekten daha \u00f6nemli oldu\u011funu s\u00f6yleyen\u0130bn-i Sina, insan v\u00fccudunun kendini iyile\u015ftirme ve koruma yetene\u011fine odaklanm\u0131\u015ft\u0131r.Hastal\u0131klar\u0131 iyile\u015ftirmesi i\u00e7in yaz\u0131lan ila\u00e7lar\u0131n prospekt\u00fcs\u00fcnde sayfalarca yan etkilerindenbahsediliyor. G\u00fc\u00e7l\u00fc kimyasallar bir hastal\u0131\u011f\u0131m\u0131za \u015fifa olurken ba\u015fka bir hastal\u0131\u011f\u0131n sebebiolabiliyor. \u0130bn-i Sina\u2019n\u0131n El-Kanun Fi\u2019t-T\u0131b isimli eserinden faydalan\u0131larak haz\u0131rlanan bu kitaplahastal\u0131klar\u0131 ve sebeplerini yak\u0131ndan tan\u0131yacaks\u0131n\u0131z. Bitkilerin gizemli d\u00fcnyas\u0131ndan harmanlananpratik form\u00fcl ve tavsiyeler ile hem sa\u011fl\u0131\u011f\u0131n\u0131z\u0131 koruyacak hem de \u015fifa bulacaks\u0131n\u0131z.\u201c\u015eifas\u0131z hastal\u0131k yoktur; irade eksikli\u011finden ba\u015fka. De\u011fersiz bitki yoktur; tan\u0131nmamas\u0131ndanba\u015fka.\u201d\u0130bn-i Sina<\/p>\n","protected":false},"excerpt":{"rendered":"<p>Kitap Tan\u0131t\u0131m Yaz\u0131s\u0131 : \u0130nsan bedeniyle ilgili bin y\u0131l \u00f6nce yapt\u0131\u011f\u0131 ke\u015fiflerle modern t\u0131bb\u0131n babas\u0131olarak kabul edilen \u0130bn-i Sina\u2019n\u0131n tavsiye ve \u00f6nerileri bir\u00e7ok sayg\u0131n hekim taraf\u0131ndan<span class=\"excerpt-hellip\"> [\u2026]<\/span><\/p>\n","protected":false},"featured_media":0,"template":"","meta":{"_monsterinsights_skip_tracking":false,"_monsterinsights_sitenote_active":false,"_monsterinsights_sitenote_note":"","_monsterinsights_sitenote_category":0},"product_brand":[],"product_cat":[20313,13365],"product_tag":[],"class_list":{"0":"post-771662","1":"product","2":"type-product","3":"status-publish","5":"product_cat-basvuru-kitaplari-saglik","6":"product_cat-saglik","7":"pa_cilt-ciltsiz","8":"pa_tur-kitap","9":"pa_yayinevi-yediveren-yayinlari","10":"pa_yazar-delmira-weinstein","12":"first","13":"instock","14":"sale","15":"shipping-taxable","16":"purchasable","17":"product-type-simple"},"_links":{"self":[{"href":"https:\/\/roveyayinevi.com.tr\/index.php\/wp-json\/wp\/v2\/product\/771662","targetHints":{"allow":["GET"]}}],"collection":[{"href":"https:\/\/roveyayinevi.com.tr\/index.php\/wp-json\/wp\/v2\/product"}],"about":[{"href":"https:\/\/roveyayinevi.com.tr\/index.php\/wp-json\/wp\/v2\/types\/product"}],"wp:attachment":[{"href":"https:\/\/roveyayinevi.com.tr\/index.php\/wp-json\/wp\/v2\/media?parent=771662"}],"wp:term":[{"taxonomy":"product_brand","embeddable":true,"href":"https:\/\/roveyayinevi.com.tr\/index.php\/wp-json\/wp\/v2\/product_brand?post=771662"},{"taxonomy":"product_cat","embeddable":true,"href":"https:\/\/roveyayinevi.com.tr\/index.php\/wp-json\/wp\/v2\/product_cat?post=771662"},{"taxonomy":"product_tag","embeddable":true,"href":"https:\/\/roveyayinevi.com.tr\/index.php\/wp-json\/wp\/v2\/product_tag?post=771662"}],"curies":[{"name":"wp","href":"https:\/\/api.w.org\/{rel}","templated":true}]}}