{"id":771658,"date":"2025-08-28T15:13:59","date_gmt":"2025-08-28T12:13:59","guid":{"rendered":"https:\/\/roveyayinevi.com.tr\/index.php\/urun\/lethe-parcalanmis\/"},"modified":"2026-04-15T03:38:11","modified_gmt":"2026-04-15T00:38:11","slug":"lethe-parcalanmis","status":"publish","type":"product","link":"https:\/\/roveyayinevi.com.tr\/index.php\/urun\/lethe-parcalanmis\/","title":{"rendered":"Lethe &#8211; Par\u00e7alanm\u0131\u015f"},"content":{"rendered":"<p>Ruhu Olan Bir Unutu\u015fun, Kay\u0131k\u00e7\u0131 Ve Yaz\u2019\u0131n Hik\u00e2yesiSonsuz Bir D\u00f6ng\u00fcn\u00fcn \u0130lk Aya\u011f\u0131nda Ruhlar\u0131Hades\u2019e Ta\u015f\u0131yan Bir Kay\u0131k\u00e7\u0131 Ve Unuttu\u011fu Benli\u011fi\u0130ki Ac\u0131 \u00d6p\u00fcc\u00fckle A\u00e7\u0131lan Yaz.A\u015fk Onlar\u0131 Hi\u00e7 Ummad\u0131klar\u0131 Bir D\u00fc\u011f\u00fcmde Tekrar Birle\u015ftirirken, D\u00f6ng\u00fcleri \u0130lk Kez Bozulmaya Ant \u0130\u00e7mi\u015fti. Yoksa Kay\u0131k\u00e7\u0131 Ruhlara \u0130hanetini A\u015fk\u0131yla M\u0131 Onurland\u0131racakt\u0131?Herkes; Yer Ve G\u00f6k, Ba\u015fak Ve Deniz K\u00f6p\u00fckleri, Alevler Ve G\u00fcne\u015f, K\u0131z\u0131l Bir GeyikHatta Defneden Bir Ta\u00e7 Bile Kar\u015f\u0131yken Onlara Nas\u0131l Benliklerine Uyanacaklard\u0131?<\/p>\n","protected":false},"excerpt":{"rendered":"<p>Ruhu Olan Bir Unutu\u015fun, Kay\u0131k\u00e7\u0131 Ve Yaz\u2019\u0131n Hik\u00e2yesiSonsuz Bir D\u00f6ng\u00fcn\u00fcn \u0130lk Aya\u011f\u0131nda Ruhlar\u0131Hades\u2019e Ta\u015f\u0131yan Bir Kay\u0131k\u00e7\u0131 Ve Unuttu\u011fu Benli\u011fi\u0130ki Ac\u0131 \u00d6p\u00fcc\u00fckle A\u00e7\u0131lan Yaz.A\u015fk Onlar\u0131 Hi\u00e7 Ummad\u0131klar\u0131<span class=\"excerpt-hellip\"> [\u2026]<\/span><\/p>\n","protected":false},"featured_media":0,"template":"","meta":{"_monsterinsights_skip_tracking":false,"_monsterinsights_sitenote_active":false,"_monsterinsights_sitenote_note":"","_monsterinsights_sitenote_category":0},"product_brand":[],"product_cat":[12416,12291],"product_tag":[],"class_list":{"0":"post-771658","1":"product","2":"type-product","3":"status-publish","5":"product_cat-cizgi-roman","6":"product_cat-edebiyat","7":"pa_cilt-ciltsiz","8":"pa_tur-kitap","9":"pa_yayinevi-yediveren-yayinlari","10":"pa_yazar-dilara-ozcelik","12":"first","13":"instock","14":"sale","15":"shipping-taxable","16":"purchasable","17":"product-type-simple"},"_links":{"self":[{"href":"https:\/\/roveyayinevi.com.tr\/index.php\/wp-json\/wp\/v2\/product\/771658","targetHints":{"allow":["GET"]}}],"collection":[{"href":"https:\/\/roveyayinevi.com.tr\/index.php\/wp-json\/wp\/v2\/product"}],"about":[{"href":"https:\/\/roveyayinevi.com.tr\/index.php\/wp-json\/wp\/v2\/types\/product"}],"wp:attachment":[{"href":"https:\/\/roveyayinevi.com.tr\/index.php\/wp-json\/wp\/v2\/media?parent=771658"}],"wp:term":[{"taxonomy":"product_brand","embeddable":true,"href":"https:\/\/roveyayinevi.com.tr\/index.php\/wp-json\/wp\/v2\/product_brand?post=771658"},{"taxonomy":"product_cat","embeddable":true,"href":"https:\/\/roveyayinevi.com.tr\/index.php\/wp-json\/wp\/v2\/product_cat?post=771658"},{"taxonomy":"product_tag","embeddable":true,"href":"https:\/\/roveyayinevi.com.tr\/index.php\/wp-json\/wp\/v2\/product_tag?post=771658"}],"curies":[{"name":"wp","href":"https:\/\/api.w.org\/{rel}","templated":true}]}}