{"id":771653,"date":"2025-08-28T15:13:48","date_gmt":"2025-08-28T12:13:48","guid":{"rendered":"https:\/\/roveyayinevi.com.tr\/index.php\/urun\/alisan-kapaklikaya-seti-8-kitap\/"},"modified":"2026-04-15T03:38:11","modified_gmt":"2026-04-15T00:38:11","slug":"alisan-kapaklikaya-seti-8-kitap","status":"publish","type":"product","link":"https:\/\/roveyayinevi.com.tr\/index.php\/urun\/alisan-kapaklikaya-seti-8-kitap\/","title":{"rendered":"Ali\u015fan Kapakl\u0131kaya Seti 8 Kitap"},"content":{"rendered":"<p>&#8211; Sen Yan\u0131mda Ol Yeter &#8211; Y\u00fcre\u011fime Dokunan Eller &#8211; \u0130\u00e7indeki Uyuyan G\u00fczeli Uyand\u0131r &#8211; Kalbime Girmeden Beynimde \u0130\u015fin Ne &#8211; Bunlar\u0131 Kimseye Anlatamam\u0131\u015ft\u0131m &#8211; Sen Hi\u00e7 Kendini Ya\u015fad\u0131n M\u0131- Aram\u0131zda Kals\u0131n &#8211; Sevgi Bah\u00e7esinin Bah\u00e7\u0131van\u0131<\/p>\n","protected":false},"excerpt":{"rendered":"<p>&#8211; Sen Yan\u0131mda Ol Yeter &#8211; Y\u00fcre\u011fime Dokunan Eller &#8211; \u0130\u00e7indeki Uyuyan G\u00fczeli Uyand\u0131r &#8211; Kalbime Girmeden Beynimde \u0130\u015fin Ne &#8211; Bunlar\u0131 Kimseye Anlatamam\u0131\u015ft\u0131m &#8211; Sen<span class=\"excerpt-hellip\"> [\u2026]<\/span><\/p>\n","protected":false},"featured_media":0,"template":"","meta":{"_monsterinsights_skip_tracking":false,"_monsterinsights_sitenote_active":false,"_monsterinsights_sitenote_note":"","_monsterinsights_sitenote_category":0},"product_brand":[],"product_cat":[12364,12376],"product_tag":[],"class_list":{"0":"post-771653","1":"product","2":"type-product","3":"status-publish","5":"product_cat-genel-konular","6":"product_cat-kisisel-gelisim","7":"pa_cilt-ciltsiz","8":"pa_tur-kitap","9":"pa_yayinevi-yediveren-yayinlari","10":"pa_yazar-alisan-kapaklikaya","12":"first","13":"instock","14":"sale","15":"shipping-taxable","16":"purchasable","17":"product-type-simple"},"_links":{"self":[{"href":"https:\/\/roveyayinevi.com.tr\/index.php\/wp-json\/wp\/v2\/product\/771653","targetHints":{"allow":["GET"]}}],"collection":[{"href":"https:\/\/roveyayinevi.com.tr\/index.php\/wp-json\/wp\/v2\/product"}],"about":[{"href":"https:\/\/roveyayinevi.com.tr\/index.php\/wp-json\/wp\/v2\/types\/product"}],"wp:attachment":[{"href":"https:\/\/roveyayinevi.com.tr\/index.php\/wp-json\/wp\/v2\/media?parent=771653"}],"wp:term":[{"taxonomy":"product_brand","embeddable":true,"href":"https:\/\/roveyayinevi.com.tr\/index.php\/wp-json\/wp\/v2\/product_brand?post=771653"},{"taxonomy":"product_cat","embeddable":true,"href":"https:\/\/roveyayinevi.com.tr\/index.php\/wp-json\/wp\/v2\/product_cat?post=771653"},{"taxonomy":"product_tag","embeddable":true,"href":"https:\/\/roveyayinevi.com.tr\/index.php\/wp-json\/wp\/v2\/product_tag?post=771653"}],"curies":[{"name":"wp","href":"https:\/\/api.w.org\/{rel}","templated":true}]}}