{"id":771649,"date":"2025-08-28T15:13:38","date_gmt":"2025-08-28T12:13:38","guid":{"rendered":"https:\/\/roveyayinevi.com.tr\/index.php\/urun\/mulk-adami\/"},"modified":"2026-04-15T03:38:11","modified_gmt":"2026-04-15T00:38:11","slug":"mulk-adami","status":"publish","type":"product","link":"https:\/\/roveyayinevi.com.tr\/index.php\/urun\/mulk-adami\/","title":{"rendered":"M\u00fclk Adam\u0131"},"content":{"rendered":"<p>Forsyte Efsanesi, zengin bir orta s\u0131n\u0131f \u0130ngiliz ailesinin \u00fc\u00e7 nesle yay\u0131lan hik\u00e2yesini anlat\u0131yor. Sivri k\u00f6\u015felere sahip, karma\u015f\u0131k, de\u011fi\u015fken, yer yer \u00e7eli\u015fkilerle sarmalanm\u0131\u015f karakterlerin derin ili\u015fkileri, Victoria d\u00f6nemi \u0130ngilteresi&#8217;nin bir prototipini sunuyor. \u00dc\u00e7 kitapl\u0131k efsanenin ilki olan M\u00fclk Adam\u0131, avukat ve m\u00fclk sahibi Soames Forsyte&#8217;nin etraf\u0131nda \u00f6r\u00fcl\u00fcyor. E\u015fiyle ba\u015flayan entrika dolu ili\u015fkisi, ailenin kalabal\u0131k ve herbiri kendine \u00f6zg\u00fc fertleriyle birle\u015fiyor. B\u00f6ylece ortaya John Galsworthy&#8217;ye 1932 y\u0131l\u0131nda Nobel Edebiyat \u00d6d\u00fcl\u00fc&#8217;n\u00fc kazand\u0131ran, tekni\u011fi ve \u00fcslubuyla bamba\u015fka ve h\u00e2l\u00e2 yeni olan bir klasik ortaya \u00e7\u0131k\u0131yor. \u0130ngiliz edebiyat\u0131nda bir d\u00f6n\u00fcm noktas\u0131 kabul edilen roman serisi Onur Demir&#8217;in yetkin \u00e7evirisiyle T\u00fcrk\u00e7ede yeniden can buluyor. <\/p>\n","protected":false},"excerpt":{"rendered":"<p>Forsyte Efsanesi, zengin bir orta s\u0131n\u0131f \u0130ngiliz ailesinin \u00fc\u00e7 nesle yay\u0131lan hik\u00e2yesini anlat\u0131yor. Sivri k\u00f6\u015felere sahip, karma\u015f\u0131k, de\u011fi\u015fken, yer yer \u00e7eli\u015fkilerle sarmalanm\u0131\u015f karakterlerin derin ili\u015fkileri, Victoria<span class=\"excerpt-hellip\"> [\u2026]<\/span><\/p>\n","protected":false},"featured_media":0,"template":"","meta":{"_monsterinsights_skip_tracking":false,"_monsterinsights_sitenote_active":false,"_monsterinsights_sitenote_note":"","_monsterinsights_sitenote_category":0},"product_brand":[],"product_cat":[12291,12711],"product_tag":[],"class_list":{"0":"post-771649","1":"product","2":"type-product","3":"status-publish","5":"product_cat-edebiyat","6":"product_cat-roman-oyku","7":"pa_cilt-ciltsiz","8":"pa_tur-kitap","9":"pa_yayinevi-sapiens-yayinlari","10":"pa_yazar-john-galsworthy","12":"first","13":"instock","14":"sale","15":"shipping-taxable","16":"purchasable","17":"product-type-simple"},"_links":{"self":[{"href":"https:\/\/roveyayinevi.com.tr\/index.php\/wp-json\/wp\/v2\/product\/771649","targetHints":{"allow":["GET"]}}],"collection":[{"href":"https:\/\/roveyayinevi.com.tr\/index.php\/wp-json\/wp\/v2\/product"}],"about":[{"href":"https:\/\/roveyayinevi.com.tr\/index.php\/wp-json\/wp\/v2\/types\/product"}],"wp:attachment":[{"href":"https:\/\/roveyayinevi.com.tr\/index.php\/wp-json\/wp\/v2\/media?parent=771649"}],"wp:term":[{"taxonomy":"product_brand","embeddable":true,"href":"https:\/\/roveyayinevi.com.tr\/index.php\/wp-json\/wp\/v2\/product_brand?post=771649"},{"taxonomy":"product_cat","embeddable":true,"href":"https:\/\/roveyayinevi.com.tr\/index.php\/wp-json\/wp\/v2\/product_cat?post=771649"},{"taxonomy":"product_tag","embeddable":true,"href":"https:\/\/roveyayinevi.com.tr\/index.php\/wp-json\/wp\/v2\/product_tag?post=771649"}],"curies":[{"name":"wp","href":"https:\/\/api.w.org\/{rel}","templated":true}]}}