{"id":771641,"date":"2025-08-28T15:13:19","date_gmt":"2025-08-28T12:13:19","guid":{"rendered":"https:\/\/roveyayinevi.com.tr\/index.php\/urun\/kurt-geldi\/"},"modified":"2026-04-15T03:38:11","modified_gmt":"2026-04-15T00:38:11","slug":"kurt-geldi","status":"publish","type":"product","link":"https:\/\/roveyayinevi.com.tr\/index.php\/urun\/kurt-geldi\/","title":{"rendered":"Kurt Geldi"},"content":{"rendered":"<p>\u201cAtat\u00fcrk\u2019ten Sonra Beklenen Adam!\u201d       Yugoslav lider Tito\u2019nun \u00f6lmeden \u00f6nce Anadolu\u2019ya y\u00fckledi\u011fi kader mesaj\u0131, bug\u00fcn \u00e7ok daha anlaml\u0131: \u201cBu topraklar yaln\u0131zca tarih yazmad\u0131, gelece\u011fi de \u015fekillendirecek bir koda sahipti. T\u00fcrk milletinin bilin\u00e7alt\u0131na i\u015flenmi\u015f k\u00fclt\u00fcrel miras, gerekti\u011finde devreye giren bir iradeyle, Se\u00e7ilmi\u015f Olan\u2019\u0131 ortaya \u00e7\u0131kar\u0131r. G\u00f6kb\u00f6r\u00fc\u2019n\u00fcn izinden gelen Asil Kan, yaln\u0131zca devlet y\u00f6netmek i\u00e7in de\u011fil, devlet kurmak i\u00e7in sahneye \u00e7\u0131kar.\u201d   Bu kitap, Atat\u00fcrk\u2019ten sonra tarihsel g\u00f6revle gelen Beklenen Adam\u2019\u0131, K\u0131rm\u0131z\u0131 Kitap\u2019\u0131n izleriyle ve kadim s\u0131rlarla anlat\u0131yor.   Alt\u0131n Soy\u2019un karde\u015fleri&#8230; Atakurt\u2019tan Atat\u00fcrk\u2019e, Atat\u00fcrk\u2019ten Atabey\u2019e: \u201cKurt geldi. M\u00fchimdir, vakit tamam.\u201d <\/p>\n","protected":false},"excerpt":{"rendered":"<p>\u201cAtat\u00fcrk\u2019ten Sonra Beklenen Adam!\u201d Yugoslav lider Tito\u2019nun \u00f6lmeden \u00f6nce Anadolu\u2019ya y\u00fckledi\u011fi kader mesaj\u0131, bug\u00fcn \u00e7ok daha anlaml\u0131: \u201cBu topraklar yaln\u0131zca tarih yazmad\u0131, gelece\u011fi de \u015fekillendirecek bir<span class=\"excerpt-hellip\"> [\u2026]<\/span><\/p>\n","protected":false},"featured_media":0,"template":"","meta":{"_monsterinsights_skip_tracking":false,"_monsterinsights_sitenote_active":false,"_monsterinsights_sitenote_note":"","_monsterinsights_sitenote_category":0},"product_brand":[],"product_cat":[12370,12304],"product_tag":[],"class_list":{"0":"post-771641","1":"product","2":"type-product","3":"status-publish","5":"product_cat-arastirma-inceleme","6":"product_cat-tarih","7":"pa_cilt-ciltsiz","8":"pa_tur-kitap","9":"pa_yayinevi-destek-yayinlari","10":"pa_yazar-huseyin-hakki-kahveci","12":"first","13":"instock","14":"sale","15":"shipping-taxable","16":"purchasable","17":"product-type-simple"},"_links":{"self":[{"href":"https:\/\/roveyayinevi.com.tr\/index.php\/wp-json\/wp\/v2\/product\/771641","targetHints":{"allow":["GET"]}}],"collection":[{"href":"https:\/\/roveyayinevi.com.tr\/index.php\/wp-json\/wp\/v2\/product"}],"about":[{"href":"https:\/\/roveyayinevi.com.tr\/index.php\/wp-json\/wp\/v2\/types\/product"}],"wp:attachment":[{"href":"https:\/\/roveyayinevi.com.tr\/index.php\/wp-json\/wp\/v2\/media?parent=771641"}],"wp:term":[{"taxonomy":"product_brand","embeddable":true,"href":"https:\/\/roveyayinevi.com.tr\/index.php\/wp-json\/wp\/v2\/product_brand?post=771641"},{"taxonomy":"product_cat","embeddable":true,"href":"https:\/\/roveyayinevi.com.tr\/index.php\/wp-json\/wp\/v2\/product_cat?post=771641"},{"taxonomy":"product_tag","embeddable":true,"href":"https:\/\/roveyayinevi.com.tr\/index.php\/wp-json\/wp\/v2\/product_tag?post=771641"}],"curies":[{"name":"wp","href":"https:\/\/api.w.org\/{rel}","templated":true}]}}