{"id":771630,"date":"2025-08-28T15:12:55","date_gmt":"2025-08-28T12:12:55","guid":{"rendered":"https:\/\/roveyayinevi.com.tr\/index.php\/urun\/gorev-html-teknoloji-dehalari\/"},"modified":"2026-04-15T03:38:10","modified_gmt":"2026-04-15T00:38:10","slug":"gorev-html-teknoloji-dehalari","status":"publish","type":"product","link":"https:\/\/roveyayinevi.com.tr\/index.php\/urun\/gorev-html-teknoloji-dehalari\/","title":{"rendered":"G\u00f6rev Html &#8211; Teknoloji Dehalar\u0131"},"content":{"rendered":"<p>Tatile gitmek isteyen insanlar\u0131n bulundu\u011fu \u00f6zel u\u00e7ak havada ar\u0131zalan\u0131r. Ar\u0131zalanan u\u00e7ak acil ini\u015f yaparak denizin ortas\u0131ndaki terk edilmi\u015f bir adaya ini\u015f yapar. U\u00e7a\u011f\u0131n ar\u0131zas\u0131n\u0131n giderilmesi ve yeniden havalanmas\u0131 i\u00e7in adadaki havaalan\u0131na girmesi zorunludur. Fakat havaalan\u0131nda \u00e7al\u0131\u015fan kimse yoktur. Havaalan\u0131 sistemlerinin \u00e7al\u0131\u015fmas\u0131 ve pistin a\u00e7\u0131lmas\u0131 i\u00e7in HTML kodlar\u0131 ile m\u00fcdahale edilmesi gerekmektedir. Aksi h\u00e2lde t\u00fcm yolcular\u0131n hayatlar\u0131 tehlikeye girecektir! Hey, sen; bu kitab\u0131 elinde tutan teknoloji dehas\u0131! Havaalan\u0131 sistemlerini \u00e7al\u0131\u015ft\u0131racak kodlar\u0131 yazabilir misin? Sayfalar aras\u0131 ge\u00e7i\u015flerle, maceray\u0131 do\u011fru yerden ilerleterek yolcular\u0131 kurtarmak senin elinde! Hadi, \u00e7evir sayfalar\u0131 ve yolcular\u0131 kurtaracak kodlar\u0131 sen yaz!<\/p>\n","protected":false},"excerpt":{"rendered":"<p>Tatile gitmek isteyen insanlar\u0131n bulundu\u011fu \u00f6zel u\u00e7ak havada ar\u0131zalan\u0131r. Ar\u0131zalanan u\u00e7ak acil ini\u015f yaparak denizin ortas\u0131ndaki terk edilmi\u015f bir adaya ini\u015f yapar. U\u00e7a\u011f\u0131n ar\u0131zas\u0131n\u0131n giderilmesi ve<span class=\"excerpt-hellip\"> [\u2026]<\/span><\/p>\n","protected":false},"featured_media":0,"template":"","meta":{"_monsterinsights_skip_tracking":false,"_monsterinsights_sitenote_active":false,"_monsterinsights_sitenote_note":"","_monsterinsights_sitenote_category":0},"product_brand":[],"product_cat":[12274],"product_tag":[],"class_list":{"0":"post-771630","1":"product","2":"type-product","3":"status-publish","5":"product_cat-cocuk-ve-genclik-kitaplari","6":"pa_cilt-ciltsiz","7":"pa_tur-kitap","8":"pa_yayinevi-yediveren-cocuk","9":"pa_yazar-dogukan-adal","11":"first","12":"instock","13":"sale","14":"shipping-taxable","15":"purchasable","16":"product-type-simple"},"_links":{"self":[{"href":"https:\/\/roveyayinevi.com.tr\/index.php\/wp-json\/wp\/v2\/product\/771630","targetHints":{"allow":["GET"]}}],"collection":[{"href":"https:\/\/roveyayinevi.com.tr\/index.php\/wp-json\/wp\/v2\/product"}],"about":[{"href":"https:\/\/roveyayinevi.com.tr\/index.php\/wp-json\/wp\/v2\/types\/product"}],"wp:attachment":[{"href":"https:\/\/roveyayinevi.com.tr\/index.php\/wp-json\/wp\/v2\/media?parent=771630"}],"wp:term":[{"taxonomy":"product_brand","embeddable":true,"href":"https:\/\/roveyayinevi.com.tr\/index.php\/wp-json\/wp\/v2\/product_brand?post=771630"},{"taxonomy":"product_cat","embeddable":true,"href":"https:\/\/roveyayinevi.com.tr\/index.php\/wp-json\/wp\/v2\/product_cat?post=771630"},{"taxonomy":"product_tag","embeddable":true,"href":"https:\/\/roveyayinevi.com.tr\/index.php\/wp-json\/wp\/v2\/product_tag?post=771630"}],"curies":[{"name":"wp","href":"https:\/\/api.w.org\/{rel}","templated":true}]}}