{"id":771609,"date":"2025-08-28T15:11:23","date_gmt":"2025-08-28T12:11:23","guid":{"rendered":"https:\/\/roveyayinevi.com.tr\/index.php\/urun\/atamla-canakkalede\/"},"modified":"2026-04-15T03:38:10","modified_gmt":"2026-04-15T00:38:10","slug":"atamla-canakkalede","status":"publish","type":"product","link":"https:\/\/roveyayinevi.com.tr\/index.php\/urun\/atamla-canakkalede\/","title":{"rendered":"Ata&#8217;mla \u00c7anakkale&#8217;de"},"content":{"rendered":"<p>Kahraman\u0131m\u0131z Mustafa Umut, kendisini bir anda \u00c7anakkale Sava\u015f\u0131&#8217;n\u0131n i\u00e7erisinde bulur. Yaral\u0131 bir T\u00fcrk askerinin vermi\u015f oldu\u011fu gizli mektubu, Mustafa Kemal Pa\u015fa&#8217;ya ula\u015ft\u0131rmas\u0131 gerekmektedir. Sava\u015f\u0131n kaderi bu gizli mektuba ba\u011fl\u0131d\u0131r. E\u011fer mektup zaman\u0131nda Mustafa Kemal Pa\u015fa&#8217;ya ula\u015ft\u0131r\u0131lmazsa, sava\u015fta a\u011f\u0131r bir darbe almak an meselesidir. Mustafa Umut, ne pahas\u0131na olursa olsun mektubu Mustafa Kemal Pa\u015fa&#8217;ya ula\u015ft\u0131rmaya karar verir. Ancak bu macera hi\u00e7 de kolay olmayacakt\u0131r. D\u00fc\u015fman askerlerinin aras\u0131ndan s\u0131yr\u0131lmas\u0131, da\u011flar\u0131 tepeleri a\u015fmas\u0131 gerekmektedir. Mustafa Umut&#8217;un bu zorlu maceras\u0131na e\u015flik etmek ister misin?Her b\u00f6l\u00fcm sonundaki sorular\u0131 do\u011fru cevaplayarak, Mustafa Umut&#8217;a yard\u0131mc\u0131 olmaya ne dersin?- Dikkat ve Analitik D\u00fc\u015f\u00fcnce Geli\u015fimi Uygulamal\u0131<\/p>\n","protected":false},"excerpt":{"rendered":"<p>Kahraman\u0131m\u0131z Mustafa Umut, kendisini bir anda \u00c7anakkale Sava\u015f\u0131&#8217;n\u0131n i\u00e7erisinde bulur. Yaral\u0131 bir T\u00fcrk askerinin vermi\u015f oldu\u011fu gizli mektubu, Mustafa Kemal Pa\u015fa&#8217;ya ula\u015ft\u0131rmas\u0131 gerekmektedir. Sava\u015f\u0131n kaderi bu<span class=\"excerpt-hellip\"> [\u2026]<\/span><\/p>\n","protected":false},"featured_media":0,"template":"","meta":{"_monsterinsights_skip_tracking":false,"_monsterinsights_sitenote_active":false,"_monsterinsights_sitenote_note":"","_monsterinsights_sitenote_category":0},"product_brand":[],"product_cat":[12274,12284],"product_tag":[],"class_list":{"0":"post-771609","1":"product","2":"type-product","3":"status-publish","5":"product_cat-cocuk-ve-genclik-kitaplari","6":"product_cat-hikayeler","7":"pa_cilt-ciltsiz","8":"pa_tur-kitap","9":"pa_yayinevi-yediveren-cocuk","10":"pa_yazar-cihangir-defterdar","12":"first","13":"instock","14":"sale","15":"shipping-taxable","16":"purchasable","17":"product-type-simple"},"_links":{"self":[{"href":"https:\/\/roveyayinevi.com.tr\/index.php\/wp-json\/wp\/v2\/product\/771609","targetHints":{"allow":["GET"]}}],"collection":[{"href":"https:\/\/roveyayinevi.com.tr\/index.php\/wp-json\/wp\/v2\/product"}],"about":[{"href":"https:\/\/roveyayinevi.com.tr\/index.php\/wp-json\/wp\/v2\/types\/product"}],"wp:attachment":[{"href":"https:\/\/roveyayinevi.com.tr\/index.php\/wp-json\/wp\/v2\/media?parent=771609"}],"wp:term":[{"taxonomy":"product_brand","embeddable":true,"href":"https:\/\/roveyayinevi.com.tr\/index.php\/wp-json\/wp\/v2\/product_brand?post=771609"},{"taxonomy":"product_cat","embeddable":true,"href":"https:\/\/roveyayinevi.com.tr\/index.php\/wp-json\/wp\/v2\/product_cat?post=771609"},{"taxonomy":"product_tag","embeddable":true,"href":"https:\/\/roveyayinevi.com.tr\/index.php\/wp-json\/wp\/v2\/product_tag?post=771609"}],"curies":[{"name":"wp","href":"https:\/\/api.w.org\/{rel}","templated":true}]}}