{"id":771581,"date":"2025-08-28T15:10:27","date_gmt":"2025-08-28T12:10:27","guid":{"rendered":"https:\/\/roveyayinevi.com.tr\/index.php\/urun\/sakin-cocuk\/"},"modified":"2026-04-15T03:37:50","modified_gmt":"2026-04-15T00:37:50","slug":"sakin-cocuk","status":"publish","type":"product","link":"https:\/\/roveyayinevi.com.tr\/index.php\/urun\/sakin-cocuk\/","title":{"rendered":"Sakin \u00c7ocuk"},"content":{"rendered":"<p>Stres zorlu durumlara kar\u015f\u0131 verdi\u011fimiz, hepimizin ya\u015fad\u0131\u011f\u0131 do\u011fal bir tepkidir. Ancak duygular\u0131n\u0131 y\u00f6netme ya da ifade etme becerileri yeni geli\u015fmekte olan \u00e7ocuklarda ve gen\u00e7lerde etkileri daha y\u0131prat\u0131c\u0131 olabilir. Ara\u015ft\u0131rmalara g\u00f6re \u00e7ocuklar\u0131n %72\u2019si stresle ba\u011flant\u0131l\u0131 davran\u0131\u015flar sergiliyor. \u00c7ocu\u011funuz stresliyse ya da zor bir d\u00f6nemden ge\u00e7iyorsa, l\u00fctfen kayg\u0131lanmamaya \u00e7al\u0131\u015f\u0131n, zira onlar\u0131 desteklemek i\u00e7in yapabilece\u011finiz \u00e7ok \u015fey var. Ya\u015f\u0131 ka\u00e7 olursa olsun, stresle ba\u015fa \u00e7\u0131kmak i\u00e7in herkese uyan tek bir \u00e7\u00f6z\u00fcm yoktur, bu sebeple kitaptaki fikirlerden birka\u00e7\u0131n\u0131 deneyip size ve \u00e7ocu\u011funuza en \u00e7ok uyanlar\u0131 se\u00e7in. Basit ipu\u00e7lar\u0131n\u0131 benimseyerek, ya\u015fam tarz\u0131 de\u011fi\u015fiklikleri ve ruh h\u00e2lini iyile\u015ftiren aktivitelerle, \u00e7ocu\u011funuzun zorlu durumlar\u0131n \u00fcstesinden gelmesine ve daha mutlu, daha kayg\u0131s\u0131z bir ya\u015fam s\u00fcrmesine yard\u0131mc\u0131 olabilirsiniz. Unutmay\u0131n ki yard\u0131m etmeye haz\u0131r ve istekli olman\u0131z harika bir ba\u015flang\u0131\u00e7. Sakin \u00c7ocuk\u2019la birlikte, \u00e7ocu\u011funuza zorluklarla ba\u015fa \u00e7\u0131kmay\u0131 \u00f6\u011fretecek ve hayat\u0131n\u0131n ilerleyen d\u00f6nemlerinde de kullanaca\u011f\u0131 de\u011ferli beceriler kazand\u0131rm\u0131\u015f olacaks\u0131n\u0131z.<\/p>\n","protected":false},"excerpt":{"rendered":"<p>Stres zorlu durumlara kar\u015f\u0131 verdi\u011fimiz, hepimizin ya\u015fad\u0131\u011f\u0131 do\u011fal bir tepkidir. Ancak duygular\u0131n\u0131 y\u00f6netme ya da ifade etme becerileri yeni geli\u015fmekte olan \u00e7ocuklarda ve gen\u00e7lerde etkileri daha<span class=\"excerpt-hellip\"> [\u2026]<\/span><\/p>\n","protected":false},"featured_media":0,"template":"","meta":{"_monsterinsights_skip_tracking":false,"_monsterinsights_sitenote_active":false,"_monsterinsights_sitenote_note":"","_monsterinsights_sitenote_category":0},"product_brand":[],"product_cat":[12679,12357],"product_tag":[],"class_list":{"0":"post-771581","1":"product","2":"type-product","3":"status-publish","5":"product_cat-cocuk-psikolojisi","6":"product_cat-psikoloji","7":"pa_cilt-ciltsiz","8":"pa_tur-kitap","9":"pa_yayinevi-literatur-yayinevi","10":"pa_yazar-vicki-vrint","12":"first","13":"instock","14":"sale","15":"shipping-taxable","16":"purchasable","17":"product-type-simple"},"_links":{"self":[{"href":"https:\/\/roveyayinevi.com.tr\/index.php\/wp-json\/wp\/v2\/product\/771581","targetHints":{"allow":["GET"]}}],"collection":[{"href":"https:\/\/roveyayinevi.com.tr\/index.php\/wp-json\/wp\/v2\/product"}],"about":[{"href":"https:\/\/roveyayinevi.com.tr\/index.php\/wp-json\/wp\/v2\/types\/product"}],"wp:attachment":[{"href":"https:\/\/roveyayinevi.com.tr\/index.php\/wp-json\/wp\/v2\/media?parent=771581"}],"wp:term":[{"taxonomy":"product_brand","embeddable":true,"href":"https:\/\/roveyayinevi.com.tr\/index.php\/wp-json\/wp\/v2\/product_brand?post=771581"},{"taxonomy":"product_cat","embeddable":true,"href":"https:\/\/roveyayinevi.com.tr\/index.php\/wp-json\/wp\/v2\/product_cat?post=771581"},{"taxonomy":"product_tag","embeddable":true,"href":"https:\/\/roveyayinevi.com.tr\/index.php\/wp-json\/wp\/v2\/product_tag?post=771581"}],"curies":[{"name":"wp","href":"https:\/\/api.w.org\/{rel}","templated":true}]}}