{"id":771568,"date":"2025-08-28T15:09:59","date_gmt":"2025-08-28T12:09:59","guid":{"rendered":"https:\/\/roveyayinevi.com.tr\/index.php\/urun\/ibn-i-sina-tibbiyla-saglikli-yasam-seti\/"},"modified":"2026-04-15T03:37:49","modified_gmt":"2026-04-15T00:37:49","slug":"ibn-i-sina-tibbiyla-saglikli-yasam-seti","status":"publish","type":"product","link":"https:\/\/roveyayinevi.com.tr\/index.php\/urun\/ibn-i-sina-tibbiyla-saglikli-yasam-seti\/","title":{"rendered":"\u0130bn-i Sina T\u0131bb\u0131yla Sa\u011fl\u0131kl\u0131 Ya\u015fam Seti"},"content":{"rendered":"<p>\u0130nsan bedeniyle ilgili bin y\u0131l \u00f6nce yapt\u0131\u011f\u0131 ke\u015fiflerle modern t\u0131bb\u0131n babas\u0131 olarak kabul edilen \u0130bn-i Sina\u2019n\u0131n tavsiye ve \u00f6nerileri bir\u00e7ok sayg\u0131n hekim taraf\u0131ndan kabul g\u00f6rmektedir. Hastal\u0131klardan korunman\u0131n onlar\u0131 iyile\u015ftirmekten daha \u00f6nemli oldu\u011funu s\u00f6yleyen \u0130bn-i Sina, insan v\u00fccudunun kendini iyile\u015ftirme ve koruma yetene\u011fine odaklanm\u0131\u015ft\u0131r.<\/p>\n","protected":false},"excerpt":{"rendered":"<p>\u0130nsan bedeniyle ilgili bin y\u0131l \u00f6nce yapt\u0131\u011f\u0131 ke\u015fiflerle modern t\u0131bb\u0131n babas\u0131 olarak kabul edilen \u0130bn-i Sina\u2019n\u0131n tavsiye ve \u00f6nerileri bir\u00e7ok sayg\u0131n hekim taraf\u0131ndan kabul g\u00f6rmektedir. Hastal\u0131klardan<span class=\"excerpt-hellip\"> [\u2026]<\/span><\/p>\n","protected":false},"featured_media":0,"template":"","meta":{"_monsterinsights_skip_tracking":false,"_monsterinsights_sitenote_active":false,"_monsterinsights_sitenote_note":"","_monsterinsights_sitenote_category":0},"product_brand":[],"product_cat":[13365],"product_tag":[],"class_list":{"0":"post-771568","1":"product","2":"type-product","3":"status-publish","5":"product_cat-saglik","6":"pa_cilt-ciltsiz","7":"pa_tur-kitap","8":"pa_yayinevi-yediveren-yayinlari","9":"pa_yazar-delmira-weinstein","11":"first","12":"instock","13":"sale","14":"shipping-taxable","15":"purchasable","16":"product-type-simple"},"_links":{"self":[{"href":"https:\/\/roveyayinevi.com.tr\/index.php\/wp-json\/wp\/v2\/product\/771568","targetHints":{"allow":["GET"]}}],"collection":[{"href":"https:\/\/roveyayinevi.com.tr\/index.php\/wp-json\/wp\/v2\/product"}],"about":[{"href":"https:\/\/roveyayinevi.com.tr\/index.php\/wp-json\/wp\/v2\/types\/product"}],"wp:attachment":[{"href":"https:\/\/roveyayinevi.com.tr\/index.php\/wp-json\/wp\/v2\/media?parent=771568"}],"wp:term":[{"taxonomy":"product_brand","embeddable":true,"href":"https:\/\/roveyayinevi.com.tr\/index.php\/wp-json\/wp\/v2\/product_brand?post=771568"},{"taxonomy":"product_cat","embeddable":true,"href":"https:\/\/roveyayinevi.com.tr\/index.php\/wp-json\/wp\/v2\/product_cat?post=771568"},{"taxonomy":"product_tag","embeddable":true,"href":"https:\/\/roveyayinevi.com.tr\/index.php\/wp-json\/wp\/v2\/product_tag?post=771568"}],"curies":[{"name":"wp","href":"https:\/\/api.w.org\/{rel}","templated":true}]}}