{"id":771565,"date":"2025-08-28T15:09:52","date_gmt":"2025-08-28T12:09:52","guid":{"rendered":"https:\/\/roveyayinevi.com.tr\/index.php\/urun\/ibn-i-sina-bilgeliginde-saglikli-beslenme\/"},"modified":"2026-04-15T03:37:49","modified_gmt":"2026-04-15T00:37:49","slug":"ibn-i-sina-bilgeliginde-saglikli-beslenme","status":"publish","type":"product","link":"https:\/\/roveyayinevi.com.tr\/index.php\/urun\/ibn-i-sina-bilgeliginde-saglikli-beslenme\/","title":{"rendered":"\u0130bn-i Sina Bilgeli\u011finde Sa\u011fl\u0131kl\u0131 Beslenme"},"content":{"rendered":"<p>\u0130nsan bedeniyle ilgili bin y\u0131l \u00f6nce yapt\u0131\u011f\u0131 ke\u015fiflerle modern t\u0131bb\u0131n babas\u0131 olarak kabul edilen \u0130bn-i Sina\u2019n\u0131n tavsiye ve \u00f6nerileri bir\u00e7ok sayg\u0131n hekim taraf\u0131ndan kabul g\u00f6rmektedir. Hastal\u0131klardan korunman\u0131n onlar\u0131 iyile\u015ftirmekten daha \u00f6nemli oldu\u011funu s\u00f6yleyen \u0130bn-i Sina, insan v\u00fccudunun kendini iyile\u015ftirme ve koruma yetene\u011fine odaklanm\u0131\u015ft\u0131r. Beden ve ruh sa\u011fl\u0131\u011f\u0131m\u0131z yedi\u011fimiz ve i\u00e7ti\u011fimiz g\u0131dalarla do\u011frudan ili\u015fkili. Besin de\u011ferleri a\u00e7\u0131s\u0131ndan fakir ama koruyucu, renklendirici ve yapay tatland\u0131r\u0131c\u0131 maddeler y\u00f6n\u00fcnden zengin g\u0131dalar kronik bir\u00e7ok rahats\u0131zl\u0131\u011fa sebep oluyor. T\u00fcm bunlara yanl\u0131\u015f beslenme al\u0131\u015fkanl\u0131klar\u0131 da eklenince g\u00fcn\u00fcm\u00fcz insan\u0131n\u0131n \u00f6mr\u00fc hastal\u0131klar\u0131n pen\u00e7esinde harcan\u0131yor. \u0130bn-i Sina\u2019n\u0131n El-Kanun Fi\u2019t-T\u0131b isimli eserinden faydalan\u0131larak haz\u0131rlanan bu kitapla kan grubunuza ve mizac\u0131n\u0131za g\u00f6re nas\u0131l beslenmeniz gerekti\u011fini \u00f6\u011frenirken yepyeni bir beslenme al\u0131\u015fkanl\u0131\u011f\u0131 edineceksiniz. G\u00fcn\u00fcm\u00fcz bilimsel ger\u00e7ekleriyle harmanlanan pratik \u00f6neri ve tavsiyelerden ruh, beden ve zihin ekseninde \u00fc\u00e7 boyutlu faydalanabileceksiniz. \u201cFaziletler al\u0131\u015fkanl\u0131k haline gelince saadet do\u011far.\u201d \u0130bn-i Sina<\/p>\n","protected":false},"excerpt":{"rendered":"<p>\u0130nsan bedeniyle ilgili bin y\u0131l \u00f6nce yapt\u0131\u011f\u0131 ke\u015fiflerle modern t\u0131bb\u0131n babas\u0131 olarak kabul edilen \u0130bn-i Sina\u2019n\u0131n tavsiye ve \u00f6nerileri bir\u00e7ok sayg\u0131n hekim taraf\u0131ndan kabul g\u00f6rmektedir. Hastal\u0131klardan<span class=\"excerpt-hellip\"> [\u2026]<\/span><\/p>\n","protected":false},"featured_media":0,"template":"","meta":{"_monsterinsights_skip_tracking":false,"_monsterinsights_sitenote_active":false,"_monsterinsights_sitenote_note":"","_monsterinsights_sitenote_category":0},"product_brand":[],"product_cat":[20313,13365],"product_tag":[],"class_list":{"0":"post-771565","1":"product","2":"type-product","3":"status-publish","5":"product_cat-basvuru-kitaplari-saglik","6":"product_cat-saglik","7":"pa_cilt-ciltsiz","8":"pa_tur-kitap","9":"pa_yayinevi-yediveren-yayinlari","10":"pa_yazar-delmira-weinstein","12":"first","13":"instock","14":"sale","15":"shipping-taxable","16":"purchasable","17":"product-type-simple"},"_links":{"self":[{"href":"https:\/\/roveyayinevi.com.tr\/index.php\/wp-json\/wp\/v2\/product\/771565","targetHints":{"allow":["GET"]}}],"collection":[{"href":"https:\/\/roveyayinevi.com.tr\/index.php\/wp-json\/wp\/v2\/product"}],"about":[{"href":"https:\/\/roveyayinevi.com.tr\/index.php\/wp-json\/wp\/v2\/types\/product"}],"wp:attachment":[{"href":"https:\/\/roveyayinevi.com.tr\/index.php\/wp-json\/wp\/v2\/media?parent=771565"}],"wp:term":[{"taxonomy":"product_brand","embeddable":true,"href":"https:\/\/roveyayinevi.com.tr\/index.php\/wp-json\/wp\/v2\/product_brand?post=771565"},{"taxonomy":"product_cat","embeddable":true,"href":"https:\/\/roveyayinevi.com.tr\/index.php\/wp-json\/wp\/v2\/product_cat?post=771565"},{"taxonomy":"product_tag","embeddable":true,"href":"https:\/\/roveyayinevi.com.tr\/index.php\/wp-json\/wp\/v2\/product_tag?post=771565"}],"curies":[{"name":"wp","href":"https:\/\/api.w.org\/{rel}","templated":true}]}}