{"id":771564,"date":"2025-08-28T15:09:49","date_gmt":"2025-08-28T12:09:49","guid":{"rendered":"https:\/\/roveyayinevi.com.tr\/index.php\/urun\/iyi-ki-kadinim\/"},"modified":"2026-04-15T03:37:49","modified_gmt":"2026-04-15T00:37:49","slug":"iyi-ki-kadinim","status":"publish","type":"product","link":"https:\/\/roveyayinevi.com.tr\/index.php\/urun\/iyi-ki-kadinim\/","title":{"rendered":"\u0130yi ki Kad\u0131n\u0131m"},"content":{"rendered":"<p>\u201cSevgili A\u00e7elya bu kitab\u0131yla i\u00e7eriden bir sesle bizi kad\u0131n\u0131n fabrika ayarlar\u0131 ile tan\u0131\u015ft\u0131r\u0131yor. T\u00fcm insanlar i\u00e7in g\u00fczel mesajlar\u0131n\u0131 c\u00f6mert\u00e7e serpi\u015ftirdi\u011fi bu g\u00fczel metin; kad\u0131n, erkek t\u00fcm okurlara kendini daha do\u011fru tan\u0131ma i\u00e7in yeni yollar \u00f6neriyor.\u201d Cennet\u2019te yasak elmay\u0131 yiyen ilk ki\u015finin Havva oldu\u011fu ve Adem\u2019i de Havva\u2019n\u0131n elmay\u0131 yemesi i\u00e7in ikna etti\u011fi s\u00f6ylenir durur. Cennetten kovulma sebebinin bile kad\u0131na ba\u011fland\u0131\u011f\u0131 bu cinsiyet\u00e7i yakla\u015f\u0131m ilk insandan g\u00fcn\u00fcm\u00fcze maalesef ki devam etmektedir. Ba\u015far\u0131l\u0131 oyuncu ve sunucu A\u00e7elya Akkoyun, \u0130yi Ki Kad\u0131n\u0131m isimli kitab\u0131yla insanlar\u0131 bir y\u00fczle\u015fmeye davet ediyor. Kad\u0131nlar\u0131 yeren, kad\u0131nlar\u0131n potansiyellerini k\u00fc\u00e7\u00fcmseyen herkesin nas\u0131l b\u00fcy\u00fck bir yan\u0131lg\u0131n\u0131n i\u00e7erisinde oldu\u011funu g\u00f6zler \u00f6n\u00fcne seriyor ve y\u00fcksek sesle sesleniyor: \u0130yi ki kad\u0131n\u0131m!<\/p>\n","protected":false},"excerpt":{"rendered":"<p>\u201cSevgili A\u00e7elya bu kitab\u0131yla i\u00e7eriden bir sesle bizi kad\u0131n\u0131n fabrika ayarlar\u0131 ile tan\u0131\u015ft\u0131r\u0131yor. T\u00fcm insanlar i\u00e7in g\u00fczel mesajlar\u0131n\u0131 c\u00f6mert\u00e7e serpi\u015ftirdi\u011fi bu g\u00fczel metin; kad\u0131n, erkek t\u00fcm<span class=\"excerpt-hellip\"> [\u2026]<\/span><\/p>\n","protected":false},"featured_media":0,"template":"","meta":{"_monsterinsights_skip_tracking":false,"_monsterinsights_sitenote_active":false,"_monsterinsights_sitenote_note":"","_monsterinsights_sitenote_category":0},"product_brand":[],"product_cat":[12777,12291],"product_tag":[],"class_list":{"0":"post-771564","1":"product","2":"type-product","3":"status-publish","5":"product_cat-deneme","6":"product_cat-edebiyat","7":"pa_cilt-ciltsiz","8":"pa_tur-kitap","9":"pa_yayinevi-yediveren-yayinlari","10":"pa_yazar-acelya-akkoyun","12":"first","13":"instock","14":"sale","15":"shipping-taxable","16":"purchasable","17":"product-type-simple"},"_links":{"self":[{"href":"https:\/\/roveyayinevi.com.tr\/index.php\/wp-json\/wp\/v2\/product\/771564","targetHints":{"allow":["GET"]}}],"collection":[{"href":"https:\/\/roveyayinevi.com.tr\/index.php\/wp-json\/wp\/v2\/product"}],"about":[{"href":"https:\/\/roveyayinevi.com.tr\/index.php\/wp-json\/wp\/v2\/types\/product"}],"wp:attachment":[{"href":"https:\/\/roveyayinevi.com.tr\/index.php\/wp-json\/wp\/v2\/media?parent=771564"}],"wp:term":[{"taxonomy":"product_brand","embeddable":true,"href":"https:\/\/roveyayinevi.com.tr\/index.php\/wp-json\/wp\/v2\/product_brand?post=771564"},{"taxonomy":"product_cat","embeddable":true,"href":"https:\/\/roveyayinevi.com.tr\/index.php\/wp-json\/wp\/v2\/product_cat?post=771564"},{"taxonomy":"product_tag","embeddable":true,"href":"https:\/\/roveyayinevi.com.tr\/index.php\/wp-json\/wp\/v2\/product_tag?post=771564"}],"curies":[{"name":"wp","href":"https:\/\/api.w.org\/{rel}","templated":true}]}}