{"id":771555,"date":"2025-08-28T15:09:34","date_gmt":"2025-08-28T12:09:34","guid":{"rendered":"https:\/\/roveyayinevi.com.tr\/index.php\/urun\/alo-cesaret-araniyor\/"},"modified":"2026-04-15T03:37:49","modified_gmt":"2026-04-15T00:37:49","slug":"alo-cesaret-araniyor","status":"publish","type":"product","link":"https:\/\/roveyayinevi.com.tr\/index.php\/urun\/alo-cesaret-araniyor\/","title":{"rendered":"Alo Cesaret Aran\u0131yor"},"content":{"rendered":"<p>Perdeleri \u00f6rt\u00fcl\u00fc evler\u2026 Bombo\u015f ve sessiz sokaklar\u2026 Birbirini g\u00f6r\u00fcnce ka\u00e7\u0131p saklanan insanlar\u2026 Bunlar, Deniz\u2019in yeni ta\u015f\u0131nd\u0131\u011f\u0131 kasabada g\u00f6rd\u00fc\u011f\u00fc \u015feyler. Peki, burada TAM OLARAK neler oluyor? Kahraman\u0131m\u0131z da bu gizemin pe\u015finde! Yeni arkada\u015flar\u0131yla birlikte hem dayan\u0131\u015fman\u0131n g\u00fcc\u00fcn\u00fc \u00f6\u011frenecek hem de zorluklarla ba\u015fa \u00e7\u0131kmay\u0131 deneyecek. Her ad\u0131mda cesareti ve \u00f6z g\u00fcveni biraz daha b\u00fcy\u00fcyecek.Deniz, hayat\u0131nda ilk kez cesaretin izini s\u00fcr\u00fcyor. Eski dostluklar\u0131 ve ya\u015fad\u0131\u011f\u0131 kasabay\u0131 geride b\u0131rak\u0131rken, korkular\u0131yla y\u00fczle\u015fmesi gerek! Ve onun biraz\u2026 cesarete ihtiyac\u0131 var.Sen de bu heyecan dolu maceraya kat\u0131lmak ve kasaban\u0131n s\u0131rr\u0131n\u0131 \u00e7\u00f6zmek ister misin?<\/p>\n","protected":false},"excerpt":{"rendered":"<p>Perdeleri \u00f6rt\u00fcl\u00fc evler\u2026 Bombo\u015f ve sessiz sokaklar\u2026 Birbirini g\u00f6r\u00fcnce ka\u00e7\u0131p saklanan insanlar\u2026 Bunlar, Deniz\u2019in yeni ta\u015f\u0131nd\u0131\u011f\u0131 kasabada g\u00f6rd\u00fc\u011f\u00fc \u015feyler. Peki, burada TAM OLARAK neler oluyor? Kahraman\u0131m\u0131z<span class=\"excerpt-hellip\"> [\u2026]<\/span><\/p>\n","protected":false},"featured_media":0,"template":"","meta":{"_monsterinsights_skip_tracking":false,"_monsterinsights_sitenote_active":false,"_monsterinsights_sitenote_note":"","_monsterinsights_sitenote_category":0},"product_brand":[],"product_cat":[12274,12284],"product_tag":[],"class_list":{"0":"post-771555","1":"product","2":"type-product","3":"status-publish","5":"product_cat-cocuk-ve-genclik-kitaplari","6":"product_cat-hikayeler","7":"pa_cilt-ciltsiz","8":"pa_tur-kitap","9":"pa_yayinevi-timas-cocuk","10":"pa_yazar-irem-oturaklioglu-kaya","12":"first","13":"instock","14":"sale","15":"shipping-taxable","16":"purchasable","17":"product-type-simple"},"_links":{"self":[{"href":"https:\/\/roveyayinevi.com.tr\/index.php\/wp-json\/wp\/v2\/product\/771555","targetHints":{"allow":["GET"]}}],"collection":[{"href":"https:\/\/roveyayinevi.com.tr\/index.php\/wp-json\/wp\/v2\/product"}],"about":[{"href":"https:\/\/roveyayinevi.com.tr\/index.php\/wp-json\/wp\/v2\/types\/product"}],"wp:attachment":[{"href":"https:\/\/roveyayinevi.com.tr\/index.php\/wp-json\/wp\/v2\/media?parent=771555"}],"wp:term":[{"taxonomy":"product_brand","embeddable":true,"href":"https:\/\/roveyayinevi.com.tr\/index.php\/wp-json\/wp\/v2\/product_brand?post=771555"},{"taxonomy":"product_cat","embeddable":true,"href":"https:\/\/roveyayinevi.com.tr\/index.php\/wp-json\/wp\/v2\/product_cat?post=771555"},{"taxonomy":"product_tag","embeddable":true,"href":"https:\/\/roveyayinevi.com.tr\/index.php\/wp-json\/wp\/v2\/product_tag?post=771555"}],"curies":[{"name":"wp","href":"https:\/\/api.w.org\/{rel}","templated":true}]}}