{"id":771538,"date":"2025-08-28T15:08:50","date_gmt":"2025-08-28T12:08:50","guid":{"rendered":"https:\/\/roveyayinevi.com.tr\/index.php\/urun\/25-muhtesem-matematikci\/"},"modified":"2026-04-15T03:37:49","modified_gmt":"2026-04-15T00:37:49","slug":"25-muhtesem-matematikci","status":"publish","type":"product","link":"https:\/\/roveyayinevi.com.tr\/index.php\/urun\/25-muhtesem-matematikci\/","title":{"rendered":"25 Muhte\u015fem Matematik\u00e7i"},"content":{"rendered":"<p>Bu kitapta, sadece say\u0131larla de\u011fil, sab\u0131rla, merakla ve hayalle d\u00fcnyay\u0131 de\u011fi\u015ftiren insanlar\u0131n izini s\u00fcreceksin. Ar\u015fimet\u2019ten Biruni\u2019ye, Hipatya\u2019dan Aristo\u2019ya, \u00d6klid\u2019den Harezmi\u2019ye, Newton\u2019dan Ulu\u011f Bey\u2019e kadar bilim d\u00fcnyas\u0131na y\u00f6n veren 25 matematik\u00e7iyle tan\u0131\u015facaks\u0131n. Antik \u00e7a\u011flardan g\u00fcn\u00fcm\u00fcze kadar uzanan bu yolculukta, matemati\u011fin s\u0131k\u0131c\u0131 form\u00fcllerden ibaret olmad\u0131\u011f\u0131n\u0131 g\u00f6recek, insanlar\u0131n verdi\u011fi ger\u00e7ek m\u00fccadelelere tan\u0131k olacaks\u0131n. \u0130lham veren hayatlar, heyecan verici ke\u015fifler ve \u201cBen de yapabilirim!\u201d dedirtecek hik\u00e2yeler seni bekliyor.<\/p>\n","protected":false},"excerpt":{"rendered":"<p>Bu kitapta, sadece say\u0131larla de\u011fil, sab\u0131rla, merakla ve hayalle d\u00fcnyay\u0131 de\u011fi\u015ftiren insanlar\u0131n izini s\u00fcreceksin. Ar\u015fimet\u2019ten Biruni\u2019ye, Hipatya\u2019dan Aristo\u2019ya, \u00d6klid\u2019den Harezmi\u2019ye, Newton\u2019dan Ulu\u011f Bey\u2019e kadar bilim d\u00fcnyas\u0131na<span class=\"excerpt-hellip\"> [\u2026]<\/span><\/p>\n","protected":false},"featured_media":0,"template":"","meta":{"_monsterinsights_skip_tracking":false,"_monsterinsights_sitenote_active":false,"_monsterinsights_sitenote_note":"","_monsterinsights_sitenote_category":0},"product_brand":[],"product_cat":[12274,15842],"product_tag":[],"class_list":{"0":"post-771538","1":"product","2":"type-product","3":"status-publish","5":"product_cat-cocuk-ve-genclik-kitaplari","6":"product_cat-egitici-kitaplar","7":"pa_cilt-ciltsiz","8":"pa_tur-kitap","9":"pa_yayinevi-eglenceli-bilgi-yayinlari","10":"pa_yazar-serhan-buyukkececi","12":"first","13":"instock","14":"sale","15":"shipping-taxable","16":"purchasable","17":"product-type-simple"},"_links":{"self":[{"href":"https:\/\/roveyayinevi.com.tr\/index.php\/wp-json\/wp\/v2\/product\/771538","targetHints":{"allow":["GET"]}}],"collection":[{"href":"https:\/\/roveyayinevi.com.tr\/index.php\/wp-json\/wp\/v2\/product"}],"about":[{"href":"https:\/\/roveyayinevi.com.tr\/index.php\/wp-json\/wp\/v2\/types\/product"}],"wp:attachment":[{"href":"https:\/\/roveyayinevi.com.tr\/index.php\/wp-json\/wp\/v2\/media?parent=771538"}],"wp:term":[{"taxonomy":"product_brand","embeddable":true,"href":"https:\/\/roveyayinevi.com.tr\/index.php\/wp-json\/wp\/v2\/product_brand?post=771538"},{"taxonomy":"product_cat","embeddable":true,"href":"https:\/\/roveyayinevi.com.tr\/index.php\/wp-json\/wp\/v2\/product_cat?post=771538"},{"taxonomy":"product_tag","embeddable":true,"href":"https:\/\/roveyayinevi.com.tr\/index.php\/wp-json\/wp\/v2\/product_tag?post=771538"}],"curies":[{"name":"wp","href":"https:\/\/api.w.org\/{rel}","templated":true}]}}