{"id":771507,"date":"2025-08-28T15:07:40","date_gmt":"2025-08-28T12:07:40","guid":{"rendered":"https:\/\/roveyayinevi.com.tr\/index.php\/urun\/bir-sehzadenin-hatirati\/"},"modified":"2025-11-21T11:44:45","modified_gmt":"2025-11-21T08:44:45","slug":"bir-sehzadenin-hatirati","status":"publish","type":"product","link":"https:\/\/roveyayinevi.com.tr\/index.php\/urun\/bir-sehzadenin-hatirati\/","title":{"rendered":"Bir \u015eehzadenin Hat\u0131rat\u0131"},"content":{"rendered":"<p>Sultan V. Murad&#8217;\u0131n \u00fc\u00e7\u00fcnc\u00fc ku\u015fak torunu olan \u015eehzade Ali V\u00e2s\u0131b Efendi 1903 y\u0131l\u0131nda Osmanl\u0131\u2019n\u0131n tam kalbinde, \u0130stanbul\u2019da, Bo\u011faz k\u0131y\u0131s\u0131ndaki \u00c7\u0131ra\u011fan Saray\u0131&#8217;nda do\u011fdu. \u00dclkesinde ge\u00e7irdi\u011fi y\u0131llar boyunca son \u00fc\u00e7 padi\u015fah\u0131n huzurunda bulundu. Birinci D\u00fcnya Sava\u015f\u0131&#8217;na, Milli M\u00fccadele\u2019ye, 1 Kas\u0131m 1922&#8217;de saltanat\u0131n, 3 Mart 1924&#8217;te de hilafetin kald\u0131r\u0131lmas\u0131na tan\u0131kl\u0131k etti ve hilafetin ilgas\u0131n\u0131n ard\u0131ndan derhal s\u0131n\u0131r d\u0131\u015f\u0131na \u00e7\u0131kmak zorunda kalan \u0130mparatorluk ailesinin di\u011fer \u00fcyeleriyle birlikte s\u00fcrg\u00fcne g\u00f6nderildi.Bu mecburi yolculuk onu \u00f6nce Macaristan&#8217;a, ard\u0131ndan g\u00fcney Fransa&#8217;ya ve sonunda M\u0131s\u0131r&#8217;a g\u00f6t\u00fcrd\u00fc. M\u0131s\u0131r y\u0131llar\u0131nda \u0130kinci D\u00fcnya Sava\u015f\u0131\u2019na ve monar\u015finin burada da devrilmesine \u015fahit oldu. S\u00fcrg\u00fcnde ge\u00e7irdi\u011fi yar\u0131m as\u0131rdan sonra, nihayet 1974 y\u0131l\u0131nda \u00fclkesine d\u00f6nmesine izin verildi. 1983\u2019te vefat etti\u011finde, Osmanl\u0131\u2019n\u0131n son y\u0131llar\u0131n\u0131 memlekette yeti\u015fkin olarak ge\u00e7irmi\u015f hi\u00e7bir \u015fehzade hayatta de\u011fildi.Ali V\u00e2s\u0131b Efendi, an\u0131lar\u0131n\u0131 yazan ilk Osmanl\u0131 \u015fehzadesidir. \u0130yi e\u011fitim g\u00f6rm\u00fc\u015f, ya\u015fam zevkine sahip ve toplumun nabz\u0131n\u0131 tutabilen bir yirminci y\u00fczy\u0131l insan\u0131 olarak kaleme ald\u0131\u011f\u0131 an\u0131lar\u0131 d\u00f6nemin insanlar\u0131 ve siyaseti hakk\u0131nda e\u015fsiz bir fikir veriyor.<\/p>\n","protected":false},"excerpt":{"rendered":"<p>Sultan V. Murad&#8217;\u0131n \u00fc\u00e7\u00fcnc\u00fc ku\u015fak torunu olan \u015eehzade Ali V\u00e2s\u0131b Efendi 1903 y\u0131l\u0131nda Osmanl\u0131\u2019n\u0131n tam kalbinde, \u0130stanbul\u2019da, Bo\u011faz k\u0131y\u0131s\u0131ndaki \u00c7\u0131ra\u011fan Saray\u0131&#8217;nda do\u011fdu. \u00dclkesinde ge\u00e7irdi\u011fi y\u0131llar boyunca<span class=\"excerpt-hellip\"> [\u2026]<\/span><\/p>\n","protected":false},"featured_media":0,"template":"","meta":{"_monsterinsights_skip_tracking":false,"_monsterinsights_sitenote_active":false,"_monsterinsights_sitenote_note":"","_monsterinsights_sitenote_category":0},"product_brand":[],"product_cat":[14009,12291],"product_tag":[],"class_list":{"0":"post-771507","1":"product","2":"type-product","3":"status-publish","5":"product_cat-biyografi-otobiyografi-edebiyat","6":"product_cat-edebiyat","7":"pa_cilt-ciltsiz","8":"pa_tur-kitap","9":"pa_yayinevi-timas-yayinlari","10":"pa_yazar-ali-vasib-efendi","12":"first","13":"instock","14":"sale","15":"shipping-taxable","16":"purchasable","17":"product-type-simple"},"_links":{"self":[{"href":"https:\/\/roveyayinevi.com.tr\/index.php\/wp-json\/wp\/v2\/product\/771507","targetHints":{"allow":["GET"]}}],"collection":[{"href":"https:\/\/roveyayinevi.com.tr\/index.php\/wp-json\/wp\/v2\/product"}],"about":[{"href":"https:\/\/roveyayinevi.com.tr\/index.php\/wp-json\/wp\/v2\/types\/product"}],"wp:attachment":[{"href":"https:\/\/roveyayinevi.com.tr\/index.php\/wp-json\/wp\/v2\/media?parent=771507"}],"wp:term":[{"taxonomy":"product_brand","embeddable":true,"href":"https:\/\/roveyayinevi.com.tr\/index.php\/wp-json\/wp\/v2\/product_brand?post=771507"},{"taxonomy":"product_cat","embeddable":true,"href":"https:\/\/roveyayinevi.com.tr\/index.php\/wp-json\/wp\/v2\/product_cat?post=771507"},{"taxonomy":"product_tag","embeddable":true,"href":"https:\/\/roveyayinevi.com.tr\/index.php\/wp-json\/wp\/v2\/product_tag?post=771507"}],"curies":[{"name":"wp","href":"https:\/\/api.w.org\/{rel}","templated":true}]}}