{"id":771499,"date":"2025-08-28T15:07:24","date_gmt":"2025-08-28T12:07:24","guid":{"rendered":"https:\/\/roveyayinevi.com.tr\/index.php\/urun\/umudunu-kaybetme\/"},"modified":"2026-04-15T03:37:48","modified_gmt":"2026-04-15T00:37:48","slug":"umudunu-kaybetme","status":"publish","type":"product","link":"https:\/\/roveyayinevi.com.tr\/index.php\/urun\/umudunu-kaybetme\/","title":{"rendered":"Umudunu Kaybetme"},"content":{"rendered":"<p>Pers h\u00fck\u00fcmdar\u0131 iki mahkumu \u00f6l\u00fcmle cezaland\u0131r\u0131r. Mahkumlardan biri h\u00fck\u00fcmdara e\u011fer c\u0131n\u0131n\u0131 ba\u011f\u0131\u015flarsa \u00e7ok sevdi\u011fi at\u0131na 1 y\u0131lda u\u00e7may\u0131 \u00f6\u011fretece\u011fini s\u00f6yler. Bu vaat kar\u015f\u0131s\u0131nda \u015fa\u015f\u0131ran h\u00fck\u00fcmdar mahkumun can\u0131n\u0131 1 y\u0131l i\u00e7in ba\u011f\u0131\u015flar. \u00d6l\u00fcme gitmekte olan mahkum di\u011ferine \u00fcmitsizce atlar\u0131n u\u00e7amayaca\u011f\u0131n\u0131 ve yaln\u0131zca ka\u00e7\u0131n\u0131lmaz sonu geciktirdi\u011fini s\u00f6yler. Ard\u0131ndan \u015f\u00f6yle bir cevap al\u0131r:- Do\u011fru. Ancak kendime 1 y\u0131l i\u00e7inde s\u0131ras\u0131yla ger\u00e7ekle\u015fme ihtimal\u0131 olan 4 \u00f6zg\u00fcrl\u00fck \u015fans\u0131 veriyorum. Birincisi h\u00fck\u00fcmdar \u00f6lebilir. \u0130kincisi at \u00f6lebilir. \u00dc\u00e7\u00fcnc\u00fcs\u00fc ben \u00f6lebilirim. D\u00f6rd\u00fcnc\u00fcs\u00fc belki at u\u00e7may\u0131 \u00f6\u011frenebilir.Umut, insan hayat\u0131nda bazen her \u015feydir. Bazen de \u00e7ok az \u015fey. Ancak \u015fu bir ger\u00e7ek ki &#8220;Umut&#8221; bir kap\u0131d\u0131r. Ya\u015famak istedi\u011finiz hayata a\u00e7\u0131lan bir kap\u0131d\u0131r. Onu hi\u00e7bir zaman kaybetmek istemezsiniz. Elinizdeki kitapta; bu kap\u0131y\u0131 aralad\u0131\u011f\u0131n\u0131zda ba\u015far\u0131y\u0131, sa\u011fl\u0131\u011f\u0131, mutlutu\u011fu, m\u00fckemmel ileti\u015fimi ve hayata dair bir\u00e7ok g\u00fczelli\u011fi g\u00f6rme imkan\u0131 bulacaks\u0131n\u0131z<\/p>\n","protected":false},"excerpt":{"rendered":"<p>Pers h\u00fck\u00fcmdar\u0131 iki mahkumu \u00f6l\u00fcmle cezaland\u0131r\u0131r. Mahkumlardan biri h\u00fck\u00fcmdara e\u011fer c\u0131n\u0131n\u0131 ba\u011f\u0131\u015flarsa \u00e7ok sevdi\u011fi at\u0131na 1 y\u0131lda u\u00e7may\u0131 \u00f6\u011fretece\u011fini s\u00f6yler. Bu vaat kar\u015f\u0131s\u0131nda \u015fa\u015f\u0131ran h\u00fck\u00fcmdar mahkumun<span class=\"excerpt-hellip\"> [\u2026]<\/span><\/p>\n","protected":false},"featured_media":0,"template":"","meta":{"_monsterinsights_skip_tracking":false,"_monsterinsights_sitenote_active":false,"_monsterinsights_sitenote_note":"","_monsterinsights_sitenote_category":0},"product_brand":[],"product_cat":[12364,12376],"product_tag":[],"class_list":{"0":"post-771499","1":"product","2":"type-product","3":"status-publish","5":"product_cat-genel-konular","6":"product_cat-kisisel-gelisim","7":"pa_cilt-ciltsiz","8":"pa_tur-kitap","9":"pa_yayinevi-yediveren-yayinlari","10":"pa_yazar-murat-tunali","12":"first","13":"instock","14":"sale","15":"shipping-taxable","16":"purchasable","17":"product-type-simple"},"_links":{"self":[{"href":"https:\/\/roveyayinevi.com.tr\/index.php\/wp-json\/wp\/v2\/product\/771499","targetHints":{"allow":["GET"]}}],"collection":[{"href":"https:\/\/roveyayinevi.com.tr\/index.php\/wp-json\/wp\/v2\/product"}],"about":[{"href":"https:\/\/roveyayinevi.com.tr\/index.php\/wp-json\/wp\/v2\/types\/product"}],"wp:attachment":[{"href":"https:\/\/roveyayinevi.com.tr\/index.php\/wp-json\/wp\/v2\/media?parent=771499"}],"wp:term":[{"taxonomy":"product_brand","embeddable":true,"href":"https:\/\/roveyayinevi.com.tr\/index.php\/wp-json\/wp\/v2\/product_brand?post=771499"},{"taxonomy":"product_cat","embeddable":true,"href":"https:\/\/roveyayinevi.com.tr\/index.php\/wp-json\/wp\/v2\/product_cat?post=771499"},{"taxonomy":"product_tag","embeddable":true,"href":"https:\/\/roveyayinevi.com.tr\/index.php\/wp-json\/wp\/v2\/product_tag?post=771499"}],"curies":[{"name":"wp","href":"https:\/\/api.w.org\/{rel}","templated":true}]}}