{"id":771494,"date":"2025-08-28T15:07:12","date_gmt":"2025-08-28T12:07:12","guid":{"rendered":"https:\/\/roveyayinevi.com.tr\/index.php\/urun\/cihan-fatihi-sultan-ii-mehmed\/"},"modified":"2026-04-15T03:37:47","modified_gmt":"2026-04-15T00:37:47","slug":"cihan-fatihi-sultan-ii-mehmed","status":"publish","type":"product","link":"https:\/\/roveyayinevi.com.tr\/index.php\/urun\/cihan-fatihi-sultan-ii-mehmed\/","title":{"rendered":"Cihan Fatihi Sultan II. Mehmed"},"content":{"rendered":"<p>Sultan II. Mehmed, Cuma namaz\u0131n\u0131n bitmesinin ard\u0131ndan, bembeyaz k\u0131yafetiyle at\u0131na bindi. At\u0131n\u0131n \u00fczerinde, belindeki k\u0131l\u0131c\u0131 \u00e7ekip askerlerine seslendi. \u201cYi\u011fitlerim, bug\u00fcn Allah yolunda \u00f6lme g\u00fcn\u00fcd\u00fcr. \u015ean\u0131 y\u00fcce Mevl\u00e2\u2019n\u0131n inayetiyle bu surlar \u00f6n\u00fcm\u00fczde un ufak olacakt\u0131r. Peygamberimiz Muhammed Mustafa (s.a.v)\u2019in m\u00fcjdeledi\u011fi ordu sizsiniz. Art\u0131k s\u00f6z s\u00f6yleme vakti de\u011fildir. Allah yolunda cihat etme vaktidir. \u015eu duydu\u011funuz \u00e7an seslerinin yerine, Ezan-\u0131 Muhammediyye\u2019nin Konstantiniyye semalar\u0131nda y\u00fckselme an\u0131, bu and\u0131r. E\u011fer kan\u0131mla y\u00fckselecekse Hz. Muhammed\u2019in (s.a.v) dini, durmas\u0131n k\u0131l\u0131\u00e7lar do\u011fras\u0131n beni. Korkaklar gibi ka\u00e7maya zorlarsa nefsim, topra\u011fa kars\u0131n aciz can\u0131m\u0131 Konstantiniyye\u2019nin lanetli eli. Ey Ayasofya! Bak bu yi\u011fitler sende secde etmeye geldi. Al kanlar\u0131yla, ba\u011fr\u0131ndaki \u015feytan\u0131 def etmeye geldi. Ey Sezar! Ey A\u015fil! Ey \u0130skender! Bak\u0131n da imrenin Allah\u2019\u0131n askerlerine. S\u00f6yleyin, sizden geri kal\u0131r yanlar\u0131 var m\u0131? Ey aslanlar\u0131m! Yi\u011fitlerim! \u015eeytan\u0131 utand\u0131r\u0131n, Efendimizi(s.a.v) onurland\u0131r\u0131n. Allah Azze ve Celle\u2026 H\u00fccum!\u201d<\/p>\n","protected":false},"excerpt":{"rendered":"<p>Sultan II. Mehmed, Cuma namaz\u0131n\u0131n bitmesinin ard\u0131ndan, bembeyaz k\u0131yafetiyle at\u0131na bindi. At\u0131n\u0131n \u00fczerinde, belindeki k\u0131l\u0131c\u0131 \u00e7ekip askerlerine seslendi. \u201cYi\u011fitlerim, bug\u00fcn Allah yolunda \u00f6lme g\u00fcn\u00fcd\u00fcr. \u015ean\u0131 y\u00fcce<span class=\"excerpt-hellip\"> [\u2026]<\/span><\/p>\n","protected":false},"featured_media":0,"template":"","meta":{"_monsterinsights_skip_tracking":false,"_monsterinsights_sitenote_active":false,"_monsterinsights_sitenote_note":"","_monsterinsights_sitenote_category":0},"product_brand":[],"product_cat":[13517,12304],"product_tag":[],"class_list":{"0":"post-771494","1":"product","2":"type-product","3":"status-publish","5":"product_cat-osmanli-tarihi","6":"product_cat-tarih","7":"pa_cilt-ciltsiz","8":"pa_tur-kitap","9":"pa_yayinevi-yediveren-yayinlari","10":"pa_yazar-mehmet-isik","12":"first","13":"instock","14":"sale","15":"shipping-taxable","16":"purchasable","17":"product-type-simple"},"_links":{"self":[{"href":"https:\/\/roveyayinevi.com.tr\/index.php\/wp-json\/wp\/v2\/product\/771494","targetHints":{"allow":["GET"]}}],"collection":[{"href":"https:\/\/roveyayinevi.com.tr\/index.php\/wp-json\/wp\/v2\/product"}],"about":[{"href":"https:\/\/roveyayinevi.com.tr\/index.php\/wp-json\/wp\/v2\/types\/product"}],"wp:attachment":[{"href":"https:\/\/roveyayinevi.com.tr\/index.php\/wp-json\/wp\/v2\/media?parent=771494"}],"wp:term":[{"taxonomy":"product_brand","embeddable":true,"href":"https:\/\/roveyayinevi.com.tr\/index.php\/wp-json\/wp\/v2\/product_brand?post=771494"},{"taxonomy":"product_cat","embeddable":true,"href":"https:\/\/roveyayinevi.com.tr\/index.php\/wp-json\/wp\/v2\/product_cat?post=771494"},{"taxonomy":"product_tag","embeddable":true,"href":"https:\/\/roveyayinevi.com.tr\/index.php\/wp-json\/wp\/v2\/product_tag?post=771494"}],"curies":[{"name":"wp","href":"https:\/\/api.w.org\/{rel}","templated":true}]}}