{"id":771454,"date":"2025-08-28T15:05:33","date_gmt":"2025-08-28T12:05:33","guid":{"rendered":"https:\/\/roveyayinevi.com.tr\/index.php\/urun\/howard-barkerin-katastrofik-tiyatrosunda-olum\/"},"modified":"2026-04-15T03:37:46","modified_gmt":"2026-04-15T00:37:46","slug":"howard-barkerin-katastrofik-tiyatrosunda-olum","status":"publish","type":"product","link":"https:\/\/roveyayinevi.com.tr\/index.php\/urun\/howard-barkerin-katastrofik-tiyatrosunda-olum\/","title":{"rendered":"Howard Barker\u2019in Katastrofik Tiyatrosunda \u00d6l\u00fcm"},"content":{"rendered":"<p>EL\u0130N\u0130ZDEK\u0130 K\u0130TAPTA BU OYUNLARDAN \u0130LK BE\u015e\u0130, Y\u0130NE YAZARIN GEL\u0130\u015eT\u0130RD\u0130\u011e\u0130 KATASTROF\u0130K T\u0130YATRO KAPSAMINDA ELE ALINMI\u015e VE YAZARIN EN \u00d6NCE \u00c7IKARDI\u011eI KONU OLAN \u00d6L\u00dcM TEMASI A\u00c7ISINDAN \u0130NCELENM\u0130\u015eT\u0130R.<\/p>\n","protected":false},"excerpt":{"rendered":"<p>EL\u0130N\u0130ZDEK\u0130 K\u0130TAPTA BU OYUNLARDAN \u0130LK BE\u015e\u0130, Y\u0130NE YAZARIN GEL\u0130\u015eT\u0130RD\u0130\u011e\u0130 KATASTROF\u0130K T\u0130YATRO KAPSAMINDA ELE ALINMI\u015e VE YAZARIN EN \u00d6NCE \u00c7IKARDI\u011eI KONU OLAN \u00d6L\u00dcM TEMASI A\u00c7ISINDAN \u0130NCELENM\u0130\u015eT\u0130R.<\/p>\n","protected":false},"featured_media":0,"template":"","meta":{"_monsterinsights_skip_tracking":false,"_monsterinsights_sitenote_active":false,"_monsterinsights_sitenote_note":"","_monsterinsights_sitenote_category":0},"product_brand":[],"product_cat":[12291,14272],"product_tag":[],"class_list":{"0":"post-771454","1":"product","2":"type-product","3":"status-publish","5":"product_cat-edebiyat","6":"product_cat-tiyatro","7":"pa_cilt-ciltsiz","8":"pa_tur-kitap","9":"pa_yayinevi-bilgin-kultur-sanat","10":"pa_yazar-cuneyt-ozata","12":"first","13":"instock","14":"sale","15":"shipping-taxable","16":"purchasable","17":"product-type-simple"},"_links":{"self":[{"href":"https:\/\/roveyayinevi.com.tr\/index.php\/wp-json\/wp\/v2\/product\/771454","targetHints":{"allow":["GET"]}}],"collection":[{"href":"https:\/\/roveyayinevi.com.tr\/index.php\/wp-json\/wp\/v2\/product"}],"about":[{"href":"https:\/\/roveyayinevi.com.tr\/index.php\/wp-json\/wp\/v2\/types\/product"}],"wp:attachment":[{"href":"https:\/\/roveyayinevi.com.tr\/index.php\/wp-json\/wp\/v2\/media?parent=771454"}],"wp:term":[{"taxonomy":"product_brand","embeddable":true,"href":"https:\/\/roveyayinevi.com.tr\/index.php\/wp-json\/wp\/v2\/product_brand?post=771454"},{"taxonomy":"product_cat","embeddable":true,"href":"https:\/\/roveyayinevi.com.tr\/index.php\/wp-json\/wp\/v2\/product_cat?post=771454"},{"taxonomy":"product_tag","embeddable":true,"href":"https:\/\/roveyayinevi.com.tr\/index.php\/wp-json\/wp\/v2\/product_tag?post=771454"}],"curies":[{"name":"wp","href":"https:\/\/api.w.org\/{rel}","templated":true}]}}