{"id":771440,"date":"2025-08-28T15:05:10","date_gmt":"2025-08-28T12:05:10","guid":{"rendered":"https:\/\/roveyayinevi.com.tr\/index.php\/urun\/ben-hep-yanindayim-2\/"},"modified":"2026-04-15T03:37:46","modified_gmt":"2026-04-15T00:37:46","slug":"ben-hep-yanindayim-2","status":"publish","type":"product","link":"https:\/\/roveyayinevi.com.tr\/index.php\/urun\/ben-hep-yanindayim-2\/","title":{"rendered":"Ben Hep Yan\u0131nday\u0131m"},"content":{"rendered":"<p>Ben Hep Yan\u0131nday\u0131m, sevdi\u011fi birinin veya bir \u015feyin yas\u0131n\u0131 tutan veya sadece yas kavram\u0131 \u00fczerine d\u00fc\u015f\u00fcnmek isteyen okurlara, kayb\u0131 nas\u0131l onurland\u0131rabileceklerini ve g\u00fcnl\u00fck ya\u015famda kayb\u0131 hayal ederek nas\u0131l var edebileceklerini d\u00fc\u015fleyebilmeleri i\u00e7in bir alan a\u00e7\u0131yor. Yazar\u0131n b\u00fcy\u00fck bir duyarl\u0131l\u0131kla kaleme ald\u0131\u011f\u0131 bu kitap ister aile, ister dost, isterse bir evcil hayvan olsun, kaybedilenlerin hat\u0131ralar\u0131n\u0131n ge\u00e7ici olmad\u0131\u011f\u0131n\u0131; kaybettiklerimizin kalplerimizde daima ya\u015famaya devam edebilece\u011fini vurguluyor. Ben Hep Yan\u0131nday\u0131m, kayb\u0131n belle\u011fimizde ve kalbimizde b\u0131rakt\u0131\u011f\u0131 bo\u015fluklar\u0131 \u015fiirsel bir dille anlat\u0131yor. \u0130\u00e7 \u0131s\u0131tan \u00e7izimleriyle de sevginin ve ba\u011flar\u0131n  derinli\u011fini hissedebilmemize yard\u0131mc\u0131 oluyor. B\u00f6ylelikle, yas s\u00fcrecinin beraberinde getirdi\u011fi bo\u011fucu duygular\u0131 biraz da olsa esnetebilme konusunda hepimize umut a\u015f\u0131l\u0131yor. Amerikan Psikoloji Derne\u011fi onayl\u0131, Okuyan Koala Psikolojik Hikayeler Serisi&#8217;nin yeni eseri Ben Hep Yan\u0131nday\u0131m, okurlara yas s\u00fcrecinde, t\u00fcm ac\u0131lar\u0131n yan\u0131nda huzurlu ve dingin hissedilebilecek bir zihinsel alan yaratabilmenin yollar\u0131n\u0131 ke\u015ffettiriyor. Zarif ifadeleriyle h\u00fcz\u00fcn duygusunu sessizce kucaklarken; gidenin arkas\u0131ndan derin bir bo\u015fluk kalsa bile sevgi ve hat\u0131ralar\u0131n zamanla bu bo\u015flu\u011fu d\u00f6n\u00fc\u015ft\u00fcrebilece\u011fine vurgu yap\u0131yor. Psk. Dr. Petek Halman Kara   \u00d6l\u00fcm, \u00e7ocuklarla konu\u015fulmas\u0131 zor bir konu olsa da bu kitap, konuyu nazik\u00e7e ve gen\u00e7lerin hassasiyetine sayg\u0131 g\u00f6stererek ele almaya yard\u0131mc\u0131 oluyor\u2026 Sevdiklerinin kayb\u0131yla ba\u015fa \u00e7\u0131kan ya da \u00f6l\u00fcm hakk\u0131nda yeni \u015feyler \u00f6\u011frenen \u00e7ocuklar i\u00e7in m\u00fckemmel bir se\u00e7im. Kirkus Starred Review &#8220;Kitab\u0131n nazik anlat\u0131m\u0131n\u0131 yans\u0131tan ill\u00fcstrasyonlar yumu\u015fak ve s\u0131cak tonlarda, \u00e7o\u011funlukla pastel renklerle yap\u0131lm\u0131\u015f. \u00c7o\u011fu resimde, \u00e7ocuklar g\u00fcl\u00fcms\u00fcyor ve kaybettikleri sevdiklerini hat\u0131rl\u0131yor gibi g\u00f6r\u00fcn\u00fcyor, bu da umutlu bir atmosfer yarat\u0131yor.&#8221;  School Library Journal Tema: Yas ve kay\u0131p, birey ve toplum, bilin\u00e7li fark\u0131ndal\u0131k, rezilyans, empati, duygular, olumsuza dayanma kapasitesi. <\/p>\n","protected":false},"excerpt":{"rendered":"<p>Ben Hep Yan\u0131nday\u0131m, sevdi\u011fi birinin veya bir \u015feyin yas\u0131n\u0131 tutan veya sadece yas kavram\u0131 \u00fczerine d\u00fc\u015f\u00fcnmek isteyen okurlara, kayb\u0131 nas\u0131l onurland\u0131rabileceklerini ve g\u00fcnl\u00fck ya\u015famda kayb\u0131 hayal<span class=\"excerpt-hellip\"> [\u2026]<\/span><\/p>\n","protected":false},"featured_media":0,"template":"","meta":{"_monsterinsights_skip_tracking":false,"_monsterinsights_sitenote_active":false,"_monsterinsights_sitenote_note":"","_monsterinsights_sitenote_category":0},"product_brand":[],"product_cat":[12274,12284],"product_tag":[],"class_list":{"0":"post-771440","1":"product","2":"type-product","3":"status-publish","5":"product_cat-cocuk-ve-genclik-kitaplari","6":"product_cat-hikayeler","7":"pa_cilt-ciltsiz","8":"pa_tur-kitap","9":"pa_yayinevi-okuyan-koala","10":"pa_yazar-amanda-rawson-hill","12":"first","13":"instock","14":"sale","15":"shipping-taxable","16":"purchasable","17":"product-type-simple"},"_links":{"self":[{"href":"https:\/\/roveyayinevi.com.tr\/index.php\/wp-json\/wp\/v2\/product\/771440","targetHints":{"allow":["GET"]}}],"collection":[{"href":"https:\/\/roveyayinevi.com.tr\/index.php\/wp-json\/wp\/v2\/product"}],"about":[{"href":"https:\/\/roveyayinevi.com.tr\/index.php\/wp-json\/wp\/v2\/types\/product"}],"wp:attachment":[{"href":"https:\/\/roveyayinevi.com.tr\/index.php\/wp-json\/wp\/v2\/media?parent=771440"}],"wp:term":[{"taxonomy":"product_brand","embeddable":true,"href":"https:\/\/roveyayinevi.com.tr\/index.php\/wp-json\/wp\/v2\/product_brand?post=771440"},{"taxonomy":"product_cat","embeddable":true,"href":"https:\/\/roveyayinevi.com.tr\/index.php\/wp-json\/wp\/v2\/product_cat?post=771440"},{"taxonomy":"product_tag","embeddable":true,"href":"https:\/\/roveyayinevi.com.tr\/index.php\/wp-json\/wp\/v2\/product_tag?post=771440"}],"curies":[{"name":"wp","href":"https:\/\/api.w.org\/{rel}","templated":true}]}}