{"id":771407,"date":"2025-08-28T15:04:03","date_gmt":"2025-08-28T12:04:03","guid":{"rendered":"https:\/\/roveyayinevi.com.tr\/index.php\/urun\/nazimiye\/"},"modified":"2026-01-29T04:09:52","modified_gmt":"2026-01-29T01:09:52","slug":"nazimiye","status":"publish","type":"product","link":"https:\/\/roveyayinevi.com.tr\/index.php\/urun\/nazimiye\/","title":{"rendered":"Naz\u0131miye"},"content":{"rendered":"<p>Naz\u0131miye\u2019yi her y\u00f6n\u00fcyle tan\u0131tmak, ge\u00e7mi\u015fini anlamak ve gelece\u011fine \u0131\u015f\u0131k tutmak amac\u0131yla haz\u0131rlanan bu kitap, il\u00e7emizi yak\u0131ndan bilmek-anlamak isteyen herkes i\u00e7in bir ba\u015fvuru kayna\u011f\u0131 niteli\u011findedir. Ayn\u0131 zamanda Naz\u0131miye\u2019nin tan\u0131t\u0131m\u0131na da katk\u0131 sa\u011flayacak bu de\u011ferli \u00e7al\u0131\u015fman\u0131n ortaya \u00e7\u0131kmas\u0131nda eme\u011fi ge\u00e7en kitab\u0131n edit\u00f6rleri \u015e\u00fckr\u00fc Aslan, Z\u00fclfiye Ko\u00e7ak ve Ali Sa\u011flam ba\u015fta olmak \u00fczere, yazarlara, \u00dctopya Yay\u0131nevi\u2019ne ve \u00e7al\u0131\u015fmay\u0131 destekleyen Naz\u0131miyeli hem\u015fehrilerime te\u015fekk\u00fcrlerimi sunuyorum&#8230; Ali Emrah Tekin (Naz\u0131miye Belediye Ba\u015fkan\u0131) 18 Nisan 2025 tarihinde Naz\u0131miye\u2019de ortaokul ve lise \u00f6\u011frencileriyle yapt\u0131\u011f\u0131m \u201c\u00fcniversiteyi anlamak\u201d konulu s\u00f6yle\u015fide, bir k\u0131z \u00f6\u011frencinin, \u201cTam da anlatt\u0131\u011f\u0131n\u0131z gibi ara\u015ft\u0131rmac\u0131 ya da yenilik\u00e7i bir \u00fcniversiteden mezun olduktan sonra diplomam\u0131n iptal edilmeyece\u011fini garanti edebilir misiniz?\u201d sorusu Hak, Hukuk, Adalet kavramlar\u0131n\u0131n bu co\u011frafyada g\u00fc\u00e7l\u00fc bir \u015fekilde k\u00f6k sald\u0131\u011f\u0131na, k\u00fclt\u00fcrel miras\u0131n en \u00f6nemli de\u011ferleri olarak nesiller boyu aktar\u0131ld\u0131\u011f\u0131na ve aktar\u0131laca\u011f\u0131na i\u015faret ediyordu. Naz\u0131miye\u2019yi okudu\u011funuzda k\u00fc\u00e7\u00fcc\u00fck bir il\u00e7enin; tarihiyle, sanat\u0131yla, edebiyat\u0131yla, inan\u00e7 ve inan\u00e7 mek\u00e2nlar\u0131yla, gelenekleriyle, politik fig\u00fcrleriyle, devrimci \u00f6nderleriyle ve k\u00fclt\u00fcr\u00fcn\u00fcn t\u00fcm di\u011fer \u00f6zellikleriyle asl\u0131nda ne kadar b\u00fcy\u00fck oldu\u011funu ke\u015ffedeceksiniz. Prof. Dr. Ali Ekber \u015eahin (Hacettepe \u00dcniversitesi)<\/p>\n","protected":false},"excerpt":{"rendered":"<p>Naz\u0131miye\u2019yi her y\u00f6n\u00fcyle tan\u0131tmak, ge\u00e7mi\u015fini anlamak ve gelece\u011fine \u0131\u015f\u0131k tutmak amac\u0131yla haz\u0131rlanan bu kitap, il\u00e7emizi yak\u0131ndan bilmek-anlamak isteyen herkes i\u00e7in bir ba\u015fvuru kayna\u011f\u0131 niteli\u011findedir. Ayn\u0131 zamanda<span class=\"excerpt-hellip\"> [\u2026]<\/span><\/p>\n","protected":false},"featured_media":0,"template":"","meta":{"_monsterinsights_skip_tracking":false,"_monsterinsights_sitenote_active":false,"_monsterinsights_sitenote_note":"","_monsterinsights_sitenote_category":0},"product_brand":[],"product_cat":[13590,12337],"product_tag":[],"class_list":{"0":"post-771407","1":"product","2":"type-product","3":"status-publish","5":"product_cat-arastirma-inceleme-politika-siyaset","6":"product_cat-politika-siyaset","7":"pa_cilt-ciltsiz","8":"pa_tur-kitap","9":"pa_yayinevi-utopya-yayinevi","10":"pa_yazar-sukru-aslan-zulfiye-kocak-m-ali-saglam","12":"first","13":"instock","14":"sale","15":"shipping-taxable","16":"purchasable","17":"product-type-simple"},"_links":{"self":[{"href":"https:\/\/roveyayinevi.com.tr\/index.php\/wp-json\/wp\/v2\/product\/771407","targetHints":{"allow":["GET"]}}],"collection":[{"href":"https:\/\/roveyayinevi.com.tr\/index.php\/wp-json\/wp\/v2\/product"}],"about":[{"href":"https:\/\/roveyayinevi.com.tr\/index.php\/wp-json\/wp\/v2\/types\/product"}],"wp:attachment":[{"href":"https:\/\/roveyayinevi.com.tr\/index.php\/wp-json\/wp\/v2\/media?parent=771407"}],"wp:term":[{"taxonomy":"product_brand","embeddable":true,"href":"https:\/\/roveyayinevi.com.tr\/index.php\/wp-json\/wp\/v2\/product_brand?post=771407"},{"taxonomy":"product_cat","embeddable":true,"href":"https:\/\/roveyayinevi.com.tr\/index.php\/wp-json\/wp\/v2\/product_cat?post=771407"},{"taxonomy":"product_tag","embeddable":true,"href":"https:\/\/roveyayinevi.com.tr\/index.php\/wp-json\/wp\/v2\/product_tag?post=771407"}],"curies":[{"name":"wp","href":"https:\/\/api.w.org\/{rel}","templated":true}]}}