{"id":771401,"date":"2025-08-28T15:03:52","date_gmt":"2025-08-28T12:03:52","guid":{"rendered":"https:\/\/roveyayinevi.com.tr\/index.php\/urun\/bebek-britannica-bitkiler-ciltli\/"},"modified":"2026-02-02T03:33:27","modified_gmt":"2026-02-02T00:33:27","slug":"bebek-britannica-bitkiler-ciltli","status":"publish","type":"product","link":"https:\/\/roveyayinevi.com.tr\/index.php\/urun\/bebek-britannica-bitkiler-ciltli\/","title":{"rendered":"Bebek Britannica: Bitkiler (Ciltli)"},"content":{"rendered":"<p>Britannica\u2019n\u0131n zihin a\u00e7an bu kitab\u0131yla tohumlar\u0131n nas\u0131l b\u00fcy\u00fcy\u00fcp a\u011fa\u00e7lara, \u00e7i\u00e7eklere ve yedi\u011fimiz nefis \u015feylere d\u00f6n\u00fc\u015ft\u00fc\u011f\u00fcn\u00fc \u00f6\u011frenin. Hem duyulara hitap eden, hem bir \u00e7i\u00e7e\u011fi sulayarak sorumluluk bilincini g\u00f6steren, resimlerle mevsimlere yolculuk yapt\u0131ran bu kitapla vakit \u00e7ok h\u0131zl\u0131 ge\u00e7ecek. <\/p>\n","protected":false},"excerpt":{"rendered":"<p>Britannica\u2019n\u0131n zihin a\u00e7an bu kitab\u0131yla tohumlar\u0131n nas\u0131l b\u00fcy\u00fcy\u00fcp a\u011fa\u00e7lara, \u00e7i\u00e7eklere ve yedi\u011fimiz nefis \u015feylere d\u00f6n\u00fc\u015ft\u00fc\u011f\u00fcn\u00fc \u00f6\u011frenin. Hem duyulara hitap eden, hem bir \u00e7i\u00e7e\u011fi sulayarak sorumluluk bilincini<span class=\"excerpt-hellip\"> [\u2026]<\/span><\/p>\n","protected":false},"featured_media":0,"template":"","meta":{"_monsterinsights_skip_tracking":false,"_monsterinsights_sitenote_active":false,"_monsterinsights_sitenote_note":"","_monsterinsights_sitenote_category":0},"product_brand":[],"product_cat":[12274,12518],"product_tag":[],"class_list":{"0":"post-771401","1":"product","2":"type-product","3":"status-publish","5":"product_cat-cocuk-ve-genclik-kitaplari","6":"product_cat-okul-oncesi-kitaplar","7":"pa_cilt-ciltli","8":"pa_tur-kitap","9":"pa_yayinevi-megakids-yayincilik","10":"pa_yazar-sally-symes","12":"first","13":"instock","14":"sale","15":"shipping-taxable","16":"purchasable","17":"product-type-simple"},"_links":{"self":[{"href":"https:\/\/roveyayinevi.com.tr\/index.php\/wp-json\/wp\/v2\/product\/771401","targetHints":{"allow":["GET"]}}],"collection":[{"href":"https:\/\/roveyayinevi.com.tr\/index.php\/wp-json\/wp\/v2\/product"}],"about":[{"href":"https:\/\/roveyayinevi.com.tr\/index.php\/wp-json\/wp\/v2\/types\/product"}],"wp:attachment":[{"href":"https:\/\/roveyayinevi.com.tr\/index.php\/wp-json\/wp\/v2\/media?parent=771401"}],"wp:term":[{"taxonomy":"product_brand","embeddable":true,"href":"https:\/\/roveyayinevi.com.tr\/index.php\/wp-json\/wp\/v2\/product_brand?post=771401"},{"taxonomy":"product_cat","embeddable":true,"href":"https:\/\/roveyayinevi.com.tr\/index.php\/wp-json\/wp\/v2\/product_cat?post=771401"},{"taxonomy":"product_tag","embeddable":true,"href":"https:\/\/roveyayinevi.com.tr\/index.php\/wp-json\/wp\/v2\/product_tag?post=771401"}],"curies":[{"name":"wp","href":"https:\/\/api.w.org\/{rel}","templated":true}]}}