{"id":771400,"date":"2025-08-28T15:03:50","date_gmt":"2025-08-28T12:03:50","guid":{"rendered":"https:\/\/roveyayinevi.com.tr\/index.php\/urun\/bebek-britannica-dunyamiz-ciltli\/"},"modified":"2026-02-02T03:33:27","modified_gmt":"2026-02-02T00:33:27","slug":"bebek-britannica-dunyamiz-ciltli","status":"publish","type":"product","link":"https:\/\/roveyayinevi.com.tr\/index.php\/urun\/bebek-britannica-dunyamiz-ciltli\/","title":{"rendered":"Bebek Britannica: D\u00fcnyam\u0131z (Ciltli)"},"content":{"rendered":"<p>Britannica\u2019n\u0131n zihin a\u00e7an bu kitab\u0131yla yery\u00fcz\u00fc \u015fekillerini, hava durumunu, gece ve g\u00fcnd\u00fcz\u00fcn\u00fc ke\u015ffedin. D\u00fcnyam\u0131z kitab\u0131, yeni yerler, do\u011fan\u0131n ve \u015fehrin gizemli ve macerac\u0131 hik\u00e2yelerine merak uyand\u0131racak. <\/p>\n","protected":false},"excerpt":{"rendered":"<p>Britannica\u2019n\u0131n zihin a\u00e7an bu kitab\u0131yla yery\u00fcz\u00fc \u015fekillerini, hava durumunu, gece ve g\u00fcnd\u00fcz\u00fcn\u00fc ke\u015ffedin. D\u00fcnyam\u0131z kitab\u0131, yeni yerler, do\u011fan\u0131n ve \u015fehrin gizemli ve macerac\u0131 hik\u00e2yelerine merak uyand\u0131racak.<\/p>\n","protected":false},"featured_media":0,"template":"","meta":{"_monsterinsights_skip_tracking":false,"_monsterinsights_sitenote_active":false,"_monsterinsights_sitenote_note":"","_monsterinsights_sitenote_category":0},"product_brand":[],"product_cat":[12274,12518],"product_tag":[],"class_list":{"0":"post-771400","1":"product","2":"type-product","3":"status-publish","5":"product_cat-cocuk-ve-genclik-kitaplari","6":"product_cat-okul-oncesi-kitaplar","7":"pa_cilt-ciltli","8":"pa_tur-kitap","9":"pa_yayinevi-megakids-yayincilik","10":"pa_yazar-sally-symes","12":"first","13":"instock","14":"sale","15":"shipping-taxable","16":"purchasable","17":"product-type-simple"},"_links":{"self":[{"href":"https:\/\/roveyayinevi.com.tr\/index.php\/wp-json\/wp\/v2\/product\/771400","targetHints":{"allow":["GET"]}}],"collection":[{"href":"https:\/\/roveyayinevi.com.tr\/index.php\/wp-json\/wp\/v2\/product"}],"about":[{"href":"https:\/\/roveyayinevi.com.tr\/index.php\/wp-json\/wp\/v2\/types\/product"}],"wp:attachment":[{"href":"https:\/\/roveyayinevi.com.tr\/index.php\/wp-json\/wp\/v2\/media?parent=771400"}],"wp:term":[{"taxonomy":"product_brand","embeddable":true,"href":"https:\/\/roveyayinevi.com.tr\/index.php\/wp-json\/wp\/v2\/product_brand?post=771400"},{"taxonomy":"product_cat","embeddable":true,"href":"https:\/\/roveyayinevi.com.tr\/index.php\/wp-json\/wp\/v2\/product_cat?post=771400"},{"taxonomy":"product_tag","embeddable":true,"href":"https:\/\/roveyayinevi.com.tr\/index.php\/wp-json\/wp\/v2\/product_tag?post=771400"}],"curies":[{"name":"wp","href":"https:\/\/api.w.org\/{rel}","templated":true}]}}