{"id":771395,"date":"2025-08-28T15:03:39","date_gmt":"2025-08-28T12:03:39","guid":{"rendered":"https:\/\/roveyayinevi.com.tr\/index.php\/urun\/serzenis-2\/"},"modified":"2026-04-15T03:37:45","modified_gmt":"2026-04-15T00:37:45","slug":"serzenis-2","status":"publish","type":"product","link":"https:\/\/roveyayinevi.com.tr\/index.php\/urun\/serzenis-2\/","title":{"rendered":"Serzeni\u015f"},"content":{"rendered":"<p>Yazar, ikinci \u015fiir kitab\u0131 \u201cSerzeni\u015f\u201d ile toplumsal yozla\u015fmaya y\u00f6nelik g\u00fc\u00e7l\u00fc itiraz\u0131n\u0131 ve hayat\u0131 anlama \u00e7abas\u0131n\u0131 ahenkli bir \u00fcslupla harmanlarken, bu havay\u0131 yer yer hayal ve \u00f6zlemlerin \u0131l\u0131k esintisiyle da\u011f\u0131t\u0131yor.   Zaman\u0131n nehrine kap\u0131lm\u0131\u015f S\u00fcr\u00fckleniyoruz ser sefil Ne m\u00fclteci, ne muhacir Ensar desem hi\u00e7 de\u011fil \u00d6zg\u00fcnken s\u0131radanla\u015fan Tan\u0131d\u0131k\u00e7a yabanc\u0131la\u015fan Ne dost, ne akraba Ne baba o\u011fluna kefil G\u00f6lgesi var, cismi yok G\u00f6z\u00fc a\u00e7, karn\u0131 tok \u00d6yle zalim bir zaman ki Kalabal\u0131klar bile m\u00fcstakil!<\/p>\n","protected":false},"excerpt":{"rendered":"<p>Yazar, ikinci \u015fiir kitab\u0131 \u201cSerzeni\u015f\u201d ile toplumsal yozla\u015fmaya y\u00f6nelik g\u00fc\u00e7l\u00fc itiraz\u0131n\u0131 ve hayat\u0131 anlama \u00e7abas\u0131n\u0131 ahenkli bir \u00fcslupla harmanlarken, bu havay\u0131 yer yer hayal ve \u00f6zlemlerin<span class=\"excerpt-hellip\"> [\u2026]<\/span><\/p>\n","protected":false},"featured_media":0,"template":"","meta":{"_monsterinsights_skip_tracking":false,"_monsterinsights_sitenote_active":false,"_monsterinsights_sitenote_note":"","_monsterinsights_sitenote_category":0},"product_brand":[],"product_cat":[12291,12509],"product_tag":[],"class_list":{"0":"post-771395","1":"product","2":"type-product","3":"status-publish","5":"product_cat-edebiyat","6":"product_cat-siir","7":"pa_cilt-ciltsiz","8":"pa_tur-kitap","9":"pa_yayinevi-perseus","10":"pa_yazar-m-ferit-can","12":"first","13":"instock","14":"sale","15":"shipping-taxable","16":"purchasable","17":"product-type-simple"},"_links":{"self":[{"href":"https:\/\/roveyayinevi.com.tr\/index.php\/wp-json\/wp\/v2\/product\/771395","targetHints":{"allow":["GET"]}}],"collection":[{"href":"https:\/\/roveyayinevi.com.tr\/index.php\/wp-json\/wp\/v2\/product"}],"about":[{"href":"https:\/\/roveyayinevi.com.tr\/index.php\/wp-json\/wp\/v2\/types\/product"}],"wp:attachment":[{"href":"https:\/\/roveyayinevi.com.tr\/index.php\/wp-json\/wp\/v2\/media?parent=771395"}],"wp:term":[{"taxonomy":"product_brand","embeddable":true,"href":"https:\/\/roveyayinevi.com.tr\/index.php\/wp-json\/wp\/v2\/product_brand?post=771395"},{"taxonomy":"product_cat","embeddable":true,"href":"https:\/\/roveyayinevi.com.tr\/index.php\/wp-json\/wp\/v2\/product_cat?post=771395"},{"taxonomy":"product_tag","embeddable":true,"href":"https:\/\/roveyayinevi.com.tr\/index.php\/wp-json\/wp\/v2\/product_tag?post=771395"}],"curies":[{"name":"wp","href":"https:\/\/api.w.org\/{rel}","templated":true}]}}