{"id":771388,"date":"2025-08-28T15:03:25","date_gmt":"2025-08-28T12:03:25","guid":{"rendered":"https:\/\/roveyayinevi.com.tr\/index.php\/urun\/takipciler\/"},"modified":"2026-04-15T03:37:44","modified_gmt":"2026-04-15T00:37:44","slug":"takipciler","status":"publish","type":"product","link":"https:\/\/roveyayinevi.com.tr\/index.php\/urun\/takipciler\/","title":{"rendered":"Takip\u00e7iler"},"content":{"rendered":"<p>Ak\u0131llar\u0131na koyduklar\u0131n\u0131 yapmak i\u00e7in her \u015feyi g\u00f6ze alan iki arkada\u015f\u0131n, verilen yanl\u0131\u015f kararlar\u0131n ve a\u015fina olduklar\u0131 d\u00fcnyay\u0131 sonsuza dek de\u011fi\u015ftirecek \u00e7arp\u0131c\u0131 olaylar\u0131n heyecan verici hik\u00e2yesi&#8230;   Orla Cadden sevmedi\u011fi bir i\u015fe saplan\u0131p kalm\u0131\u015f, film y\u0131ld\u0131zlar\u0131n\u0131n ili\u015f- kilerini ve internet fenomenlerinin d\u00fcnyas\u0131na dair t\u0131k tuza\u011f\u0131 haber- ler haz\u0131rlayan, \u00e7i\u00e7e\u011fi burnunda bir yazard\u0131r. Orla\u2019n\u0131n yolu bir g\u00fcn, her ikisini de hayal ettikleri hayata kavu\u015fturacak bir plan\u0131 olan Floss ile kesi\u015fir.   Bundan otuz be\u015f y\u0131l sonra, resmi makamlarca tayin edilmi\u015f ve fenomenlerin g\u00fcn\u00fcn her \u00e2n\u0131n\u0131 kamera kar\u015f\u0131s\u0131nda ge\u00e7irdi\u011fi, g\u00f6zlerden uzak bir Kaliforniya kasabas\u0131nda, Marlow ad\u0131nda gen\u00e7 bir k\u0131z ge\u00e7mi\u015fiyle ilgili sars\u0131c\u0131 bir s\u0131r ke\u015ffeder. On iki milyon sad\u0131k takip\u00e7isi olsa da Marlow bu pop\u00fclariteye \u00f6nem vermez ve bir g\u00fcn kendisini ekranda tutmak i\u00e7in her yolu deneyen sponsorlardan kurtulmay\u0131 d\u00fc\u015fler. T\u00fcm aile ge\u00e7mi\u015finin bir yalan \u00fczerine kurulu oldu\u011funu \u00f6\u011frendi\u011findeyse, g\u00f6z\u00fcn\u00fc karart\u0131p ger\u00e7e\u011fi aramak i\u00e7in bir yolculu\u011fa \u00e7\u0131kmaya karar verir.   Takip\u00e7iler, Orla, Floss ve Marlow\u2019un \u00fclkelerini ve kendi hayatlar\u0131n\u0131 alt\u00fcst edecek, deh\u015fet verici bir olaya do\u011fru yol al\u0131\u015flar\u0131n\u0131n izini s\u00fcr\u00fcyor. Alayc\u0131 ve dokunakl\u0131, kasvetli ve umut dolu bu distopik kara komedide, asla tan\u0131\u015famayaca\u011f\u0131m\u0131z \u00fcnl\u00fclere tak\u0131nt\u0131l\u0131 olsak bile esas arzumuzun ger\u00e7ek insani ba\u011flar oldu\u011fu hat\u0131rlat\u0131l\u0131yor. <\/p>\n","protected":false},"excerpt":{"rendered":"<p>Ak\u0131llar\u0131na koyduklar\u0131n\u0131 yapmak i\u00e7in her \u015feyi g\u00f6ze alan iki arkada\u015f\u0131n, verilen yanl\u0131\u015f kararlar\u0131n ve a\u015fina olduklar\u0131 d\u00fcnyay\u0131 sonsuza dek de\u011fi\u015ftirecek \u00e7arp\u0131c\u0131 olaylar\u0131n heyecan verici hik\u00e2yesi&#8230; Orla<span class=\"excerpt-hellip\"> [\u2026]<\/span><\/p>\n","protected":false},"featured_media":0,"template":"","meta":{"_monsterinsights_skip_tracking":false,"_monsterinsights_sitenote_active":false,"_monsterinsights_sitenote_note":"","_monsterinsights_sitenote_category":0},"product_brand":[],"product_cat":[12540,12291],"product_tag":[],"class_list":{"0":"post-771388","1":"product","2":"type-product","3":"status-publish","5":"product_cat-bilim-kurgu","6":"product_cat-edebiyat","7":"pa_cilt-ciltsiz","8":"pa_tur-kitap","9":"pa_yayinevi-epsilon-yayinlari","10":"pa_yazar-megan-angelo","12":"first","13":"instock","14":"sale","15":"shipping-taxable","16":"purchasable","17":"product-type-simple"},"_links":{"self":[{"href":"https:\/\/roveyayinevi.com.tr\/index.php\/wp-json\/wp\/v2\/product\/771388","targetHints":{"allow":["GET"]}}],"collection":[{"href":"https:\/\/roveyayinevi.com.tr\/index.php\/wp-json\/wp\/v2\/product"}],"about":[{"href":"https:\/\/roveyayinevi.com.tr\/index.php\/wp-json\/wp\/v2\/types\/product"}],"wp:attachment":[{"href":"https:\/\/roveyayinevi.com.tr\/index.php\/wp-json\/wp\/v2\/media?parent=771388"}],"wp:term":[{"taxonomy":"product_brand","embeddable":true,"href":"https:\/\/roveyayinevi.com.tr\/index.php\/wp-json\/wp\/v2\/product_brand?post=771388"},{"taxonomy":"product_cat","embeddable":true,"href":"https:\/\/roveyayinevi.com.tr\/index.php\/wp-json\/wp\/v2\/product_cat?post=771388"},{"taxonomy":"product_tag","embeddable":true,"href":"https:\/\/roveyayinevi.com.tr\/index.php\/wp-json\/wp\/v2\/product_tag?post=771388"}],"curies":[{"name":"wp","href":"https:\/\/api.w.org\/{rel}","templated":true}]}}