{"id":771380,"date":"2025-08-28T15:03:08","date_gmt":"2025-08-28T12:03:08","guid":{"rendered":"https:\/\/roveyayinevi.com.tr\/index.php\/urun\/kedi-ofisi\/"},"modified":"2026-04-15T03:37:44","modified_gmt":"2026-04-15T00:37:44","slug":"kedi-ofisi","status":"publish","type":"product","link":"https:\/\/roveyayinevi.com.tr\/index.php\/urun\/kedi-ofisi\/","title":{"rendered":"Kedi Ofisi"},"content":{"rendered":"<p>Kenji Miyazawa\u2019n\u0131n efsunlu kaleminden  do\u011fan\u0131n kuca\u011f\u0131na uzanan bir hik\u00e2ye derlemesi\u2026 Yaln\u0131zca d\u00f6rt \u00e7al\u0131\u015fan\u0131 bulunan bir kedi ofisinde,  zorbal\u0131k g\u00f6rerek d\u0131\u015flanan kara kedinin h\u00fcz\u00fcnl\u00fc hik\u00e2yesinden; olduk\u00e7a karars\u0131z olan ve acilen yard\u0131ma  ihtiya\u00e7 duyan me\u015fe palamutlar\u0131na; tatl\u0131 m\u0131 tatl\u0131 bir filin, iyi niyetinin suistimal edilme \u00e7abas\u0131ndan, mabet a\u011fac\u0131n\u0131n meyvelerinin macera dolu bir yolculu\u011fa \u00e7\u0131kma giri\u015fimlerine; sedir a\u011fa\u00e7lar\u0131na g\u00f6z\u00fc gibi bakan Kenj\u016b\u2019nun, y\u00fcrek burkan ama umut dolu hik\u00e2yesinden; safl\u0131klar\u0131 ve a\u00e7g\u00f6zl\u00fcl\u00fckleri y\u00fcz\u00fcnden neredeyse kurban gidecek iki gence kadar bir\u00e7ok ya\u015fam bar\u0131nd\u0131ran bir d\u00fcnya\u2026 Tabiat\u0131 hik\u00e2yelerinin i\u00e7inde yazarak ye\u015ferten Kenji Miyazawa, kaleminden s\u0131zan karakterlerle engin bir okuma evreni sunmaya devam ediyor. <\/p>\n","protected":false},"excerpt":{"rendered":"<p>Kenji Miyazawa\u2019n\u0131n efsunlu kaleminden do\u011fan\u0131n kuca\u011f\u0131na uzanan bir hik\u00e2ye derlemesi\u2026 Yaln\u0131zca d\u00f6rt \u00e7al\u0131\u015fan\u0131 bulunan bir kedi ofisinde, zorbal\u0131k g\u00f6rerek d\u0131\u015flanan kara kedinin h\u00fcz\u00fcnl\u00fc hik\u00e2yesinden; olduk\u00e7a karars\u0131z<span class=\"excerpt-hellip\"> [\u2026]<\/span><\/p>\n","protected":false},"featured_media":0,"template":"","meta":{"_monsterinsights_skip_tracking":false,"_monsterinsights_sitenote_active":false,"_monsterinsights_sitenote_note":"","_monsterinsights_sitenote_category":0},"product_brand":[],"product_cat":[12291,12711],"product_tag":[],"class_list":{"0":"post-771380","1":"product","2":"type-product","3":"status-publish","5":"product_cat-edebiyat","6":"product_cat-roman-oyku","7":"pa_cilt-ciltsiz","8":"pa_tur-kitap","9":"pa_yayinevi-tokyo-manga","10":"pa_yazar-kenji-miyazawa","12":"first","13":"instock","14":"sale","15":"shipping-taxable","16":"purchasable","17":"product-type-simple"},"_links":{"self":[{"href":"https:\/\/roveyayinevi.com.tr\/index.php\/wp-json\/wp\/v2\/product\/771380","targetHints":{"allow":["GET"]}}],"collection":[{"href":"https:\/\/roveyayinevi.com.tr\/index.php\/wp-json\/wp\/v2\/product"}],"about":[{"href":"https:\/\/roveyayinevi.com.tr\/index.php\/wp-json\/wp\/v2\/types\/product"}],"wp:attachment":[{"href":"https:\/\/roveyayinevi.com.tr\/index.php\/wp-json\/wp\/v2\/media?parent=771380"}],"wp:term":[{"taxonomy":"product_brand","embeddable":true,"href":"https:\/\/roveyayinevi.com.tr\/index.php\/wp-json\/wp\/v2\/product_brand?post=771380"},{"taxonomy":"product_cat","embeddable":true,"href":"https:\/\/roveyayinevi.com.tr\/index.php\/wp-json\/wp\/v2\/product_cat?post=771380"},{"taxonomy":"product_tag","embeddable":true,"href":"https:\/\/roveyayinevi.com.tr\/index.php\/wp-json\/wp\/v2\/product_tag?post=771380"}],"curies":[{"name":"wp","href":"https:\/\/api.w.org\/{rel}","templated":true}]}}