{"id":771374,"date":"2025-08-28T15:02:55","date_gmt":"2025-08-28T12:02:55","guid":{"rendered":"https:\/\/roveyayinevi.com.tr\/index.php\/urun\/sahirin-gelini-4\/"},"modified":"2026-04-15T03:37:44","modified_gmt":"2026-04-15T00:37:44","slug":"sahirin-gelini-4","status":"publish","type":"product","link":"https:\/\/roveyayinevi.com.tr\/index.php\/urun\/sahirin-gelini-4\/","title":{"rendered":"Sahirin Gelini &#8211; 4"},"content":{"rendered":"<p>Chise, Lindel taraf\u0131ndan tekrar Ejderhalar \u00dclkesi\u2019ne \u00e7a\u011f\u0131r\u0131l\u0131yor. Kendi asas\u0131n\u0131 yapmaya u\u011fra\u015f\u0131rken, Lindel ona Elias\u2019\u0131n ge\u00e7mi\u015finden bahsediyor. Bunu duyan Chise\u2019nin akl\u0131 d\u00fc\u015f\u00fcncelerle doluyor.  \u0130nsanlar ve insan d\u0131\u015f\u0131 varl\u0131klar\u0131 konu alan fantastik mangan\u0131n b\u00fcy\u00fck ilgiyle beklenen d\u00f6rd\u00fcnc\u00fc cildi kar\u015f\u0131n\u0131zda.<\/p>\n","protected":false},"excerpt":{"rendered":"<p>Chise, Lindel taraf\u0131ndan tekrar Ejderhalar \u00dclkesi\u2019ne \u00e7a\u011f\u0131r\u0131l\u0131yor. Kendi asas\u0131n\u0131 yapmaya u\u011fra\u015f\u0131rken, Lindel ona Elias\u2019\u0131n ge\u00e7mi\u015finden bahsediyor. Bunu duyan Chise\u2019nin akl\u0131 d\u00fc\u015f\u00fcncelerle doluyor. \u0130nsanlar ve insan d\u0131\u015f\u0131<span class=\"excerpt-hellip\"> [\u2026]<\/span><\/p>\n","protected":false},"featured_media":0,"template":"","meta":{"_monsterinsights_skip_tracking":false,"_monsterinsights_sitenote_active":false,"_monsterinsights_sitenote_note":"","_monsterinsights_sitenote_category":0},"product_brand":[],"product_cat":[12416,12291],"product_tag":[],"class_list":{"0":"post-771374","1":"product","2":"type-product","3":"status-publish","5":"product_cat-cizgi-roman","6":"product_cat-edebiyat","7":"pa_cilt-ciltsiz","8":"pa_tur-kitap","9":"pa_yayinevi-kayip-kita-yayinlari","10":"pa_yazar-kore-yamazaki","12":"first","13":"instock","14":"sale","15":"shipping-taxable","16":"purchasable","17":"product-type-simple"},"_links":{"self":[{"href":"https:\/\/roveyayinevi.com.tr\/index.php\/wp-json\/wp\/v2\/product\/771374","targetHints":{"allow":["GET"]}}],"collection":[{"href":"https:\/\/roveyayinevi.com.tr\/index.php\/wp-json\/wp\/v2\/product"}],"about":[{"href":"https:\/\/roveyayinevi.com.tr\/index.php\/wp-json\/wp\/v2\/types\/product"}],"wp:attachment":[{"href":"https:\/\/roveyayinevi.com.tr\/index.php\/wp-json\/wp\/v2\/media?parent=771374"}],"wp:term":[{"taxonomy":"product_brand","embeddable":true,"href":"https:\/\/roveyayinevi.com.tr\/index.php\/wp-json\/wp\/v2\/product_brand?post=771374"},{"taxonomy":"product_cat","embeddable":true,"href":"https:\/\/roveyayinevi.com.tr\/index.php\/wp-json\/wp\/v2\/product_cat?post=771374"},{"taxonomy":"product_tag","embeddable":true,"href":"https:\/\/roveyayinevi.com.tr\/index.php\/wp-json\/wp\/v2\/product_tag?post=771374"}],"curies":[{"name":"wp","href":"https:\/\/api.w.org\/{rel}","templated":true}]}}