{"id":771367,"date":"2025-08-28T15:02:44","date_gmt":"2025-08-28T12:02:44","guid":{"rendered":"https:\/\/roveyayinevi.com.tr\/index.php\/urun\/mare-nostrum\/"},"modified":"2026-04-15T03:37:44","modified_gmt":"2026-04-15T00:37:44","slug":"mare-nostrum","status":"publish","type":"product","link":"https:\/\/roveyayinevi.com.tr\/index.php\/urun\/mare-nostrum\/","title":{"rendered":"Mare Nostrum"},"content":{"rendered":"<p>Mare Nostrum, Mussolini D\u00f6nemi\u2019nde Erken Cumhuriyet T\u00fcrkiyesiyle temas kurmu\u015f farkl\u0131 meslek gruplar\u0131ndan \u0130talyanlar\u0131n, benlik ve \u00f6teki kurgular\u0131n\u0131, kimlik in\u015fa s\u00fcre\u00e7lerini, ulusal ve uluslar-\u00f6tesi referans sistemini, kent, mek\u00e2n, toplum, tarih ve mimarl\u0131k alg\u0131lar\u0131n\u0131, i\u00e7inde bulunduklar\u0131 profesyonel, ideolojik, toplumsal, bireysel\/duygusal ba\u011flamla ilgili \u00fcretmi\u015f olduklar\u0131 s\u00f6ylem, kavram ve imge da\u011farc\u0131\u011f\u0131n\u0131 ele\u015ftirel s\u00f6ylem analizi arac\u0131l\u0131\u011f\u0131yla a\u00e7\u0131ml\u0131yor ve sorunsalla\u015ft\u0131r\u0131yor.Yazar, Mussollini \u0130talya\u2019s\u0131 ve Kemalist T\u00fcrkiye aras\u0131ndaki \u00e7ok katmanl\u0131 ili\u015fkiler a\u011f\u0131n\u0131, mimarl\u0131k tarihinden k\u00fclt\u00fcr ve mek\u00e2n sosyolojisine, toplumsal tarihten post-kolonyal \u00e7al\u0131\u015fmalara var\u0131ncaya kadar geni\u015f bir yelpazede disiplinleraras\u0131 bir yakla\u015f\u0131mla ele al\u0131yor. Bu \u00e7al\u0131\u015fma T\u00fcrk-\u0130talyan ili\u015fikleri alan\u0131nda \u00f6nemli bir bo\u015flu\u011fu doldurdu\u011fu gibi yap\u0131lacak yeni \u00e7al\u0131\u015fmalar i\u00e7in de bir zemin olu\u015fturuyor.<\/p>\n","protected":false},"excerpt":{"rendered":"<p>Mare Nostrum, Mussolini D\u00f6nemi\u2019nde Erken Cumhuriyet T\u00fcrkiyesiyle temas kurmu\u015f farkl\u0131 meslek gruplar\u0131ndan \u0130talyanlar\u0131n, benlik ve \u00f6teki kurgular\u0131n\u0131, kimlik in\u015fa s\u00fcre\u00e7lerini, ulusal ve uluslar-\u00f6tesi referans sistemini, kent,<span class=\"excerpt-hellip\"> [\u2026]<\/span><\/p>\n","protected":false},"featured_media":0,"template":"","meta":{"_monsterinsights_skip_tracking":false,"_monsterinsights_sitenote_active":false,"_monsterinsights_sitenote_note":"","_monsterinsights_sitenote_category":0},"product_brand":[],"product_cat":[12304],"product_tag":[],"class_list":{"0":"post-771367","1":"product","2":"type-product","3":"status-publish","5":"product_cat-tarih","6":"pa_cilt-ciltsiz","7":"pa_tur-kitap","8":"pa_yayinevi-bogazici-universitesi-yayinevi","9":"pa_yazar-erhan-berat-findikli","11":"first","12":"instock","13":"sale","14":"shipping-taxable","15":"purchasable","16":"product-type-simple"},"_links":{"self":[{"href":"https:\/\/roveyayinevi.com.tr\/index.php\/wp-json\/wp\/v2\/product\/771367","targetHints":{"allow":["GET"]}}],"collection":[{"href":"https:\/\/roveyayinevi.com.tr\/index.php\/wp-json\/wp\/v2\/product"}],"about":[{"href":"https:\/\/roveyayinevi.com.tr\/index.php\/wp-json\/wp\/v2\/types\/product"}],"wp:attachment":[{"href":"https:\/\/roveyayinevi.com.tr\/index.php\/wp-json\/wp\/v2\/media?parent=771367"}],"wp:term":[{"taxonomy":"product_brand","embeddable":true,"href":"https:\/\/roveyayinevi.com.tr\/index.php\/wp-json\/wp\/v2\/product_brand?post=771367"},{"taxonomy":"product_cat","embeddable":true,"href":"https:\/\/roveyayinevi.com.tr\/index.php\/wp-json\/wp\/v2\/product_cat?post=771367"},{"taxonomy":"product_tag","embeddable":true,"href":"https:\/\/roveyayinevi.com.tr\/index.php\/wp-json\/wp\/v2\/product_tag?post=771367"}],"curies":[{"name":"wp","href":"https:\/\/api.w.org\/{rel}","templated":true}]}}