{"id":771355,"date":"2025-08-28T15:02:25","date_gmt":"2025-08-28T12:02:25","guid":{"rendered":"https:\/\/roveyayinevi.com.tr\/index.php\/urun\/dolayli-hayvan-gozden-gecirilmis-2-basim\/"},"modified":"2026-04-11T14:39:44","modified_gmt":"2026-04-11T11:39:44","slug":"dolayli-hayvan-gozden-gecirilmis-2-basim","status":"publish","type":"product","link":"https:\/\/roveyayinevi.com.tr\/index.php\/urun\/dolayli-hayvan-gozden-gecirilmis-2-basim\/","title":{"rendered":"Dolayl\u0131 Hayvan ( G\u00f6zden ge\u00e7irilmi\u015f 2. Bas\u0131m)"},"content":{"rendered":"<p>\u0130nsan\u0131n melezli\u011fi, ya da ba\u015fka bir ifadeyle insan\u0131n kendini melezle\u015ftirmesi temas\u0131n\u0131 merkeze alan bu metin, insan denilen dolayl\u0131 hayvan\u0131n izini s\u00fcr\u00fcyor. Bu melezli\u011fin muhtevas\u0131 nedir, diye sorulacak olursa, tanr\u0131 ile hayvan\u0131n, hayvan ile mele\u011fin veya belki de hayvanla \u00fcst\u00fcn insan\u0131n bir kar\u0131\u015f\u0131m\u0131 oldu\u011fu s\u00f6ylenebilir. Kitab\u0131n ba\u011flam\u0131nda s\u00f6z konusu edilen melezlik ruhsal, zihinsel, simgesel ve elbette tarihseldir. Yazar, insan\u0131n, kendinden gayri olana bak\u0131\u015f\u0131n\u0131n temelinde de bu melez ve ironik olu\u015fun yatt\u0131\u011f\u0131n\u0131 d\u00fc\u015f\u00fcnmekte  izini s\u00fcrd\u00fc\u011f\u00fc ama bir t\u00fcrl\u00fc yakalamay\u0131 ba\u015faramad\u0131\u011f\u0131 bu gizemli hayvan\u0131n ard\u0131nda b\u0131rakt\u0131\u011f\u0131 izleri okumaya \u00e7al\u0131\u015farak onu anlamaya \u00e7abalamakta. Totem hayvanlar\u0131ndan yar\u0131 hayvan yar\u0131 tanr\u0131lara, nefs hayvanlar\u0131ndan, canavarlara, delilerden ve d\u0131\u015flanm\u0131\u015flardan canlar\u0131 pahas\u0131na hayvan d\u00fcnyas\u0131n\u0131n tehlikeli derinliklerine sokulma cesareti g\u00f6steren u\u00e7beyi ara\u015ft\u0131rmac\u0131lara kadar bu melez hayvan\u0131n de\u011fi\u015fik ve\u00e7helerini ortaya koymaya ve nihayetinde b\u00fct\u00fcn bunlardan dolayl\u0131 hayvan\u0131n kimli\u011fini belirlemeye \u00e7al\u0131\u015f\u0131yor.Ergun Kocab\u0131y\u0131k (1965), y\u00fcksek \u00f6\u011frenimini 1987\u2019de Ankara \u00dcniversitesi Bas\u0131n Yay\u0131n Y\u00fcksek Okulu\u2019nda tamamlad\u0131. Halihaz\u0131rda edit\u00f6rl\u00fck yapmaktad\u0131r. Yay\u0131mlanm\u0131\u015f \u00e7al\u0131\u015fmalar\u0131: Yaz\u0131l\u0131 Y\u00fcz, 1997  Bal-Ay\u0131 (k\u0131sa hik\u00e2yeler, e-kitap) 2000  \u0130slam\u0131n Mistik Boyutlar\u0131 (Annemarie Schimmel\u2019in, Mystical Dimensions of Islam\u2019\u0131n\u0131n \u00e7evirisi) 2001, 2004  Aynadaki Narkissos. Her\u015fey ve Hi\u00e7bir\u015fey Olarak Y\u00fcz, 2006, 2014  \u0130ngilizce-T\u00fcrk\u00e7e Tasavvuf S\u00f6zl\u00fc\u011f\u00fc, 2008.<\/p>\n","protected":false},"excerpt":{"rendered":"<p>\u0130nsan\u0131n melezli\u011fi, ya da ba\u015fka bir ifadeyle insan\u0131n kendini melezle\u015ftirmesi temas\u0131n\u0131 merkeze alan bu metin, insan denilen dolayl\u0131 hayvan\u0131n izini s\u00fcr\u00fcyor. Bu melezli\u011fin muhtevas\u0131 nedir, diye<span class=\"excerpt-hellip\"> [\u2026]<\/span><\/p>\n","protected":false},"featured_media":0,"template":"","meta":{"_monsterinsights_skip_tracking":false,"_monsterinsights_sitenote_active":false,"_monsterinsights_sitenote_note":"","_monsterinsights_sitenote_category":0},"product_brand":[],"product_cat":[12291,12711],"product_tag":[],"class_list":{"0":"post-771355","1":"product","2":"type-product","3":"status-publish","5":"product_cat-edebiyat","6":"product_cat-roman-oyku","7":"pa_cilt-ciltsiz","8":"pa_tur-kitap","9":"pa_yayinevi-bogazici-universitesi-yayinevi","10":"pa_yazar-ergun-kocabiyik","12":"first","13":"instock","14":"sale","15":"shipping-taxable","16":"purchasable","17":"product-type-simple"},"_links":{"self":[{"href":"https:\/\/roveyayinevi.com.tr\/index.php\/wp-json\/wp\/v2\/product\/771355","targetHints":{"allow":["GET"]}}],"collection":[{"href":"https:\/\/roveyayinevi.com.tr\/index.php\/wp-json\/wp\/v2\/product"}],"about":[{"href":"https:\/\/roveyayinevi.com.tr\/index.php\/wp-json\/wp\/v2\/types\/product"}],"wp:attachment":[{"href":"https:\/\/roveyayinevi.com.tr\/index.php\/wp-json\/wp\/v2\/media?parent=771355"}],"wp:term":[{"taxonomy":"product_brand","embeddable":true,"href":"https:\/\/roveyayinevi.com.tr\/index.php\/wp-json\/wp\/v2\/product_brand?post=771355"},{"taxonomy":"product_cat","embeddable":true,"href":"https:\/\/roveyayinevi.com.tr\/index.php\/wp-json\/wp\/v2\/product_cat?post=771355"},{"taxonomy":"product_tag","embeddable":true,"href":"https:\/\/roveyayinevi.com.tr\/index.php\/wp-json\/wp\/v2\/product_tag?post=771355"}],"curies":[{"name":"wp","href":"https:\/\/api.w.org\/{rel}","templated":true}]}}