{"id":771350,"date":"2025-08-28T15:02:16","date_gmt":"2025-08-28T12:02:16","guid":{"rendered":"https:\/\/roveyayinevi.com.tr\/index.php\/urun\/darwinden-hitlere-evrimsel-ahlak-irk-aritimi-ve-almanyada-irkcilik\/"},"modified":"2026-04-15T03:37:43","modified_gmt":"2026-04-15T00:37:43","slug":"darwinden-hitlere-evrimsel-ahlak-irk-aritimi-ve-almanyada-irkcilik","status":"publish","type":"product","link":"https:\/\/roveyayinevi.com.tr\/index.php\/urun\/darwinden-hitlere-evrimsel-ahlak-irk-aritimi-ve-almanyada-irkcilik\/","title":{"rendered":"Darwin&#8217;den Hitler&#8217;e: Evrimsel Ahlak Irk Ar\u0131t\u0131m\u0131 ve Almanya&#8217;da Irk\u00e7\u0131l\u0131k"},"content":{"rendered":"<p>Darwin, \u201cen sa\u011fl\u0131kl\u0131 ve uyumlu\u201dlar\u0131n do\u011fal se\u00e7ilim bask\u0131s\u0131n\u0131 a\u015farak hayatta kald\u0131\u011f\u0131 bir s\u00fcre\u00e7 ile t\u00fcm canl\u0131lar\u0131n ortak bir atadan t\u00fcredi\u011fini \u00f6ne s\u00fcrm\u00fc\u015ft\u00fcr. Fakat Darwin\u2019in bu determinist biyolojik devrimi, evrimsel ahlak\u0131 yayg\u0131nla\u015ft\u0131rarak t\u00fcm d\u00fcnyada y\u0131k\u0131c\u0131 sonu\u00e7lara yol a\u00e7m\u0131\u015ft\u0131r. Do\u011fu\u015ftan gelen haklar olan \u201ct\u00fcm insanlar\u0131n e\u015fitli\u011fi\u201d yerini \u201cbiyolojik e\u015fitsizli\u011fe\u201d; \u201cinsanlar\u0131n karde\u015fli\u011fi\u201d yerini \u201ctoplumsal rekabete\u201d; \u201cinsan hayat\u0131n\u0131n kutsiyeti\u201d yerini \u201cfaydal\u0131 \u00f6l\u00fcmlere\u201db\u0131rakm\u0131\u015ft\u0131r. Hitler de en y\u00fcksek ahlaki \u00f6l\u00e7\u00fctlerin Darwinci bir uyumluluk ve sa\u011fl\u0131k oldu\u011fu bu evrimsel ahlak\u0131 benimsemi\u015ftir.  Hitler\u2019e g\u00f6re, \u201cdo\u011fan\u0131n tamam\u0131, g\u00fc\u00e7 ve zay\u0131fl\u0131k aras\u0131ndaki s\u00fcrekli bir m\u00fccadeledir, g\u00fc\u00e7l\u00fc olan\u0131n zay\u0131f olana kar\u015f\u0131 s\u00fcrekli bir zaferidir.\u201d Bu anlay\u0131\u015fla Hitler; \u0131rk ar\u0131t\u0131m\u0131, bebek katli, yard\u0131ml\u0131 intihar, soyk\u0131r\u0131m gibi gayri ahlaki uygulamalar\u0131 bir\u00e7ok insan\u0131n da deste\u011fini alarak ger\u00e7ekle\u015ftirmi\u015ftir.  \u00dcnl\u00fc tarih\u00e7i Richard Weikart bu \u00f6nemli eserinde, Hitler\u2019in d\u00fcnya g\u00f6r\u00fc\u015f\u00fcn\u00fcn ve soyk\u0131r\u0131m zihniyetinin k\u00f6kenine inmektedir. Hitler\u2019e ve taraftarlar\u0131na me\u015fru bilimsel zemin sa\u011flayan Darwinci evrimsel ahlak, g\u00fcn\u00fcm\u00fczde yeni Hitlerleri ortaya \u00e7\u0131karma tehdidini s\u00fcrd\u00fcrmeye devam etmektedir. Bu eser, yak\u0131n ge\u00e7mi\u015fi \u015fekillendiren bu fikir ve eylem ba\u011flant\u0131s\u0131n\u0131 a\u00e7\u0131\u011fa \u00e7\u0131karmakta ve b\u00f6ylece daha iyi bir gelecek in\u015fa etmemizin \u00f6n\u00fcn\u00fc a\u00e7maktad\u0131r.<\/p>\n","protected":false},"excerpt":{"rendered":"<p>Darwin, \u201cen sa\u011fl\u0131kl\u0131 ve uyumlu\u201dlar\u0131n do\u011fal se\u00e7ilim bask\u0131s\u0131n\u0131 a\u015farak hayatta kald\u0131\u011f\u0131 bir s\u00fcre\u00e7 ile t\u00fcm canl\u0131lar\u0131n ortak bir atadan t\u00fcredi\u011fini \u00f6ne s\u00fcrm\u00fc\u015ft\u00fcr. Fakat Darwin\u2019in bu determinist<span class=\"excerpt-hellip\"> [\u2026]<\/span><\/p>\n","protected":false},"featured_media":0,"template":"","meta":{"_monsterinsights_skip_tracking":false,"_monsterinsights_sitenote_active":false,"_monsterinsights_sitenote_note":"","_monsterinsights_sitenote_category":0},"product_brand":[],"product_cat":[12370,12304],"product_tag":[],"class_list":{"0":"post-771350","1":"product","2":"type-product","3":"status-publish","5":"product_cat-arastirma-inceleme","6":"product_cat-tarih","7":"pa_cilt-ciltsiz","8":"pa_tur-kitap","9":"pa_yayinevi-bogazici-universitesi-yayinevi","10":"pa_yazar-richard-weikart","12":"first","13":"instock","14":"sale","15":"shipping-taxable","16":"purchasable","17":"product-type-simple"},"_links":{"self":[{"href":"https:\/\/roveyayinevi.com.tr\/index.php\/wp-json\/wp\/v2\/product\/771350","targetHints":{"allow":["GET"]}}],"collection":[{"href":"https:\/\/roveyayinevi.com.tr\/index.php\/wp-json\/wp\/v2\/product"}],"about":[{"href":"https:\/\/roveyayinevi.com.tr\/index.php\/wp-json\/wp\/v2\/types\/product"}],"wp:attachment":[{"href":"https:\/\/roveyayinevi.com.tr\/index.php\/wp-json\/wp\/v2\/media?parent=771350"}],"wp:term":[{"taxonomy":"product_brand","embeddable":true,"href":"https:\/\/roveyayinevi.com.tr\/index.php\/wp-json\/wp\/v2\/product_brand?post=771350"},{"taxonomy":"product_cat","embeddable":true,"href":"https:\/\/roveyayinevi.com.tr\/index.php\/wp-json\/wp\/v2\/product_cat?post=771350"},{"taxonomy":"product_tag","embeddable":true,"href":"https:\/\/roveyayinevi.com.tr\/index.php\/wp-json\/wp\/v2\/product_tag?post=771350"}],"curies":[{"name":"wp","href":"https:\/\/api.w.org\/{rel}","templated":true}]}}