{"id":771346,"date":"2025-08-28T15:02:11","date_gmt":"2025-08-28T12:02:11","guid":{"rendered":"https:\/\/roveyayinevi.com.tr\/index.php\/urun\/tarihoncesinde-dil\/"},"modified":"2026-04-15T03:37:43","modified_gmt":"2026-04-15T00:37:43","slug":"tarihoncesinde-dil","status":"publish","type":"product","link":"https:\/\/roveyayinevi.com.tr\/index.php\/urun\/tarihoncesinde-dil\/","title":{"rendered":"Tarih\u00f6ncesinde Dil"},"content":{"rendered":"<p>\u0130nsanlar tarihimizin y\u00fczde doksan\u0131nda &#8220;avc\u0131-toplay\u0131c\u0131&#8221; olarak ya\u015fad\u0131lar ve birbirleriyle konu\u015fuyorlard\u0131. Konu\u015ftuklar\u0131 dilin k\u00f6kenine ve evrimine ili\u015fkin elimizde dolays\u0131z bir kan\u0131t mevcut de\u011fil; hatta ilk insanlar\u0131n konu\u015fma ya da i\u015faret dili var m\u0131yd\u0131, bilmiyoruz. Bu zorlu\u011fun fark\u0131nda olan antropolog Alan Barnard, \u00e7evremizde var olanlardan hareketle dile ili\u015fkin ge\u00e7mi\u015fimizi \u00f6nemli \u00f6l\u00e7\u00fcde anlayabilece\u011fimizi ileri s\u00fcr\u00fcyor. D\u00fcnyan\u0131n pek \u00e7ok yerinde h\u00e2l\u00e2 avc\u0131-toplay\u0131c\u0131lar ya\u015f\u0131yor; bu topluluklar, konu\u015fma tarzlar\u0131n\u0131, dillerini, dillerden ne ama\u00e7la yararland\u0131klar\u0131n\u0131 ara\u015ft\u0131rmam\u0131z bak\u0131m\u0131ndan b\u00fcy\u00fck \u00f6nem ta\u015f\u0131yorlar. Ola\u011fan\u00fcst\u00fc geni\u015f kelime da\u011farc\u0131klar\u0131 var ve dilbilgisi a\u00e7\u0131s\u0131ndan hayli karma\u015f\u0131k, geli\u015fkin bir dile sahipler.Barnard, avc\u0131-toplay\u0131c\u0131lar\u0131, kendi \u015fartlar\u0131nda anlayarak ya\u015famlar\u0131n\u0131 inceliyor. Okuma yazma bilmeyen insanlar olarak dili nas\u0131l alg\u0131l\u0131yorlar? Dili ne ama\u00e7la kullan\u0131yorlar? Dilbilgisine ili\u015fkin bilgileri hi\u00e7 yok mu yoksa dilbilgisiyle oyunlar oynamaktan keyif almalar\u0131na yetecek kadar bir dilbilgisi anlay\u0131\u015flar\u0131 bulunuyor mu? Bug\u00fcne dek yap\u0131lm\u0131\u015f belli ba\u015fl\u0131 ara\u015ft\u0131rmalar\u0131 ve kuramlar\u0131 ele alarak bu t\u00fcr sorular\u0131 irdeleyen Tarih\u00f6ncesinde Dil, dilin evrimine ilgi duyan herkesi tatmin edecek bir \u00e7al\u0131\u015fma.<\/p>\n","protected":false},"excerpt":{"rendered":"<p>\u0130nsanlar tarihimizin y\u00fczde doksan\u0131nda &#8220;avc\u0131-toplay\u0131c\u0131&#8221; olarak ya\u015fad\u0131lar ve birbirleriyle konu\u015fuyorlard\u0131. Konu\u015ftuklar\u0131 dilin k\u00f6kenine ve evrimine ili\u015fkin elimizde dolays\u0131z bir kan\u0131t mevcut de\u011fil; hatta ilk insanlar\u0131n konu\u015fma<span class=\"excerpt-hellip\"> [\u2026]<\/span><\/p>\n","protected":false},"featured_media":0,"template":"","meta":{"_monsterinsights_skip_tracking":false,"_monsterinsights_sitenote_active":false,"_monsterinsights_sitenote_note":"","_monsterinsights_sitenote_category":0},"product_brand":[],"product_cat":[12312,12304],"product_tag":[],"class_list":{"0":"post-771346","1":"product","2":"type-product","3":"status-publish","5":"product_cat-diger","6":"product_cat-tarih","7":"pa_cilt-ciltsiz","8":"pa_tur-kitap","9":"pa_yayinevi-bogazici-universitesi-yayinevi","10":"pa_yazar-alan-barnard","12":"first","13":"instock","14":"sale","15":"shipping-taxable","16":"purchasable","17":"product-type-simple"},"_links":{"self":[{"href":"https:\/\/roveyayinevi.com.tr\/index.php\/wp-json\/wp\/v2\/product\/771346","targetHints":{"allow":["GET"]}}],"collection":[{"href":"https:\/\/roveyayinevi.com.tr\/index.php\/wp-json\/wp\/v2\/product"}],"about":[{"href":"https:\/\/roveyayinevi.com.tr\/index.php\/wp-json\/wp\/v2\/types\/product"}],"wp:attachment":[{"href":"https:\/\/roveyayinevi.com.tr\/index.php\/wp-json\/wp\/v2\/media?parent=771346"}],"wp:term":[{"taxonomy":"product_brand","embeddable":true,"href":"https:\/\/roveyayinevi.com.tr\/index.php\/wp-json\/wp\/v2\/product_brand?post=771346"},{"taxonomy":"product_cat","embeddable":true,"href":"https:\/\/roveyayinevi.com.tr\/index.php\/wp-json\/wp\/v2\/product_cat?post=771346"},{"taxonomy":"product_tag","embeddable":true,"href":"https:\/\/roveyayinevi.com.tr\/index.php\/wp-json\/wp\/v2\/product_tag?post=771346"}],"curies":[{"name":"wp","href":"https:\/\/api.w.org\/{rel}","templated":true}]}}