{"id":771342,"date":"2025-08-28T15:02:01","date_gmt":"2025-08-28T12:02:01","guid":{"rendered":"https:\/\/roveyayinevi.com.tr\/index.php\/urun\/gulme-bir-tutkuya-dair-notlar\/"},"modified":"2026-04-15T03:37:43","modified_gmt":"2026-04-15T00:37:43","slug":"gulme-bir-tutkuya-dair-notlar","status":"publish","type":"product","link":"https:\/\/roveyayinevi.com.tr\/index.php\/urun\/gulme-bir-tutkuya-dair-notlar\/","title":{"rendered":"G\u00fclme Bir Tutkuya Dair Notlar"},"content":{"rendered":"<p>\u00c7o\u011fu g\u00fclme kuram\u0131, g\u00fclmeyi bir \u015feye verilen tepki olarak g\u00f6r\u00fcr ve tepki verilen o komik, grotesk, sa\u00e7ma \u015feye odaklan\u0131r. Anca Parvulescu ise g\u00fclmeyi ba\u015fka tutkular\u0131n emaresi olarak g\u00f6rm\u00fcyor, onu kendi ba\u015f\u0131na bir tutku olarak ele al\u0131yor. Dolay\u0131s\u0131yla bizi neyin g\u00fcld\u00fcrd\u00fc\u011f\u00fcn\u00fc, g\u00fclmenin nedenini veya k\u00f6kenini sorgulamak yerine bizzat g\u00fclme mefhumuna odaklan\u0131yor.G\u00fclme meselesini, insan y\u00fcz\u00fc meselesinden ay\u0131rmak m\u00fcmk\u00fcn de\u011fildir. E\u011fer insan, g\u00fclen hayvansa, bu, y\u00fcz\u00fc olan bir hayvan olu\u015fuyla ilintilidir. G\u00fclerken g\u00fcr\u00fclt\u00fcl\u00fc ve buru\u015fuk bir hale giren \u00e7ehre, yava\u015f yava\u015f d\u00fczelip, sakin, sessiz bir g\u00fcl\u00fcmseyi\u015f bi\u00e7imine kavu\u015fur; bu g\u00fcl\u00fcmseyi\u015f, bir dizi toplumsal duygunun belirtisi olarak tahayy\u00fcl edilir. Elinizdeki \u00e7al\u0131\u015fma, g\u00f6rg\u00fc kural\u0131 kitaplar\u0131n\u0131n, felsefi tezlerle, edebi metinlerle ve g\u00f6rsel k\u00fclt\u00fcrle diyalog i\u00e7inde hareket ederek, g\u00fcl\u00fcmseyen \u00e7ehrenin normatif esteti\u011finin \u00fcretilme s\u00fcrecinin izini s\u00fcr\u00fcyor. Edepsizlik say\u0131lan abart\u0131l\u0131, tutkulu, denetimsiz g\u00fclmenin bask\u0131c\u0131 ciddiyet kar\u015f\u0131s\u0131ndaki isyank\u00e2r durumunu inceliyor. Kitab\u0131n ana savlar\u0131ndan biri, g\u00fcl\u00fcmseme ile g\u00fclmenin bir s\u00fcreklilik arz etmedi\u011fidir. G\u00fclemedi\u011fimizde \u00e7o\u011funlukla g\u00fcl\u00fcmseriz; g\u00fcl\u00fcmseme, nadiren hakiki bir g\u00fclmeye d\u00f6n\u00fc\u015f\u00fcr.Parvulescu\u2019nun bu \u00e7al\u0131\u015fmas\u0131, g\u00fclmenin s\u0131n\u0131rl\u0131 ve k\u0131r\u0131lgan bir ar\u015fivini g\u00fcn y\u00fcz\u00fcne \u00e7\u0131kar\u0131yor. Bizi bu ar\u015fivde zaman ge\u00e7irmeye davet ediyor. Her ne kadar bu \u00e7al\u0131\u015fma, \u201cg\u00fclmenin uygarla\u015fmas\u0131n\u0131\u201d, \u00f6nermelerinden biri olarak kabul etse de, \u00f6ncelikle yirminci y\u00fczy\u0131l\u0131n kahkahac\u0131lar\u0131yla ve g\u00fclme dostlar\u0131yla ilgileniyor. Bu ama\u00e7la, yirminci y\u00fczy\u0131l Bat\u0131 d\u00fcnyas\u0131n\u0131 ve bunun siyasi, bilimsel, felsefi, estetik ser\u00fcvenlerini g\u00f6zden ge\u00e7irmeye \u00e7al\u0131\u015fan yeni bir u\u011fra\u015fa kat\u0131l\u0131yor. Sordu\u011fu temel soru \u015fudur: Yirminci y\u00fczy\u0131l nas\u0131l g\u00fclm\u00fc\u015ft\u00fcr?Prof. Anca Parvulescu, St. Louis\u2019deki Washington Universitesi\u2019nde, Kar\u015f\u0131la\u015ft\u0131rmal\u0131 Edebiyatta Lisans\u00fcst\u00fc \u00c7al\u0131\u015fmalar Direkt\u00f6r\u00fcd\u00fcr. Modernizm ve modernite, yirminci y\u00fczy\u0131l edebiyat\u0131 ve ele\u015ftirel kuram, anlat\u0131 ve roman, toplumsal cinsiyet ve feminizm konular\u0131 \u00fczerinde \u00e7al\u0131\u015fmaktad\u0131r.<\/p>\n","protected":false},"excerpt":{"rendered":"<p>\u00c7o\u011fu g\u00fclme kuram\u0131, g\u00fclmeyi bir \u015feye verilen tepki olarak g\u00f6r\u00fcr ve tepki verilen o komik, grotesk, sa\u00e7ma \u015feye odaklan\u0131r. Anca Parvulescu ise g\u00fclmeyi ba\u015fka tutkular\u0131n emaresi<span class=\"excerpt-hellip\"> [\u2026]<\/span><\/p>\n","protected":false},"featured_media":0,"template":"","meta":{"_monsterinsights_skip_tracking":false,"_monsterinsights_sitenote_active":false,"_monsterinsights_sitenote_note":"","_monsterinsights_sitenote_category":0},"product_brand":[],"product_cat":[12291,12711],"product_tag":[],"class_list":{"0":"post-771342","1":"product","2":"type-product","3":"status-publish","5":"product_cat-edebiyat","6":"product_cat-roman-oyku","7":"pa_cilt-ciltsiz","8":"pa_tur-kitap","9":"pa_yayinevi-bogazici-universitesi-yayinevi","10":"pa_yazar-anca-parvulescu","12":"first","13":"instock","14":"sale","15":"shipping-taxable","16":"purchasable","17":"product-type-simple"},"_links":{"self":[{"href":"https:\/\/roveyayinevi.com.tr\/index.php\/wp-json\/wp\/v2\/product\/771342","targetHints":{"allow":["GET"]}}],"collection":[{"href":"https:\/\/roveyayinevi.com.tr\/index.php\/wp-json\/wp\/v2\/product"}],"about":[{"href":"https:\/\/roveyayinevi.com.tr\/index.php\/wp-json\/wp\/v2\/types\/product"}],"wp:attachment":[{"href":"https:\/\/roveyayinevi.com.tr\/index.php\/wp-json\/wp\/v2\/media?parent=771342"}],"wp:term":[{"taxonomy":"product_brand","embeddable":true,"href":"https:\/\/roveyayinevi.com.tr\/index.php\/wp-json\/wp\/v2\/product_brand?post=771342"},{"taxonomy":"product_cat","embeddable":true,"href":"https:\/\/roveyayinevi.com.tr\/index.php\/wp-json\/wp\/v2\/product_cat?post=771342"},{"taxonomy":"product_tag","embeddable":true,"href":"https:\/\/roveyayinevi.com.tr\/index.php\/wp-json\/wp\/v2\/product_tag?post=771342"}],"curies":[{"name":"wp","href":"https:\/\/api.w.org\/{rel}","templated":true}]}}