{"id":771338,"date":"2025-08-28T15:01:54","date_gmt":"2025-08-28T12:01:54","guid":{"rendered":"https:\/\/roveyayinevi.com.tr\/index.php\/urun\/enin\/"},"modified":"2026-04-15T03:37:43","modified_gmt":"2026-04-15T00:37:43","slug":"enin","status":"publish","type":"product","link":"https:\/\/roveyayinevi.com.tr\/index.php\/urun\/enin\/","title":{"rendered":"Enin"},"content":{"rendered":"<p>Kurgusal ve d\u00fc\u015f\u00fcnsel \u00e7al\u0131\u015fmalar\u0131yla kad\u0131n\u0131n toplum i\u00e7inde alg\u0131lan\u0131\u015f\u0131n\u0131 sorgulayan, e\u011fitimin \u00f6nemine vurgu yapan ve ileri medeniyet seviyesine ula\u015fabilmek i\u00e7in hem Do\u011fu hem de Bat\u0131 d\u00fc\u015f\u00fcncesinden yararlanmak gerekti\u011fini d\u00fc\u015f\u00fcnen Fatma Aliye Han\u0131m, Osmanl\u0131&#8217;da kad\u0131n sorununu a\u00e7\u0131k\u00e7a dile getiren ilk isimlerden biri olmu\u015ftur. Modern T\u00fcrk edebiyat\u0131n\u0131n ilk kad\u0131n yazarlar\u0131ndan olan Fatma Aliye Han\u0131m, En\u00een adl\u0131 eserinde de benzer konular\u0131 tart\u0131\u015fmaya a\u00e7ar. Kalabal\u0131k bir karakter kadrosuna sahip romanda a\u015fk, sevgi ve evlilik temalar\u0131 hem kad\u0131n hem de erkek karakterlerin bak\u0131\u015f a\u00e7\u0131s\u0131yla de\u011ferlendirilir. Bir konakta ge\u00e7en hik\u00e2ye, kendi ayaklar\u0131 \u00fczerinde duran ve evlilik arifesinde aldat\u0131lan Sabahat ile t\u00fcm meziyetlerine ra\u011fmen ailesinin bask\u0131s\u0131 sebebiyle k\u0131s\u0131tlanan ve istemedi\u011fi bir adamla evlendirilen Fehame \u00e7evresinde geli\u015fir. Yazar, pek \u00e7ok yan karakter ve hik\u00e2ye ile birlikte evlilikte sadakat ve uyum, g\u00f6r\u00fcc\u00fc usul\u00fc ile evlili\u011fin sak\u0131ncalar\u0131 ekonomik farkl\u0131l\u0131klar\u0131n ortaya koydu\u011fu engeller gibi konular\u0131 i\u015fler.Kitab\u0131n elinizdeki bask\u0131s\u0131 \u00fc\u00e7 b\u00f6l\u00fcmden olu\u015fmaktad\u0131r: dili\u00e7i \u00e7eviri, \u00e7evriyaz\u0131 metin ve kar\u015f\u0131la\u015ft\u0131rma i\u00e7in Arap harfli kaynak metin.<\/p>\n","protected":false},"excerpt":{"rendered":"<p>Kurgusal ve d\u00fc\u015f\u00fcnsel \u00e7al\u0131\u015fmalar\u0131yla kad\u0131n\u0131n toplum i\u00e7inde alg\u0131lan\u0131\u015f\u0131n\u0131 sorgulayan, e\u011fitimin \u00f6nemine vurgu yapan ve ileri medeniyet seviyesine ula\u015fabilmek i\u00e7in hem Do\u011fu hem de Bat\u0131 d\u00fc\u015f\u00fcncesinden yararlanmak<span class=\"excerpt-hellip\"> [\u2026]<\/span><\/p>\n","protected":false},"featured_media":0,"template":"","meta":{"_monsterinsights_skip_tracking":false,"_monsterinsights_sitenote_active":false,"_monsterinsights_sitenote_note":"","_monsterinsights_sitenote_category":0},"product_brand":[],"product_cat":[13072,12291],"product_tag":[],"class_list":{"0":"post-771338","1":"product","2":"type-product","3":"status-publish","5":"product_cat-arastirma-inceleme-referans","6":"product_cat-edebiyat","7":"pa_cilt-ciltsiz","8":"pa_tur-kitap","9":"pa_yayinevi-bogazici-universitesi-yayinevi","10":"pa_yazar-fatma-aliye","12":"first","13":"instock","14":"sale","15":"shipping-taxable","16":"purchasable","17":"product-type-simple"},"_links":{"self":[{"href":"https:\/\/roveyayinevi.com.tr\/index.php\/wp-json\/wp\/v2\/product\/771338","targetHints":{"allow":["GET"]}}],"collection":[{"href":"https:\/\/roveyayinevi.com.tr\/index.php\/wp-json\/wp\/v2\/product"}],"about":[{"href":"https:\/\/roveyayinevi.com.tr\/index.php\/wp-json\/wp\/v2\/types\/product"}],"wp:attachment":[{"href":"https:\/\/roveyayinevi.com.tr\/index.php\/wp-json\/wp\/v2\/media?parent=771338"}],"wp:term":[{"taxonomy":"product_brand","embeddable":true,"href":"https:\/\/roveyayinevi.com.tr\/index.php\/wp-json\/wp\/v2\/product_brand?post=771338"},{"taxonomy":"product_cat","embeddable":true,"href":"https:\/\/roveyayinevi.com.tr\/index.php\/wp-json\/wp\/v2\/product_cat?post=771338"},{"taxonomy":"product_tag","embeddable":true,"href":"https:\/\/roveyayinevi.com.tr\/index.php\/wp-json\/wp\/v2\/product_tag?post=771338"}],"curies":[{"name":"wp","href":"https:\/\/api.w.org\/{rel}","templated":true}]}}