{"id":771333,"date":"2025-08-28T15:01:43","date_gmt":"2025-08-28T12:01:43","guid":{"rendered":"https:\/\/roveyayinevi.com.tr\/index.php\/urun\/dil-miti-dil-neden-bir-icgudu-degildir\/"},"modified":"2026-04-15T03:37:43","modified_gmt":"2026-04-15T00:37:43","slug":"dil-miti-dil-neden-bir-icgudu-degildir","status":"publish","type":"product","link":"https:\/\/roveyayinevi.com.tr\/index.php\/urun\/dil-miti-dil-neden-bir-icgudu-degildir\/","title":{"rendered":"Dil Miti; Dil Neden Bir \u0130\u00e7g\u00fcd\u00fc De\u011fildir"},"content":{"rendered":"<p>Dil, ya\u015fam\u0131m\u0131zda temel bir \u00f6neme sahip. Kimi bilimciler, dilin do\u011fu\u015ftan geldi\u011fini ve e\u015fsiz bir insani &#8220;i\u00e7g\u00fcd\u00fc&#8221; oldu\u011funu ileri s\u00fcrm\u00fc\u015ft\u00fcr. Bu g\u00f6r\u00fc\u015f, d\u00fcnyada 7.000 civar\u0131ndaki dilin t\u00fcm\u00fcn\u00fcn altyap\u0131s\u0131n\u0131 meydana getiren dilbilgisinin esasen ayn\u0131 oldu\u011funu iddia eder. K\u0131sacas\u0131 insanlar beyinlerinde dilbilgisi i\u00e7in uzmanla\u015fm\u0131\u015f bir mod\u00fclle do\u011far ve dil edinme yetileri bu kal\u0131tsal mod\u00fcl sayesinde m\u00fcmk\u00fcn olabilir. Vyvyan Evans, bu yayg\u0131n kabul\u00fcn asl\u0131nda bir mit oldu\u011funu g\u00f6steriyor.Evans, dilin ba\u015fka hayvan ileti\u015fim bi\u00e7imleriyle ba\u011flant\u0131l\u0131 oldu\u011funu, dillerin \u00e7arp\u0131c\u0131 bir \u00e7e\u015fitlilik sergiledi\u011fini, anadilimizi \u00f6\u011frenirken do\u011fu\u015ftan gelen &#8220;evrensel&#8221; bir dilbilgisinden ziyade, insan zihninin genel \u00f6zelliklerinden, becerilerinden yararland\u0131\u011f\u0131m\u0131z\u0131, dilin \u00f6zerk de\u011fil zihinsel evrenimizin ba\u015fka \u00f6zellikleriyle yak\u0131ndan ba\u011flant\u0131l\u0131 oldu\u011funu ve son olarak, dil ile akl\u0131n, insanlarla ileti\u015fim kurma bi\u00e7imimizi yans\u0131tt\u0131\u011f\u0131n\u0131 g\u00f6steriyor.Evans&#8217;a g\u00f6re dil, san\u0131ld\u0131\u011f\u0131n\u0131n aksine \u00e7aba sarf edilmeksizin, kendili\u011finden ortaya \u00e7\u0131kmaz. \u00d6ncelikle, maruz kald\u0131\u011f\u0131m\u0131z dil girdisinden do\u011far. Bu girdiden hareketle anadilimizi kulland\u0131\u011f\u0131m\u0131z \u00f6l\u00e7\u00fcde in\u015fa ederiz. Do\u011fu\u015ftan gelen, Evrensel Dilbilgisi de\u011fil, anadilimizi edinmemizi sa\u011flayan \u00e7e\u015fitli genel \u00f6\u011frenme mekanizmalar\u0131d\u0131r.En yeni ara\u015ft\u0131rmalara dayanan ve dilin zihinle ili\u015fkisini g\u00f6steren bu \u00e7al\u0131\u015fma, yayg\u0131n kabule kar\u015f\u0131 g\u00fc\u00e7l\u00fc bir se\u00e7enek olma niteli\u011fi ta\u015f\u0131yor.Vyvyan Evans 2000 y\u0131l\u0131nda Georgetown \u00dcniversitesi&#8217;nden dilbilim alan\u0131nda doktora derecesi ald\u0131. Sussex, Brighton ve Bangor \u00dcniversitelerinde dilbilim dersleri verdi. 2018&#8217;e kadar Cambridge University Press&#8217;in yay\u0131n\u0131 olan Language and Cognition dergisinin yay\u0131n y\u00f6netmeni olarak \u00e7al\u0131\u015ft\u0131. Bili\u015fsel dilbilim, dil, anlam ve zihin \u00fczerine on d\u00f6rt kitap yay\u0131mlad\u0131. Emojiler \u00fczerine yapt\u0131\u011f\u0131 ara\u015ft\u0131rmalarla kamuoyunun ilgisini \u00e7ekti. Access Semantics olarak da bilinen anlamsal kavramlar ve bili\u015fsel modeller (LCCM Teorisi) teorisinin mimar\u0131d\u0131r.<\/p>\n","protected":false},"excerpt":{"rendered":"<p>Dil, ya\u015fam\u0131m\u0131zda temel bir \u00f6neme sahip. Kimi bilimciler, dilin do\u011fu\u015ftan geldi\u011fini ve e\u015fsiz bir insani &#8220;i\u00e7g\u00fcd\u00fc&#8221; oldu\u011funu ileri s\u00fcrm\u00fc\u015ft\u00fcr. Bu g\u00f6r\u00fc\u015f, d\u00fcnyada 7.000 civar\u0131ndaki dilin t\u00fcm\u00fcn\u00fcn<span class=\"excerpt-hellip\"> [\u2026]<\/span><\/p>\n","protected":false},"featured_media":0,"template":"","meta":{"_monsterinsights_skip_tracking":false,"_monsterinsights_sitenote_active":false,"_monsterinsights_sitenote_note":"","_monsterinsights_sitenote_category":0},"product_brand":[],"product_cat":[20225,12291],"product_tag":[],"class_list":{"0":"post-771333","1":"product","2":"type-product","3":"status-publish","5":"product_cat-dil-bilim","6":"product_cat-edebiyat","7":"pa_cilt-ciltsiz","8":"pa_tur-kitap","9":"pa_yayinevi-bogazici-universitesi-yayinevi","10":"pa_yazar-vyvyan-evans","12":"first","13":"instock","14":"sale","15":"shipping-taxable","16":"purchasable","17":"product-type-simple"},"_links":{"self":[{"href":"https:\/\/roveyayinevi.com.tr\/index.php\/wp-json\/wp\/v2\/product\/771333","targetHints":{"allow":["GET"]}}],"collection":[{"href":"https:\/\/roveyayinevi.com.tr\/index.php\/wp-json\/wp\/v2\/product"}],"about":[{"href":"https:\/\/roveyayinevi.com.tr\/index.php\/wp-json\/wp\/v2\/types\/product"}],"wp:attachment":[{"href":"https:\/\/roveyayinevi.com.tr\/index.php\/wp-json\/wp\/v2\/media?parent=771333"}],"wp:term":[{"taxonomy":"product_brand","embeddable":true,"href":"https:\/\/roveyayinevi.com.tr\/index.php\/wp-json\/wp\/v2\/product_brand?post=771333"},{"taxonomy":"product_cat","embeddable":true,"href":"https:\/\/roveyayinevi.com.tr\/index.php\/wp-json\/wp\/v2\/product_cat?post=771333"},{"taxonomy":"product_tag","embeddable":true,"href":"https:\/\/roveyayinevi.com.tr\/index.php\/wp-json\/wp\/v2\/product_tag?post=771333"}],"curies":[{"name":"wp","href":"https:\/\/api.w.org\/{rel}","templated":true}]}}

Dil Miti; Dil Neden Bir İçgüdü Değildir

<p>Dil, yaşamımızda temel bir öneme sahip. Kimi bilimciler, dilin doğuştan geldiğini ve eşsiz bir insani &#8220;içgüdü&#8221; olduğunu ileri sürmüştür. Bu görüş, dünyada 7.000 civarındaki dilin tümünün altyapısını meydana getiren dilbilgisinin esasen aynı olduğunu iddia eder. Kısacası insanlar beyinlerinde dilbilgisi için uzmanlaşmış bir modülle doğar ve dil edinme yetileri bu kalıtsal modül sayesinde mümkün olabilir. Vyvyan Evans, bu yaygın kabulün aslında bir mit olduğunu gösteriyor.Evans, dilin başka hayvan iletişim biçimleriyle bağlantılı olduğunu, dillerin çarpıcı bir çeşitlilik sergilediğini, anadilimizi öğrenirken doğuştan gelen &#8220;evrensel&#8221; bir dilbilgisinden ziyade, insan zihninin genel özelliklerinden, becerilerinden yararlandığımızı, dilin özerk değil zihinsel evrenimizin başka özellikleriyle yakından bağlantılı olduğunu ve son olarak, dil ile aklın, insanlarla iletişim kurma biçimimizi yansıttığını gösteriyor.Evans&#8217;a göre dil, sanıldığının aksine çaba sarf edilmeksizin, kendiliğinden ortaya çıkmaz. Öncelikle, maruz kaldığımız dil girdisinden doğar. Bu girdiden hareketle anadilimizi kullandığımız ölçüde inşa ederiz. Doğuştan gelen, Evrensel Dilbilgisi değil, anadilimizi edinmemizi sağlayan çeşitli genel öğrenme mekanizmalarıdır.En yeni araştırmalara dayanan ve dilin zihinle ilişkisini gösteren bu çalışma, yaygın kabule karşı güçlü bir seçenek olma niteliği taşıyor.Vyvyan Evans 2000 yılında Georgetown Üniversitesi&#8217;nden dilbilim alanında doktora derecesi aldı. Sussex, Brighton ve Bangor Üniversitelerinde dilbilim dersleri verdi. 2018&#8217;e kadar Cambridge University Press&#8217;in yayını olan Language and Cognition dergisinin yayın yönetmeni olarak çalıştı. Bilişsel dilbilim, dil, anlam ve zihin üzerine on dört kitap yayımladı. Emojiler üzerine yaptığı araştırmalarla kamuoyunun ilgisini çekti. Access Semantics olarak da bilinen anlamsal kavramlar ve bilişsel modeller (LCCM Teorisi) teorisinin mimarıdır.</p>

<p>Dil, yaşamımızda temel bir öneme sahip. Kimi bilimciler, dilin doğuştan geldiğini ve eşsiz bir insani &#8220;içgüdü&#8221; olduğunu ileri sürmüştür. Bu görüş, dünyada 7.000 civarındaki dilin tümünün<span class="excerpt-hellip"> […]</span></p>
