{"id":771328,"date":"2025-08-28T15:01:34","date_gmt":"2025-08-28T12:01:34","guid":{"rendered":"https:\/\/roveyayinevi.com.tr\/index.php\/urun\/sermayenin-etik-insasi\/"},"modified":"2026-04-15T03:37:43","modified_gmt":"2026-04-15T00:37:43","slug":"sermayenin-etik-insasi","status":"publish","type":"product","link":"https:\/\/roveyayinevi.com.tr\/index.php\/urun\/sermayenin-etik-insasi\/","title":{"rendered":"Sermayenin Etik \u0130n\u015fas\u0131"},"content":{"rendered":"<p>B\u00fcy\u00fck \u015firketlerin, onlar\u0131n k\u00fcresel tedarik\u00e7ilerinin, buralarda \u00e7al\u0131\u015fan i\u015f\u00e7ilerin, \u00e7e\u015fitli sosyal akt\u00f6rlerin ve t\u00fcketicilerin bulu\u015ftu\u011fu yeni k\u00fcresel uzamda \u00e7al\u0131\u015fma eti\u011fi nas\u0131l yeniden in\u015fa ediliyor?G\u00fcn\u00fcm\u00fczde sosyal kayg\u0131lar\u0131n ve etik y\u00f6nelimlerin yerini risk y\u00f6netimi, kalite y\u00f6netimi ve insan kaynaklar\u0131 y\u00f6netimi gibi kavramlar almaya ba\u015flad\u0131. End\u00fcstriyel ili\u015fkiler ulus-devlet s\u0131n\u0131rlar\u0131n\u0131 a\u015ft\u0131\u011f\u0131ndan beri, hukuk d\u0131\u015f\u0131 yeni kurumlararac\u0131l\u0131\u011f\u0131yla d\u00fczenlemeler yap\u0131l\u0131yor. Bu d\u00fczenlemeler s\u0131ras\u0131nda toplumsal akt\u00f6rler aras\u0131ndaki g\u00fc\u00e7 ve iktidar ili\u015fkilerinin yeniden tesis edildi\u011fini g\u00f6r\u00fcyoruz. ?Etik sorumlulu\u011fun&#8221; hayata ge\u00e7irilmesini ve ?etik \u015firketin&#8221; yarat\u0131lmas\u0131n\u0131 ele alan Sermayenin Etik \u0130n\u015fas\u0131, yeni y\u00f6netim mekanizmalar\u0131n\u0131n toplumsal \u00f6znelerle ili\u015fkisini ayr\u0131nt\u0131lar\u0131yla ortaya koyuyor. K\u00fcresel \u00fcretim d\u00fczeninin yaratt\u0131\u011f\u0131 y\u00f6netim sorunlar\u0131na getirilen \u00e7\u00f6z\u00fcmler \u00e7al\u0131\u015fma standartlar\u0131nda pek \u00e7ok ihlale yol a\u00e7makta. Bu t\u00fcr ihlallerin en s\u0131k g\u00f6r\u00fcld\u00fc\u011f\u00fc haz\u0131r giyim sekt\u00f6r\u00fcne odaklanan Ahmet Bekmen, i\u015f hukukunda ya\u015fanan bo\u015flu\u011fun ne t\u00fcr mekanizmalarla dolduruldu\u011funu, \u00e7al\u0131\u015fmaya ili\u015fkin etik ve sosyal normlar\u0131nne t\u00fcr teknolojilerle yeniden d\u00fczenlendi\u011fini sorgulamakta.\u00c7al\u0131\u015fma standartlar\u0131yla ilgili skandallar\u0131n \u015firketlere ciddi zararlar verdi\u011fi g\u00fcn\u00fcm\u00fcz kapitalizminde etik ve sosyal unsurlar \u015firket y\u00f6netiminin ve buna y\u00f6nelik disiplinlerin \u00f6nemli bir par\u00e7as\u0131 haline gelmi\u015f durumda. \u00dcretim s\u00fcrecinin d\u00fczenlenmesi ya da i\u015fyeri ve \u00e7al\u0131\u015fma ko\u015fullar\u0131n\u0131n iyile\u015ftirilmesi art\u0131k y\u00f6netim teknolojilerinin alan\u0131na giren konular. Sermayenin Etik \u0130n\u015fas\u0131, neoliberal anlay\u0131\u015f\u0131n do\u011furdu\u011fu &#8220;etik \u015firket&#8221; kavram\u0131n\u0131n nas\u0131l ahlaki ba\u011flam\u0131n d\u0131\u015f\u0131na \u00e7\u0131kar\u0131larak bir y\u00f6netsel paradigmaya d\u00f6n\u00fc\u015ft\u00fc\u011f\u00fcn\u00fc g\u00f6zler \u00f6n\u00fcne sermekte.<\/p>\n","protected":false},"excerpt":{"rendered":"<p>B\u00fcy\u00fck \u015firketlerin, onlar\u0131n k\u00fcresel tedarik\u00e7ilerinin, buralarda \u00e7al\u0131\u015fan i\u015f\u00e7ilerin, \u00e7e\u015fitli sosyal akt\u00f6rlerin ve t\u00fcketicilerin bulu\u015ftu\u011fu yeni k\u00fcresel uzamda \u00e7al\u0131\u015fma eti\u011fi nas\u0131l yeniden in\u015fa ediliyor?G\u00fcn\u00fcm\u00fczde sosyal kayg\u0131lar\u0131n ve<span class=\"excerpt-hellip\"> [\u2026]<\/span><\/p>\n","protected":false},"featured_media":0,"template":"","meta":{"_monsterinsights_skip_tracking":false,"_monsterinsights_sitenote_active":false,"_monsterinsights_sitenote_note":"","_monsterinsights_sitenote_category":0},"product_brand":[],"product_cat":[14841,13043],"product_tag":[],"class_list":{"0":"post-771328","1":"product","2":"type-product","3":"status-publish","5":"product_cat-arastirma-inceleme-kuram","6":"product_cat-ekonomi","7":"pa_cilt-ciltsiz","8":"pa_tur-kitap","9":"pa_yayinevi-bogazici-universitesi-yayinevi","10":"pa_yazar-ahmet-bekmen","12":"first","13":"instock","14":"sale","15":"shipping-taxable","16":"purchasable","17":"product-type-simple"},"_links":{"self":[{"href":"https:\/\/roveyayinevi.com.tr\/index.php\/wp-json\/wp\/v2\/product\/771328","targetHints":{"allow":["GET"]}}],"collection":[{"href":"https:\/\/roveyayinevi.com.tr\/index.php\/wp-json\/wp\/v2\/product"}],"about":[{"href":"https:\/\/roveyayinevi.com.tr\/index.php\/wp-json\/wp\/v2\/types\/product"}],"wp:attachment":[{"href":"https:\/\/roveyayinevi.com.tr\/index.php\/wp-json\/wp\/v2\/media?parent=771328"}],"wp:term":[{"taxonomy":"product_brand","embeddable":true,"href":"https:\/\/roveyayinevi.com.tr\/index.php\/wp-json\/wp\/v2\/product_brand?post=771328"},{"taxonomy":"product_cat","embeddable":true,"href":"https:\/\/roveyayinevi.com.tr\/index.php\/wp-json\/wp\/v2\/product_cat?post=771328"},{"taxonomy":"product_tag","embeddable":true,"href":"https:\/\/roveyayinevi.com.tr\/index.php\/wp-json\/wp\/v2\/product_tag?post=771328"}],"curies":[{"name":"wp","href":"https:\/\/api.w.org\/{rel}","templated":true}]}}