{"id":771321,"date":"2025-08-28T15:01:22","date_gmt":"2025-08-28T12:01:22","guid":{"rendered":"https:\/\/roveyayinevi.com.tr\/index.php\/urun\/cemal-pasa-suriyede-birinci-dunya-savasi-yillari\/"},"modified":"2026-04-15T03:37:43","modified_gmt":"2026-04-15T00:37:43","slug":"cemal-pasa-suriyede-birinci-dunya-savasi-yillari","status":"publish","type":"product","link":"https:\/\/roveyayinevi.com.tr\/index.php\/urun\/cemal-pasa-suriyede-birinci-dunya-savasi-yillari\/","title":{"rendered":"Cemal Pa\u015fa Suriye\u2019de: Birinci D\u00fcnya Sava\u015f\u0131 Y\u0131llar\u0131"},"content":{"rendered":"<p>\u0130ttihat ve Terakki\u2019nin en \u00f6nemli liderlerinden Bahriye Naz\u0131r\u0131   Cemal   Pa\u015fa\u2019n\u0131n,   Suriye\u2019ye   D\u00f6rd\u00fcnc\u00fc   Ordu Kumandan\u0131 olarak atand\u0131\u011f\u0131 y\u0131llarday\u0131z\u2026Bu  kitab\u0131  okuyarak,  Cemal  Pa\u015fa\u2019n\u0131n  b\u00f6lgede  sadece sivil-askeri b\u00fcrokrasinin ba\u015f\u0131 olarak g\u00f6rev yapmakla kalmad\u0131\u011f\u0131n\u0131  g\u00f6receksiniz.  Cemal  Pa\u015fa\u2019n\u0131n  faaliyetleri, Osmanl\u0131 Devleti\u2019nin y\u00f6netim zihniyetini \u0130ttihat\u00e7\u0131 d\u00fcnya g\u00f6r\u00fc\u015f\u00fc    do\u011frultusunda    d\u00f6n\u00fc\u015ft\u00fcrecektir.    Bu    eser sayesinde,  sava\u015f  gibi  y\u0131k\u0131c\u0131  ko\u015fullar\u0131n  ayn\u0131  zamanda liderlerin \u00fclke \u00e7ap\u0131nda zihniyet d\u00f6n\u00fc\u015f\u00fcm\u00fc yapmas\u0131n\u0131 nas\u0131l kolayla\u015ft\u0131rd\u0131\u011f\u0131n\u0131 kavrayacaks\u0131n\u0131z. \u201cAkademisyenlerin    daha    az    kulland\u0131\u011f\u0131        Alman, Avusturya ve T\u00fcrk Tarih Kurumu Ar\u015fivleri\u2019nin de dahil oldu\u011fu T\u00fcrk ar\u015fivlerinde ger\u00e7ekle\u015ftirilen kapsaml\u0131 bir ara\u015ft\u0131rman\u0131n \u00fcr\u00fcn\u00fc olan bu eser, konu hakk\u0131nda milliyet\u00e7i tarih\u00e7ilik \u00e7al\u0131\u015fmalar\u0131 ve a\u011f\u0131rl\u0131kl\u0131 olarak \u0130ngiliz belgelerine dayanan kitaplar\u0131n sa\u011flayamad\u0131klar\u0131 bir derinlik sunmakta ve olaylar\u0131 geni\u015f bir ba\u011flam i\u00e7inde anlamam\u0131z\u0131 m\u00fcmk\u00fcn k\u0131lmaktad\u0131r.\u201dM. \u015e\u00fckr\u00fc Hanio\u011flu- Princeton \u00dcniversitesi<\/p>\n","protected":false},"excerpt":{"rendered":"<p>\u0130ttihat ve Terakki\u2019nin en \u00f6nemli liderlerinden Bahriye Naz\u0131r\u0131 Cemal Pa\u015fa\u2019n\u0131n, Suriye\u2019ye D\u00f6rd\u00fcnc\u00fc Ordu Kumandan\u0131 olarak atand\u0131\u011f\u0131 y\u0131llarday\u0131z\u2026Bu kitab\u0131 okuyarak, Cemal Pa\u015fa\u2019n\u0131n b\u00f6lgede sadece sivil-askeri b\u00fcrokrasinin ba\u015f\u0131<span class=\"excerpt-hellip\"> [\u2026]<\/span><\/p>\n","protected":false},"featured_media":0,"template":"","meta":{"_monsterinsights_skip_tracking":false,"_monsterinsights_sitenote_active":false,"_monsterinsights_sitenote_note":"","_monsterinsights_sitenote_category":0},"product_brand":[],"product_cat":[12304,13493],"product_tag":[],"class_list":{"0":"post-771321","1":"product","2":"type-product","3":"status-publish","5":"product_cat-tarih","6":"product_cat-turkiye-ve-cumhuriyet-tarihi","7":"pa_cilt-ciltsiz","8":"pa_tur-kitap","9":"pa_yayinevi-bogazici-universitesi-yayinevi","10":"pa_yazar-m-talha-cicek","12":"first","13":"instock","14":"sale","15":"shipping-taxable","16":"purchasable","17":"product-type-simple"},"_links":{"self":[{"href":"https:\/\/roveyayinevi.com.tr\/index.php\/wp-json\/wp\/v2\/product\/771321","targetHints":{"allow":["GET"]}}],"collection":[{"href":"https:\/\/roveyayinevi.com.tr\/index.php\/wp-json\/wp\/v2\/product"}],"about":[{"href":"https:\/\/roveyayinevi.com.tr\/index.php\/wp-json\/wp\/v2\/types\/product"}],"wp:attachment":[{"href":"https:\/\/roveyayinevi.com.tr\/index.php\/wp-json\/wp\/v2\/media?parent=771321"}],"wp:term":[{"taxonomy":"product_brand","embeddable":true,"href":"https:\/\/roveyayinevi.com.tr\/index.php\/wp-json\/wp\/v2\/product_brand?post=771321"},{"taxonomy":"product_cat","embeddable":true,"href":"https:\/\/roveyayinevi.com.tr\/index.php\/wp-json\/wp\/v2\/product_cat?post=771321"},{"taxonomy":"product_tag","embeddable":true,"href":"https:\/\/roveyayinevi.com.tr\/index.php\/wp-json\/wp\/v2\/product_tag?post=771321"}],"curies":[{"name":"wp","href":"https:\/\/api.w.org\/{rel}","templated":true}]}}