{"id":771314,"date":"2025-08-28T15:01:11","date_gmt":"2025-08-28T12:01:11","guid":{"rendered":"https:\/\/roveyayinevi.com.tr\/index.php\/urun\/psikoloji-ve-ruh\/"},"modified":"2026-04-15T03:37:42","modified_gmt":"2026-04-15T00:37:42","slug":"psikoloji-ve-ruh","status":"publish","type":"product","link":"https:\/\/roveyayinevi.com.tr\/index.php\/urun\/psikoloji-ve-ruh\/","title":{"rendered":"Psikoloji ve Ruh"},"content":{"rendered":"<p>Psikoloji ve Ruh, Otto Rank\u2019\u0131n psikolojik du\u0308\u015fu\u0308ncelerinin derinli\u011fine inen, psikoloji ile ruh aras\u0131ndaki ili\u015fkiyi ke\u015ffeden bir ustal\u0131k eseridir. Rank, ruhu ve psikolojiyi inceleyen eserinde, insan\u0131n \u00f6lu\u0308msu\u0308zlu\u0308\u011fe duydu\u011fu inan\u00e7 ile psikolojik yap\u0131lar\u0131 nas\u0131l birbirine ba\u011flad\u0131\u011f\u0131n\u0131 sorgular. Rank\u2019\u0131n eserindeki temel tez, entelektu\u0308el psikolojinin insan\u0131n ruhunu anlamas\u0131na, hatta onun \u00f6lu\u0308msu\u0308zlu\u0308\u011fu\u0308nu\u0308 ke\u015ffetmesine yetmedi\u011fi, aksine ruhu \u015fu\u0308pheyle yok etti\u011fi y\u00f6nu\u0308ndedir. Her ne kadar ilk bak\u0131\u015fta ele\u015ftirici bir u\u0308slubu ve a\u011f\u0131r bir dil yap\u0131s\u0131 olsa da derinlemesine bir du\u0308\u015fu\u0308nme ve hissederek okuma becerisiyle Rank\u2019\u0131n g\u00f6ru\u0308\u015fleri, \u00e7a\u011f\u0131n\u0131n \u00f6tesine ge\u00e7erek gu\u0308nu\u0308mu\u0308zde de etkisini su\u0308rdu\u0308rmeye devam etmektedir. Bu eser, psikolojiye dair geleneksel bak\u0131\u015f a\u00e7\u0131lar\u0131n\u0131 sorgulamak ve insan\u0131n ruhsal varl\u0131\u011f\u0131n\u0131 daha derinlemesine anlamak isteyen herkes i\u00e7in yol g\u00f6sterici olacakt\u0131r. Psikolojinin ruhu, du\u0308\u015fu\u0308ncelerin \u00f6tesindeki inan\u00e7larla harmanlad\u0131\u011f\u0131 bu derinlemesine inceleme, ayn\u0131 zamanda insan\u0131n i\u00e7sel yolculu\u011funu ve onu tan\u0131ma \u00e7abas\u0131n\u0131 ele almaktad\u0131r. <\/p>\n","protected":false},"excerpt":{"rendered":"<p>Psikoloji ve Ruh, Otto Rank\u2019\u0131n psikolojik du\u0308\u015fu\u0308ncelerinin derinli\u011fine inen, psikoloji ile ruh aras\u0131ndaki ili\u015fkiyi ke\u015ffeden bir ustal\u0131k eseridir. Rank, ruhu ve psikolojiyi inceleyen eserinde, insan\u0131n \u00f6lu\u0308msu\u0308zlu\u0308\u011fe<span class=\"excerpt-hellip\"> [\u2026]<\/span><\/p>\n","protected":false},"featured_media":0,"template":"","meta":{"_monsterinsights_skip_tracking":false,"_monsterinsights_sitenote_active":false,"_monsterinsights_sitenote_note":"","_monsterinsights_sitenote_category":0},"product_brand":[],"product_cat":[12357],"product_tag":[],"class_list":{"0":"post-771314","1":"product","2":"type-product","3":"status-publish","5":"product_cat-psikoloji","6":"pa_cilt-ciltsiz","7":"pa_tur-kitap","8":"pa_yayinevi-albaraka-yayinlari","9":"pa_yazar-otto-rank","11":"first","12":"instock","13":"sale","14":"shipping-taxable","15":"purchasable","16":"product-type-simple"},"_links":{"self":[{"href":"https:\/\/roveyayinevi.com.tr\/index.php\/wp-json\/wp\/v2\/product\/771314","targetHints":{"allow":["GET"]}}],"collection":[{"href":"https:\/\/roveyayinevi.com.tr\/index.php\/wp-json\/wp\/v2\/product"}],"about":[{"href":"https:\/\/roveyayinevi.com.tr\/index.php\/wp-json\/wp\/v2\/types\/product"}],"wp:attachment":[{"href":"https:\/\/roveyayinevi.com.tr\/index.php\/wp-json\/wp\/v2\/media?parent=771314"}],"wp:term":[{"taxonomy":"product_brand","embeddable":true,"href":"https:\/\/roveyayinevi.com.tr\/index.php\/wp-json\/wp\/v2\/product_brand?post=771314"},{"taxonomy":"product_cat","embeddable":true,"href":"https:\/\/roveyayinevi.com.tr\/index.php\/wp-json\/wp\/v2\/product_cat?post=771314"},{"taxonomy":"product_tag","embeddable":true,"href":"https:\/\/roveyayinevi.com.tr\/index.php\/wp-json\/wp\/v2\/product_tag?post=771314"}],"curies":[{"name":"wp","href":"https:\/\/api.w.org\/{rel}","templated":true}]}}