{"id":771312,"date":"2025-08-28T15:01:06","date_gmt":"2025-08-28T12:01:06","guid":{"rendered":"https:\/\/roveyayinevi.com.tr\/index.php\/urun\/goc-6\/"},"modified":"2026-04-15T03:37:42","modified_gmt":"2026-04-15T00:37:42","slug":"goc-6","status":"publish","type":"product","link":"https:\/\/roveyayinevi.com.tr\/index.php\/urun\/goc-6\/","title":{"rendered":"G\u00f6\u00e7"},"content":{"rendered":"<p>\u00dclkelerin sava\u015f kararlar\u0131 ve bunlar\u0131n \u00e7aresiz halklar\u0131 \u00fczerinde yaratt\u0131\u011f\u0131 etki bazen bir \u00f6l\u00fcm, bazen s\u00fcrg\u00fcn bazense g\u00f6\u00e7. \u0130\u015fte g\u00fc\u00e7l\u00fc bir ailenin ya\u015fad\u0131klar\u0131, ailedeki gen\u00e7 k\u0131z\u0131n ya\u015fad\u0131\u011f\u0131 a\u015fklar ve t\u00fcnelin ucundaki mutluluk, sevgi ve g\u00fcven, a\u015fk ve sadakat&#8230; G\u00f6\u00e7 roman\u0131 bu sorular\u0131n yan\u0131t\u0131n\u0131 ar\u0131yor. F\u0131rt\u0131nal\u0131 denizlerden g\u00fcvenli limana olan bir yolculuk. \u0130\u015fte hepsi bu\u2026 <\/p>\n","protected":false},"excerpt":{"rendered":"<p>\u00dclkelerin sava\u015f kararlar\u0131 ve bunlar\u0131n \u00e7aresiz halklar\u0131 \u00fczerinde yaratt\u0131\u011f\u0131 etki bazen bir \u00f6l\u00fcm, bazen s\u00fcrg\u00fcn bazense g\u00f6\u00e7. \u0130\u015fte g\u00fc\u00e7l\u00fc bir ailenin ya\u015fad\u0131klar\u0131, ailedeki gen\u00e7 k\u0131z\u0131n ya\u015fad\u0131\u011f\u0131<span class=\"excerpt-hellip\"> [\u2026]<\/span><\/p>\n","protected":false},"featured_media":0,"template":"","meta":{"_monsterinsights_skip_tracking":false,"_monsterinsights_sitenote_active":false,"_monsterinsights_sitenote_note":"","_monsterinsights_sitenote_category":0},"product_brand":[],"product_cat":[12291,12711],"product_tag":[],"class_list":{"0":"post-771312","1":"product","2":"type-product","3":"status-publish","5":"product_cat-edebiyat","6":"product_cat-roman-oyku","7":"pa_cilt-ciltsiz","8":"pa_tur-kitap","9":"pa_yayinevi-servet-yayinevi","10":"pa_yazar-ali-kiper","12":"first","13":"instock","14":"sale","15":"shipping-taxable","16":"purchasable","17":"product-type-simple"},"_links":{"self":[{"href":"https:\/\/roveyayinevi.com.tr\/index.php\/wp-json\/wp\/v2\/product\/771312","targetHints":{"allow":["GET"]}}],"collection":[{"href":"https:\/\/roveyayinevi.com.tr\/index.php\/wp-json\/wp\/v2\/product"}],"about":[{"href":"https:\/\/roveyayinevi.com.tr\/index.php\/wp-json\/wp\/v2\/types\/product"}],"wp:attachment":[{"href":"https:\/\/roveyayinevi.com.tr\/index.php\/wp-json\/wp\/v2\/media?parent=771312"}],"wp:term":[{"taxonomy":"product_brand","embeddable":true,"href":"https:\/\/roveyayinevi.com.tr\/index.php\/wp-json\/wp\/v2\/product_brand?post=771312"},{"taxonomy":"product_cat","embeddable":true,"href":"https:\/\/roveyayinevi.com.tr\/index.php\/wp-json\/wp\/v2\/product_cat?post=771312"},{"taxonomy":"product_tag","embeddable":true,"href":"https:\/\/roveyayinevi.com.tr\/index.php\/wp-json\/wp\/v2\/product_tag?post=771312"}],"curies":[{"name":"wp","href":"https:\/\/api.w.org\/{rel}","templated":true}]}}