{"id":771310,"date":"2025-08-28T15:01:04","date_gmt":"2025-08-28T12:01:04","guid":{"rendered":"https:\/\/roveyayinevi.com.tr\/index.php\/urun\/oyle-bir-dunya-yok\/"},"modified":"2026-03-12T03:35:05","modified_gmt":"2026-03-12T00:35:05","slug":"oyle-bir-dunya-yok","status":"publish","type":"product","link":"https:\/\/roveyayinevi.com.tr\/index.php\/urun\/oyle-bir-dunya-yok\/","title":{"rendered":"\u00d6yle Bir D\u00fcnya Yok"},"content":{"rendered":"<p>Yasaklar, sadece toplum d\u00fczenini sa\u011flamak \u00fczere konulmas\u0131 gereken normlar olarak kalmal\u0131. \u015eayet; her grup, yetki ve g\u00fc\u00e7 sahibi her birey kendi de\u011fer yarg\u0131s\u0131yla, kendi d\u00fc\u015f\u00fcncesiyle \u00e7\u0131kar\u0131na \u00f6yle geldi\u011fi i\u00e7in yasak koymaya kalkarsa, orada d\u00fczen de\u011fil karga\u015fa do\u011far. Temel haklar bak\u0131m\u0131ndan az\u0131nl\u0131\u011f\u0131n \u00e7o\u011funlukla \u201cdenk\u201d oldu\u011fu ger\u00e7e\u011finden kopmamal\u0131. Birinin \u00f6zg\u00fcrl\u00fc\u011f\u00fc i\u00e7in, ba\u015fka birinin \u00f6zg\u00fcrl\u00fc\u011f\u00fcn\u00fc elinden almak me\u015fru bir \u201cyasa\u201d olamaz\u2026 Yasa dedi\u011finiz, ya da temel anlam\u0131yla \u201cyasak\u201d dedi\u011finiz \u015fey, k\u00f6leli\u011fe de\u011fil, \u00f6zg\u00fcrl\u00fc\u011fe g\u00f6t\u00fcrmeli insan\u0131. Koydu\u011funuz kural, birini sevindirirken, di\u011ferini \u00fczmesin. Birini zenginle\u015ftirirken, di\u011ferini yoksulla\u015ft\u0131rmas\u0131n. Birini korurken, di\u011ferini kaderine terk etmesin. Kazan\u0131n ka\u00e7\u0131n\u0131lmaz oldu\u011fu bir durumda; \u201cacaba insana m\u0131 \u00e7arpsam, yoksa hayvana m\u0131\u201d diye karars\u0131z kal\u0131nd\u0131\u011f\u0131nda; tercihlerimizi, efendilerimizin d\u00fc\u015f\u00fcnceleri de\u011fil, \u00f6nceden kabul edilmi\u015f evrensel de\u011ferler belirlemeli. \u0130rademiz, sadece kendi \u00f6zg\u00fcrl\u00fc\u011f\u00fcm\u00fcze de\u011fil, herkesin \u00f6zg\u00fcrl\u00fc\u011f\u00fcne birden hizmet etmeli. \u201cDe\u011ferler E\u011fitimi\u201d ile kendi d\u00fcnyan\u0131z\u0131n ilkelerini de\u011fil, \u201ccihan\u015f\u00fcmul\u201d ilkeleri \u00f6\u011fretmelisiniz! G\u00fc\u00e7 bizde, yetki bizde, art\u0131k \u201cefendi\u201d biziz diye her akl\u0131n\u0131za eseni yapamazs\u0131n\u0131z\u2026 Bu tutumu zorla \u201cme\u015fru\u201d sayd\u0131ramazs\u0131n\u0131z\u2026 \u00d6yle bir d\u00fcnya yok!&#8230; Olmamal\u0131 da zaten\u2026 <\/p>\n","protected":false},"excerpt":{"rendered":"<p>Yasaklar, sadece toplum d\u00fczenini sa\u011flamak \u00fczere konulmas\u0131 gereken normlar olarak kalmal\u0131. \u015eayet; her grup, yetki ve g\u00fc\u00e7 sahibi her birey kendi de\u011fer yarg\u0131s\u0131yla, kendi d\u00fc\u015f\u00fcncesiyle \u00e7\u0131kar\u0131na<span class=\"excerpt-hellip\"> [\u2026]<\/span><\/p>\n","protected":false},"featured_media":0,"template":"","meta":{"_monsterinsights_skip_tracking":false,"_monsterinsights_sitenote_active":false,"_monsterinsights_sitenote_note":"","_monsterinsights_sitenote_category":0},"product_brand":[],"product_cat":[12835,12324],"product_tag":[],"class_list":{"0":"post-771310","1":"product","2":"type-product","3":"status-publish","5":"product_cat-genel-sosyoloji","6":"product_cat-sosyoloji","7":"pa_cilt-ciltsiz","8":"pa_tur-kitap","9":"pa_yayinevi-kirmizi-cati-yayinlari","10":"pa_yazar-ismail-bayram","12":"first","13":"instock","14":"sale","15":"shipping-taxable","16":"purchasable","17":"product-type-simple"},"_links":{"self":[{"href":"https:\/\/roveyayinevi.com.tr\/index.php\/wp-json\/wp\/v2\/product\/771310","targetHints":{"allow":["GET"]}}],"collection":[{"href":"https:\/\/roveyayinevi.com.tr\/index.php\/wp-json\/wp\/v2\/product"}],"about":[{"href":"https:\/\/roveyayinevi.com.tr\/index.php\/wp-json\/wp\/v2\/types\/product"}],"wp:attachment":[{"href":"https:\/\/roveyayinevi.com.tr\/index.php\/wp-json\/wp\/v2\/media?parent=771310"}],"wp:term":[{"taxonomy":"product_brand","embeddable":true,"href":"https:\/\/roveyayinevi.com.tr\/index.php\/wp-json\/wp\/v2\/product_brand?post=771310"},{"taxonomy":"product_cat","embeddable":true,"href":"https:\/\/roveyayinevi.com.tr\/index.php\/wp-json\/wp\/v2\/product_cat?post=771310"},{"taxonomy":"product_tag","embeddable":true,"href":"https:\/\/roveyayinevi.com.tr\/index.php\/wp-json\/wp\/v2\/product_tag?post=771310"}],"curies":[{"name":"wp","href":"https:\/\/api.w.org\/{rel}","templated":true}]}}