{"id":771308,"date":"2025-08-28T15:00:59","date_gmt":"2025-08-28T12:00:59","guid":{"rendered":"https:\/\/roveyayinevi.com.tr\/index.php\/urun\/bes-kiz-alti-oglan\/"},"modified":"2026-04-15T03:37:42","modified_gmt":"2026-04-15T00:37:42","slug":"bes-kiz-alti-oglan","status":"publish","type":"product","link":"https:\/\/roveyayinevi.com.tr\/index.php\/urun\/bes-kiz-alti-oglan\/","title":{"rendered":"Be\u015f K\u0131z Alt\u0131 O\u011flan"},"content":{"rendered":"<p>Sevgili \u00c7ocuklar, Haydi! Sinop\u2019ta ya\u015fayan arkada\u015flar\u0131n\u0131zla tan\u0131\u015f\u0131n! Size anlatacaklar\u0131 \u00e7ok \u015fey var. Hepiniz \u00e7evrenizdeki her \u015feyi merak ediyorsunuz de\u011fil mi? Biliyoruz, ailenizi, arkada\u015flar\u0131n\u0131z\u0131, okulunuzu, \u00fclkemizi, do\u011fay\u0131, hayvanlar\u0131 \u00e7ok seviyorsunuz. \u00d6nce kendinize g\u00fcvenin! Biz, size \u00e7ok g\u00fcveniyoruz! \u00c7\u00fcnk\u00fc hepiniz, do\u011fdu\u011funuz g\u00fcnden ba\u015flayarak onurlu birer yurtta\u015fs\u0131n\u0131z! \u00c7ok sorarak, okuyarak, ara\u015ft\u0131rarak yar\u0131na y\u00fcr\u00fcy\u00fcn! Sizi \u00e7ok seviyoruz! Haydi! Be\u015f K\u0131z Alt\u0131 O\u011flan\u2019a kat\u0131l\u0131n! <\/p>\n","protected":false},"excerpt":{"rendered":"<p>Sevgili \u00c7ocuklar, Haydi! Sinop\u2019ta ya\u015fayan arkada\u015flar\u0131n\u0131zla tan\u0131\u015f\u0131n! Size anlatacaklar\u0131 \u00e7ok \u015fey var. Hepiniz \u00e7evrenizdeki her \u015feyi merak ediyorsunuz de\u011fil mi? Biliyoruz, ailenizi, arkada\u015flar\u0131n\u0131z\u0131, okulunuzu, \u00fclkemizi, do\u011fay\u0131,<span class=\"excerpt-hellip\"> [\u2026]<\/span><\/p>\n","protected":false},"featured_media":0,"template":"","meta":{"_monsterinsights_skip_tracking":false,"_monsterinsights_sitenote_active":false,"_monsterinsights_sitenote_note":"","_monsterinsights_sitenote_category":0},"product_brand":[],"product_cat":[12274,12284],"product_tag":[],"class_list":{"0":"post-771308","1":"product","2":"type-product","3":"status-publish","5":"product_cat-cocuk-ve-genclik-kitaplari","6":"product_cat-hikayeler","7":"pa_cilt-ciltsiz","8":"pa_tur-kitap","9":"pa_yayinevi-kirmizi-kedi-yayinevi","10":"pa_yazar-sevgi-ozel","12":"first","13":"instock","14":"sale","15":"shipping-taxable","16":"purchasable","17":"product-type-simple"},"_links":{"self":[{"href":"https:\/\/roveyayinevi.com.tr\/index.php\/wp-json\/wp\/v2\/product\/771308","targetHints":{"allow":["GET"]}}],"collection":[{"href":"https:\/\/roveyayinevi.com.tr\/index.php\/wp-json\/wp\/v2\/product"}],"about":[{"href":"https:\/\/roveyayinevi.com.tr\/index.php\/wp-json\/wp\/v2\/types\/product"}],"wp:attachment":[{"href":"https:\/\/roveyayinevi.com.tr\/index.php\/wp-json\/wp\/v2\/media?parent=771308"}],"wp:term":[{"taxonomy":"product_brand","embeddable":true,"href":"https:\/\/roveyayinevi.com.tr\/index.php\/wp-json\/wp\/v2\/product_brand?post=771308"},{"taxonomy":"product_cat","embeddable":true,"href":"https:\/\/roveyayinevi.com.tr\/index.php\/wp-json\/wp\/v2\/product_cat?post=771308"},{"taxonomy":"product_tag","embeddable":true,"href":"https:\/\/roveyayinevi.com.tr\/index.php\/wp-json\/wp\/v2\/product_tag?post=771308"}],"curies":[{"name":"wp","href":"https:\/\/api.w.org\/{rel}","templated":true}]}}