{"id":771300,"date":"2025-08-28T15:00:47","date_gmt":"2025-08-28T12:00:47","guid":{"rendered":"https:\/\/roveyayinevi.com.tr\/index.php\/urun\/a-takimi-cokbilmis-kahraman-oluyor-iz-surucu-kopekler-6\/"},"modified":"2026-04-15T03:37:42","modified_gmt":"2026-04-15T00:37:42","slug":"a-takimi-cokbilmis-kahraman-oluyor-iz-surucu-kopekler-6","status":"publish","type":"product","link":"https:\/\/roveyayinevi.com.tr\/index.php\/urun\/a-takimi-cokbilmis-kahraman-oluyor-iz-surucu-kopekler-6\/","title":{"rendered":"A Tak\u0131m\u0131 \u2013 \u00c7okbilmi\u015f Kahraman Oluyor \u0130z S\u00fcr\u00fcc\u00fc K\u00f6pekler \u2013 6"},"content":{"rendered":"<p>G\u00fclten Day\u0131o\u011flu\u2019nun iz s\u00fcr\u00fcc\u00fc dokuz kurt k\u00f6pe\u011fi karde\u015fin maceralar\u0131n\u0131 anlatt\u0131\u011f\u0131 A Tak\u0131m\u0131 &#8211; \u00c7okbilmi\u015f Kahraman Oluyor kitab\u0131nda \u00c7okbilmi\u015f, Karabey, Obur ve Samur Kuyruk\u2019un ba\u015f\u0131ndan ge\u00e7enlere tan\u0131kl\u0131k ediyoruz&#8230; <\/p>\n","protected":false},"excerpt":{"rendered":"<p>G\u00fclten Day\u0131o\u011flu\u2019nun iz s\u00fcr\u00fcc\u00fc dokuz kurt k\u00f6pe\u011fi karde\u015fin maceralar\u0131n\u0131 anlatt\u0131\u011f\u0131 A Tak\u0131m\u0131 &#8211; \u00c7okbilmi\u015f Kahraman Oluyor kitab\u0131nda \u00c7okbilmi\u015f, Karabey, Obur ve Samur Kuyruk\u2019un ba\u015f\u0131ndan ge\u00e7enlere tan\u0131kl\u0131k<span class=\"excerpt-hellip\"> [\u2026]<\/span><\/p>\n","protected":false},"featured_media":0,"template":"","meta":{"_monsterinsights_skip_tracking":false,"_monsterinsights_sitenote_active":false,"_monsterinsights_sitenote_note":"","_monsterinsights_sitenote_category":0},"product_brand":[],"product_cat":[12274,12284],"product_tag":[],"class_list":{"0":"post-771300","1":"product","2":"type-product","3":"status-publish","5":"product_cat-cocuk-ve-genclik-kitaplari","6":"product_cat-hikayeler","7":"pa_cilt-ciltsiz","8":"pa_tur-kitap","9":"pa_yayinevi-yapi-kredi-yayinlari","10":"pa_yazar-gulten-dayioglu","12":"first","13":"instock","14":"sale","15":"shipping-taxable","16":"purchasable","17":"product-type-simple"},"_links":{"self":[{"href":"https:\/\/roveyayinevi.com.tr\/index.php\/wp-json\/wp\/v2\/product\/771300","targetHints":{"allow":["GET"]}}],"collection":[{"href":"https:\/\/roveyayinevi.com.tr\/index.php\/wp-json\/wp\/v2\/product"}],"about":[{"href":"https:\/\/roveyayinevi.com.tr\/index.php\/wp-json\/wp\/v2\/types\/product"}],"wp:attachment":[{"href":"https:\/\/roveyayinevi.com.tr\/index.php\/wp-json\/wp\/v2\/media?parent=771300"}],"wp:term":[{"taxonomy":"product_brand","embeddable":true,"href":"https:\/\/roveyayinevi.com.tr\/index.php\/wp-json\/wp\/v2\/product_brand?post=771300"},{"taxonomy":"product_cat","embeddable":true,"href":"https:\/\/roveyayinevi.com.tr\/index.php\/wp-json\/wp\/v2\/product_cat?post=771300"},{"taxonomy":"product_tag","embeddable":true,"href":"https:\/\/roveyayinevi.com.tr\/index.php\/wp-json\/wp\/v2\/product_tag?post=771300"}],"curies":[{"name":"wp","href":"https:\/\/api.w.org\/{rel}","templated":true}]}}