{"id":771292,"date":"2025-08-28T15:00:33","date_gmt":"2025-08-28T12:00:33","guid":{"rendered":"https:\/\/roveyayinevi.com.tr\/index.php\/urun\/duygularin-dansi-2\/"},"modified":"2026-04-03T03:29:25","modified_gmt":"2026-04-03T00:29:25","slug":"duygularin-dansi-2","status":"publish","type":"product","link":"https:\/\/roveyayinevi.com.tr\/index.php\/urun\/duygularin-dansi-2\/","title":{"rendered":"Duygular\u0131n Dans\u0131"},"content":{"rendered":"<p>Duygular, g\u00f6rmezden gelindiklerinde i\u00e7imizde f\u0131rt\u0131nalar kopar\u0131r, bast\u0131r\u0131ld\u0131klar\u0131nda ise bizi zehirler. OSHO, bu g\u00fc\u00e7l\u00fc rehberde,\u00f6fke, k\u0131skan\u00e7l\u0131k ve korku gibi en sars\u0131c\u0131 duygular\u0131m\u0131za farkl\u0131 bir g\u00f6zle bakmam\u0131z i\u00e7in bizi davet ediyor: Onlar\u0131 d\u00fc\u015fman de\u011fil,d\u00f6n\u00fc\u015f\u00fcm\u00fcn ba\u015flang\u0131\u00e7 noktas\u0131 olarak g\u00f6rebiliriz.\u201c\u00d6fkeni bast\u0131rma; ona dans etme \u015fans\u0131 ver.\u201d\u201cSevgiye ula\u015fmak i\u00e7in \u00f6nce k\u0131skan\u00e7l\u0131\u011f\u0131 t\u00fcm \u00e7\u0131plakl\u0131\u011f\u0131yla anlaman gerekir.\u201d\u201cKorkunun kalbine girmedik\u00e7e \u00f6zg\u00fcrl\u00fck yaln\u0131zca bir hayal olarak kal\u0131r.\u201dOSHO, her duygunun i\u00e7inde bir kap\u0131 oldu\u011funu hat\u0131rlat\u0131yor. Bilin\u00e7le bak\u0131ld\u0131\u011f\u0131nda, en karanl\u0131k duygular bile bizi ayd\u0131nl\u0131\u011fa ta\u015f\u0131r. Bukitap, zihnin al\u0131\u015fkanl\u0131klar\u0131n\u0131 y\u0131kan, duygularla sava\u015fmak yerine onlar\u0131 anlamay\u0131 ve a\u015fmay\u0131 \u00f6\u011freten bir davet. Kendinle d\u00fcr\u00fcst\u00e7ey\u00fczle\u015fmeye, duygular\u0131n\u0131 g\u00f6zlemlemeye ve onlar\u0131n \u00f6tesine ge\u00e7erek \u00f6zg\u00fcrle\u015fmeye haz\u0131rsan, bu dans seninle ba\u015flayacak.<\/p>\n","protected":false},"excerpt":{"rendered":"<p>Duygular, g\u00f6rmezden gelindiklerinde i\u00e7imizde f\u0131rt\u0131nalar kopar\u0131r, bast\u0131r\u0131ld\u0131klar\u0131nda ise bizi zehirler. OSHO, bu g\u00fc\u00e7l\u00fc rehberde,\u00f6fke, k\u0131skan\u00e7l\u0131k ve korku gibi en sars\u0131c\u0131 duygular\u0131m\u0131za farkl\u0131 bir g\u00f6zle bakmam\u0131z i\u00e7in<span class=\"excerpt-hellip\"> [\u2026]<\/span><\/p>\n","protected":false},"featured_media":0,"template":"","meta":{"_monsterinsights_skip_tracking":false,"_monsterinsights_sitenote_active":false,"_monsterinsights_sitenote_note":"","_monsterinsights_sitenote_category":0},"product_brand":[],"product_cat":[12364,12376],"product_tag":[],"class_list":{"0":"post-771292","1":"product","2":"type-product","3":"status-publish","5":"product_cat-genel-konular","6":"product_cat-kisisel-gelisim","7":"pa_cilt-ciltsiz","8":"pa_tur-kitap","9":"pa_yayinevi-omega","10":"pa_yazar-osho","12":"first","13":"instock","14":"sale","15":"shipping-taxable","16":"purchasable","17":"product-type-simple"},"_links":{"self":[{"href":"https:\/\/roveyayinevi.com.tr\/index.php\/wp-json\/wp\/v2\/product\/771292","targetHints":{"allow":["GET"]}}],"collection":[{"href":"https:\/\/roveyayinevi.com.tr\/index.php\/wp-json\/wp\/v2\/product"}],"about":[{"href":"https:\/\/roveyayinevi.com.tr\/index.php\/wp-json\/wp\/v2\/types\/product"}],"wp:attachment":[{"href":"https:\/\/roveyayinevi.com.tr\/index.php\/wp-json\/wp\/v2\/media?parent=771292"}],"wp:term":[{"taxonomy":"product_brand","embeddable":true,"href":"https:\/\/roveyayinevi.com.tr\/index.php\/wp-json\/wp\/v2\/product_brand?post=771292"},{"taxonomy":"product_cat","embeddable":true,"href":"https:\/\/roveyayinevi.com.tr\/index.php\/wp-json\/wp\/v2\/product_cat?post=771292"},{"taxonomy":"product_tag","embeddable":true,"href":"https:\/\/roveyayinevi.com.tr\/index.php\/wp-json\/wp\/v2\/product_tag?post=771292"}],"curies":[{"name":"wp","href":"https:\/\/api.w.org\/{rel}","templated":true}]}}