{"id":771277,"date":"2025-08-28T15:00:01","date_gmt":"2025-08-28T12:00:01","guid":{"rendered":"https:\/\/roveyayinevi.com.tr\/index.php\/urun\/bir-cift-yurek\/"},"modified":"2026-04-15T03:37:41","modified_gmt":"2026-04-15T00:37:41","slug":"bir-cift-yurek","status":"publish","type":"product","link":"https:\/\/roveyayinevi.com.tr\/index.php\/urun\/bir-cift-yurek\/","title":{"rendered":"Bir \u00c7ift Y\u00fcrek"},"content":{"rendered":"<p>Bug\u00fcne dek size iki kitab\u0131 \u201cmutlaka\u201d diye tavsiye ettim&#8230; Mart\u0131 ve Simyac\u0131&#8230; Bu \u00fc\u00e7\u00fcnc\u00fcs\u00fc&#8230; Bir \u00c7ift Y\u00fcrek&#8230; Bu kitaptan \u00e7ok al\u0131nt\u0131 yapaca\u011f\u0131m&#8230; \u00c7ok s\u00f6z edece\u011fim&#8230; Siz de kitab\u0131n sayfalar\u0131n\u0131 \u00e7evirirken bana kim bilir ka\u00e7 defa te\u015fekk\u00fcr edeceksiniz, ad\u0131m gibi biliyorum&#8230; \u2014H\u0131ncal Ulu\u00e7, Sabah Gazetesi Bat\u0131&#8217;y\u0131 sarsan y\u00fcrek! \u00c7evrenize yabanc\u0131la\u015fmaya ba\u015flad\u0131n\u0131zsa okuyun derim, bir kap\u0131 mutlaka aralanacak! \u2014Ay\u00e7a Atiko\u011flu, Milliyet Gazetesi Bu hafta sonu bu kitab\u0131 okuyun, pazartesi hayata yeni -ve daha iyi- bir insan olarak ba\u015flay\u0131n! \u2014Murat Birsel, Sabah Gazetesi Bir \u00c7ift Y\u00fcrek, Amerikal\u0131 bir kad\u0131n\u0131n Avustralya&#8217;da ya\u015fad\u0131\u011f\u0131 ruhsal yolculu\u011fun \u00f6yk\u00fcs\u00fcd\u00fcr. G\u00f6\u00e7ebe k\u00fclt\u00fcrden Aborjinler e\u015fli\u011finde, kabilenin kendilerini adland\u0131rd\u0131klar\u0131 \u015fekliyle, &#8220;Ger\u00e7ek \u0130nsanlar&#8221;la birlikte d\u00f6rt ay s\u00fcren ve \u00e7\u00f6l\u00fc boydan boya katettikleri uzun bir y\u00fcr\u00fcy\u00fc\u015fe \u00e7\u0131kar. Bu s\u00fcre boyunca, \u00e7\u00f6l\u00fcn \u00e7orak co\u011frafyas\u0131ndaki bitkiler ve hayvanlarla uyum i\u00e7inde ya\u015famay\u0131 \u00f6\u011frenir. Ola\u011fan d\u0131\u015f\u0131 insanlardan olu\u015fan bu toplulukla birlikte yapt\u0131\u011f\u0131 yolculukta Morgan, bu insanlar\u0131n 50.000 y\u0131ll\u0131k k\u00fclt\u00fcrlerinin felsefesi ve bilgeli\u011fiyle tan\u0131\u015f\u0131r. Maceras\u0131n\u0131n ilk g\u00fcn\u00fcnden itibaren bu \u00e7etin yolculu\u011fun zorluklar\u0131yla m\u00fccadele etmek zorunda kal\u0131r. Dayan\u0131kl\u0131l\u0131\u011f\u0131n\u0131n her g\u00fcn s\u0131nand\u0131\u011f\u0131 bu yolculukta, kar\u015f\u0131la\u015ft\u0131\u011f\u0131 her zorlukla birlikte ruhu da de\u011fi\u015fime u\u011frar. Aborjinler onu, b\u00fcy\u00fck bir al\u00e7ak g\u00f6n\u00fcll\u00fcl\u00fckle kendilerinden biri olarak kabul eder ve onun \u015fefkat dolu \u00f6\u011fretmenleri olurlar. \u00d6\u011fretmenlerinden, her insan\u0131n e\u015fsiz niteliklerini ve i\u00e7sel ruhunu takdir etmeyi ve kutlamay\u0131 \u00f6\u011frenirken bir yandan da g\u00fc\u00e7l\u00fc do\u011fal \u015fifa y\u00f6ntemlerine tan\u0131k olup onlar\u0131n canl\u0131larla ilgili fark\u0131ndal\u0131klar\u0131n\u0131n ne kadar derin ve anlaml\u0131 oldu\u011funu da anlamaya ba\u015flar. Bir \u00c7ift Y\u00fcrek, yazar\u0131n kendi bast\u0131rd\u0131\u011f\u0131 ilk bas\u0131m\u0131ndan itibaren uluslararas\u0131 \u00e7oksatan olmu\u015f ve t\u00fcm insanl\u0131\u011fa e\u015fsiz, zaman\u0131n derinliklerinden gelen g\u00fc\u00e7l\u00fc bir mesaj iletmi\u015ftir. E\u011fer t\u00fcm varl\u0131klar\u0131n, ayn\u0131 evrensel birli\u011fin bir par\u00e7as\u0131 oldu\u011funu anlarsak, d\u00fcnyam\u0131z\u0131 yok olu\u015ftan kurtarmak i\u00e7in h\u00e2len ge\u00e7 kalm\u0131\u015f say\u0131lmay\u0131z. Var olan her \u015fey inan\u0131lmaz derecede g\u00fczel ve hassas bir kar\u015f\u0131l\u0131kl\u0131 ba\u011f\u0131ml\u0131l\u0131k dengesinde bulunmaktad\u0131r. E\u011fer bu mesaj\u0131 alabilirsek, o zaman bizim ya\u015famlar\u0131m\u0131z da Ger\u00e7ek \u0130nsanlar&#8217;\u0131nki gibi bu y\u00fcce ama\u00e7la dolabilir.<\/p>\n","protected":false},"excerpt":{"rendered":"<p>Bug\u00fcne dek size iki kitab\u0131 \u201cmutlaka\u201d diye tavsiye ettim&#8230; Mart\u0131 ve Simyac\u0131&#8230; Bu \u00fc\u00e7\u00fcnc\u00fcs\u00fc&#8230; Bir \u00c7ift Y\u00fcrek&#8230; Bu kitaptan \u00e7ok al\u0131nt\u0131 yapaca\u011f\u0131m&#8230; \u00c7ok s\u00f6z edece\u011fim&#8230; Siz<span class=\"excerpt-hellip\"> [\u2026]<\/span><\/p>\n","protected":false},"featured_media":0,"template":"","meta":{"_monsterinsights_skip_tracking":false,"_monsterinsights_sitenote_active":false,"_monsterinsights_sitenote_note":"","_monsterinsights_sitenote_category":0},"product_brand":[],"product_cat":[13701,12291],"product_tag":[],"class_list":{"0":"post-771277","1":"product","2":"type-product","3":"status-publish","5":"product_cat-ani-mektup-gunluk","6":"product_cat-edebiyat","7":"pa_cilt-ciltsiz","8":"pa_tur-kitap","9":"pa_yayinevi-nemesis-kitap","10":"pa_yazar-marlo-morgan","12":"first","13":"instock","14":"sale","15":"shipping-taxable","16":"purchasable","17":"product-type-simple"},"_links":{"self":[{"href":"https:\/\/roveyayinevi.com.tr\/index.php\/wp-json\/wp\/v2\/product\/771277","targetHints":{"allow":["GET"]}}],"collection":[{"href":"https:\/\/roveyayinevi.com.tr\/index.php\/wp-json\/wp\/v2\/product"}],"about":[{"href":"https:\/\/roveyayinevi.com.tr\/index.php\/wp-json\/wp\/v2\/types\/product"}],"wp:attachment":[{"href":"https:\/\/roveyayinevi.com.tr\/index.php\/wp-json\/wp\/v2\/media?parent=771277"}],"wp:term":[{"taxonomy":"product_brand","embeddable":true,"href":"https:\/\/roveyayinevi.com.tr\/index.php\/wp-json\/wp\/v2\/product_brand?post=771277"},{"taxonomy":"product_cat","embeddable":true,"href":"https:\/\/roveyayinevi.com.tr\/index.php\/wp-json\/wp\/v2\/product_cat?post=771277"},{"taxonomy":"product_tag","embeddable":true,"href":"https:\/\/roveyayinevi.com.tr\/index.php\/wp-json\/wp\/v2\/product_tag?post=771277"}],"curies":[{"name":"wp","href":"https:\/\/api.w.org\/{rel}","templated":true}]}}