{"id":771276,"date":"2025-08-28T14:59:59","date_gmt":"2025-08-28T11:59:59","guid":{"rendered":"https:\/\/roveyayinevi.com.tr\/index.php\/urun\/yapay-zeka-ve-isin-gelecegi\/"},"modified":"2026-04-15T03:37:41","modified_gmt":"2026-04-15T00:37:41","slug":"yapay-zeka-ve-isin-gelecegi","status":"publish","type":"product","link":"https:\/\/roveyayinevi.com.tr\/index.php\/urun\/yapay-zeka-ve-isin-gelecegi\/","title":{"rendered":"Yapay Zeka ve \u0130\u015fin Gelece\u011fi"},"content":{"rendered":"<p>Yapay zek\u00e2 s\u00f6yleminin insanl\u0131\u011f\u0131n\u0131 b\u00fcy\u00fcledi\u011fi bir \u00e7a\u011fday\u0131z. G\u00fcnl\u00fck hayat\u0131m\u0131z\u0131 kolayla\u015ft\u0131rd\u0131\u011f\u0131 y\u00f6nler bin bir t\u00fcrl\u00fc reklamla g\u00f6z\u00fcm\u00fcz\u00fcn \u00f6n\u00fcnde. Faydalan\u0131yoruz. Peki ya yapay zek\u00e2 teknolojilerinin bize, insana, emek\u00e7iye kar\u015f\u0131 kullan\u0131ld\u0131\u011f\u0131 haller? B\u00fcy\u00fck veriye dayal\u0131 olas\u0131l\u0131k ve \u00f6ng\u00f6r\u00fc makinelerinin \u015fa\u015f\u0131rt\u0131c\u0131 ba\u015far\u0131lar\u0131, konu i\u015f hayat\u0131na geldi\u011finde farkl\u0131 bir forma b\u00fcr\u00fcn\u00fcyor. K\u00fc\u00e7\u00fck bir az\u0131nl\u0131\u011fa b\u00fcy\u00fck bir zenginlik f\u0131rsat\u0131 sunarken\u2026 B\u00fcy\u00fck \u00e7o\u011funlu\u011fu yeni sorun ve risklerle kar\u015f\u0131 kar\u015f\u0131ya b\u0131rak\u0131yor. \u0130\u015fin gelece\u011finin \u015fekillenmesinde kritik bir rol oynuyor. Kitap, istihdam\u0131n niceli\u011fi, i\u015fsizlik, g\u00fcvencesizlik, denetim, i\u015f yo\u011funlu\u011fu, vas\u0131fs\u0131zla\u015fma, de\u011fersizle\u015fme ve toplumsal cinsiyet gibi boyutlarla yapay zek\u00e2 ve yeni teknolojilerinin emek\u00e7iler \u00fczerindeki mevcut ve olas\u0131 etkilerine odaklan\u0131yor. <\/p>\n","protected":false},"excerpt":{"rendered":"<p>Yapay zek\u00e2 s\u00f6yleminin insanl\u0131\u011f\u0131n\u0131 b\u00fcy\u00fcledi\u011fi bir \u00e7a\u011fday\u0131z. G\u00fcnl\u00fck hayat\u0131m\u0131z\u0131 kolayla\u015ft\u0131rd\u0131\u011f\u0131 y\u00f6nler bin bir t\u00fcrl\u00fc reklamla g\u00f6z\u00fcm\u00fcz\u00fcn \u00f6n\u00fcnde. Faydalan\u0131yoruz. Peki ya yapay zek\u00e2 teknolojilerinin bize, insana, emek\u00e7iye<span class=\"excerpt-hellip\"> [\u2026]<\/span><\/p>\n","protected":false},"featured_media":0,"template":"","meta":{"_monsterinsights_skip_tracking":false,"_monsterinsights_sitenote_active":false,"_monsterinsights_sitenote_note":"","_monsterinsights_sitenote_category":0},"product_brand":[],"product_cat":[13005,13006],"product_tag":[],"class_list":{"0":"post-771276","1":"product","2":"type-product","3":"status-publish","5":"product_cat-bilim-muhendislik","6":"product_cat-populer-bilim","7":"pa_cilt-ciltsiz","8":"pa_tur-kitap","9":"pa_yayinevi-kor-kitap","10":"pa_yazar-arif-kosar","12":"first","13":"instock","14":"sale","15":"shipping-taxable","16":"purchasable","17":"product-type-simple"},"_links":{"self":[{"href":"https:\/\/roveyayinevi.com.tr\/index.php\/wp-json\/wp\/v2\/product\/771276","targetHints":{"allow":["GET"]}}],"collection":[{"href":"https:\/\/roveyayinevi.com.tr\/index.php\/wp-json\/wp\/v2\/product"}],"about":[{"href":"https:\/\/roveyayinevi.com.tr\/index.php\/wp-json\/wp\/v2\/types\/product"}],"wp:attachment":[{"href":"https:\/\/roveyayinevi.com.tr\/index.php\/wp-json\/wp\/v2\/media?parent=771276"}],"wp:term":[{"taxonomy":"product_brand","embeddable":true,"href":"https:\/\/roveyayinevi.com.tr\/index.php\/wp-json\/wp\/v2\/product_brand?post=771276"},{"taxonomy":"product_cat","embeddable":true,"href":"https:\/\/roveyayinevi.com.tr\/index.php\/wp-json\/wp\/v2\/product_cat?post=771276"},{"taxonomy":"product_tag","embeddable":true,"href":"https:\/\/roveyayinevi.com.tr\/index.php\/wp-json\/wp\/v2\/product_tag?post=771276"}],"curies":[{"name":"wp","href":"https:\/\/api.w.org\/{rel}","templated":true}]}}