{"id":771265,"date":"2025-08-28T14:59:38","date_gmt":"2025-08-28T11:59:38","guid":{"rendered":"https:\/\/roveyayinevi.com.tr\/index.php\/urun\/karanlik-yolun-efendisi-2\/"},"modified":"2026-04-15T03:37:41","modified_gmt":"2026-04-15T00:37:41","slug":"karanlik-yolun-efendisi-2","status":"publish","type":"product","link":"https:\/\/roveyayinevi.com.tr\/index.php\/urun\/karanlik-yolun-efendisi-2\/","title":{"rendered":"Karanl\u0131k Yolun Efendisi 2"},"content":{"rendered":"<p>WE\u0130 WUX\u0130AN\u2019\u0130N DAFAN DA\u011eI\u2019NDA FL\u00dcT \u00c7ALMASI   NEDEN LAN WANGJ\u0130\u2019N\u0130N D\u0130KKAT\u0130N\u0130 \u00c7EKT\u0130? ONU GUSU LAN A\u0130LES\u0130NE GER\u0130 M\u0130 G\u00d6T\u00dcRECEK? LAN WANGJ\u0130 \u015eU SIRALAR DE\u011e\u0130\u015eM\u0130\u015e G\u0130B\u0130 G\u00d6R\u00dcN\u00dcYOR, ODASINDA \u0130\u00c7K\u0130 SAKLIYOR, WE\u0130 WUX\u0130AN\u2019\u0130N HER GEREKS\u0130Z HAREKET\u0130NE G\u00d6Z YUMUYOR, T\u00dcM GECE ONUN \u00dcZER\u0130NDE YATMASINA \u0130Z\u0130N VER\u0130YOR!   \u00d6NCEDEN HERKES\u0130 UZA\u011eINDA TUTAN LAN ZHAN MI BU? WE\u0130 WUX\u0130AN ON BE\u015e YA\u015eINDAYKEN GUSU LAN\u2019A E\u011e\u0130T\u0130M ALMAYA G\u0130TT\u0130\u011e\u0130 ZAMANK\u0130 LAN WANGJ\u0130\u2019Y\u0130 D\u00dc\u015e\u00dcNMEDEN EDEM\u0130YORDU. DUVARIN \u00dcZER\u0130NDEK\u0130 G\u00d6R\u00dcNT\u00dc, DERS \u00c7ALI\u015eMAK, YAZI YAZMAK, G\u00d6LDEK\u0130 RUHLARI UZAKLA\u015eTIRMAK&#8230; O ESK\u0130 G\u00dcNLER\u0130 H\u00c2L\u00c2 D\u00dcN G\u0130B\u0130 HATIRLIYORDU. \u201c\u0130\u015eTE, T\u0130ANZI X\u0130AO \u0130\u00c7K\u0130S\u0130! B\u0130RAZINI SANA VERSEM, SEN DE BEN\u0130 G\u00d6RMEM\u0130\u015e G\u0130B\u0130 YAPSAN OLUR MU?\u201d <\/p>\n","protected":false},"excerpt":{"rendered":"<p>WE\u0130 WUX\u0130AN\u2019\u0130N DAFAN DA\u011eI\u2019NDA FL\u00dcT \u00c7ALMASI NEDEN LAN WANGJ\u0130\u2019N\u0130N D\u0130KKAT\u0130N\u0130 \u00c7EKT\u0130? ONU GUSU LAN A\u0130LES\u0130NE GER\u0130 M\u0130 G\u00d6T\u00dcRECEK? LAN WANGJ\u0130 \u015eU SIRALAR DE\u011e\u0130\u015eM\u0130\u015e G\u0130B\u0130 G\u00d6R\u00dcN\u00dcYOR, ODASINDA<span class=\"excerpt-hellip\"> [\u2026]<\/span><\/p>\n","protected":false},"featured_media":0,"template":"","meta":{"_monsterinsights_skip_tracking":false,"_monsterinsights_sitenote_active":false,"_monsterinsights_sitenote_note":"","_monsterinsights_sitenote_category":0},"product_brand":[],"product_cat":[12416,12291],"product_tag":[],"class_list":{"0":"post-771265","1":"product","2":"type-product","3":"status-publish","5":"product_cat-cizgi-roman","6":"product_cat-edebiyat","7":"pa_cilt-ciltsiz","8":"pa_tur-kitap","9":"pa_yayinevi-athica-yayinlari","10":"pa_yazar-mo-xiang-tong-xiu","12":"first","13":"instock","14":"sale","15":"shipping-taxable","16":"purchasable","17":"product-type-simple"},"_links":{"self":[{"href":"https:\/\/roveyayinevi.com.tr\/index.php\/wp-json\/wp\/v2\/product\/771265","targetHints":{"allow":["GET"]}}],"collection":[{"href":"https:\/\/roveyayinevi.com.tr\/index.php\/wp-json\/wp\/v2\/product"}],"about":[{"href":"https:\/\/roveyayinevi.com.tr\/index.php\/wp-json\/wp\/v2\/types\/product"}],"wp:attachment":[{"href":"https:\/\/roveyayinevi.com.tr\/index.php\/wp-json\/wp\/v2\/media?parent=771265"}],"wp:term":[{"taxonomy":"product_brand","embeddable":true,"href":"https:\/\/roveyayinevi.com.tr\/index.php\/wp-json\/wp\/v2\/product_brand?post=771265"},{"taxonomy":"product_cat","embeddable":true,"href":"https:\/\/roveyayinevi.com.tr\/index.php\/wp-json\/wp\/v2\/product_cat?post=771265"},{"taxonomy":"product_tag","embeddable":true,"href":"https:\/\/roveyayinevi.com.tr\/index.php\/wp-json\/wp\/v2\/product_tag?post=771265"}],"curies":[{"name":"wp","href":"https:\/\/api.w.org\/{rel}","templated":true}]}}