{"id":771263,"date":"2025-08-28T14:59:36","date_gmt":"2025-08-28T11:59:36","guid":{"rendered":"https:\/\/roveyayinevi.com.tr\/index.php\/urun\/iliski-bilinci\/"},"modified":"2026-04-08T03:34:00","modified_gmt":"2026-04-08T00:34:00","slug":"iliski-bilinci","status":"publish","type":"product","link":"https:\/\/roveyayinevi.com.tr\/index.php\/urun\/iliski-bilinci\/","title":{"rendered":"\u0130li\u015fki Bilinci"},"content":{"rendered":"<p>HER \u0130NSAN OLDU\u011eU G\u0130B\u0130 SEV\u0130LMEY\u0130 HAK EDER. BUNA SEN DE DAH\u0130LS\u0130N!   \u0130nsan ya\u015fad\u0131\u011f\u0131 toplum i\u00e7inde kurdu\u011fu ba\u011flar\u0131 ile varl\u0131\u011f\u0131n\u0131 ortaya koyar. Bu ba\u011flar\u0131n g\u00fcc\u00fc ise sizin bilin\u00e7 seviyenizle alakal\u0131d\u0131r. En \u00fcst bilin\u00e7 seviyesine ula\u015ft\u0131\u011f\u0131n\u0131zda ili\u015fkilerinizin kalitesi, format\u0131 ve yo\u011funlu\u011fu de\u011fi\u015fir. Bamba\u015fka bir tatmin ve mutluluk seviyesinde ya\u015fan\u0131r. O y\u00fczden ili\u015fkilerinizle ilgili sorunlar\u0131n\u0131z varsa ili\u015fkilerinizi de\u011fil kendi benli\u011finizi sorgulamal\u0131s\u0131n\u0131z.   \u00d6z\u00fcn\u00fczle, ruhunuzla ba\u011flant\u0131ya ge\u00e7ebiliyor musunuz? Kendinizi tan\u0131yor musunuz? Otantik kimli\u011finizin fark\u0131nda m\u0131s\u0131n\u0131z?   Bu kitapla belki de ilk kez ili\u015fkilerde sizden ba\u015fka kimsenin olmad\u0131\u011f\u0131n\u0131 anlayacaks\u0131n\u0131z. Belki de ilk kez iki ki\u015filik bir oyunda fig\u00fcran de\u011fil, kendi yazd\u0131\u011f\u0131n\u0131z oyunda ba\u015frol oyuncusu oldu\u011funuzu anlayacaks\u0131n\u0131z.   Benimle bu fark\u0131ndal\u0131\u011f\u0131 kazan\u0131p hayat\u0131n\u0131z\u0131n geri kalan\u0131n\u0131 tam bir tatmin ve mutluluk i\u00e7inde ge\u00e7irebilirsiniz ya da eski hayat\u0131n\u0131za geri d\u00f6n\u00fcp t\u00fcm hakikate s\u0131rt\u0131n\u0131z\u0131 d\u00f6nersiniz. Se\u00e7im sizin, mavi hap m\u0131 yoksa k\u0131rm\u0131z\u0131 hap m\u0131? <\/p>\n","protected":false},"excerpt":{"rendered":"<p>HER \u0130NSAN OLDU\u011eU G\u0130B\u0130 SEV\u0130LMEY\u0130 HAK EDER. BUNA SEN DE DAH\u0130LS\u0130N! \u0130nsan ya\u015fad\u0131\u011f\u0131 toplum i\u00e7inde kurdu\u011fu ba\u011flar\u0131 ile varl\u0131\u011f\u0131n\u0131 ortaya koyar. Bu ba\u011flar\u0131n g\u00fcc\u00fc ise sizin<span class=\"excerpt-hellip\"> [\u2026]<\/span><\/p>\n","protected":false},"featured_media":0,"template":"","meta":{"_monsterinsights_skip_tracking":false,"_monsterinsights_sitenote_active":false,"_monsterinsights_sitenote_note":"","_monsterinsights_sitenote_category":0},"product_brand":[],"product_cat":[12364,12376],"product_tag":[],"class_list":{"0":"post-771263","1":"product","2":"type-product","3":"status-publish","5":"product_cat-genel-konular","6":"product_cat-kisisel-gelisim","7":"pa_cilt-ciltsiz","8":"pa_tur-kitap","9":"pa_yayinevi-destek-yayinlari","10":"pa_yazar-nevsah-fidan","12":"first","13":"instock","14":"sale","15":"shipping-taxable","16":"purchasable","17":"product-type-simple"},"_links":{"self":[{"href":"https:\/\/roveyayinevi.com.tr\/index.php\/wp-json\/wp\/v2\/product\/771263","targetHints":{"allow":["GET"]}}],"collection":[{"href":"https:\/\/roveyayinevi.com.tr\/index.php\/wp-json\/wp\/v2\/product"}],"about":[{"href":"https:\/\/roveyayinevi.com.tr\/index.php\/wp-json\/wp\/v2\/types\/product"}],"wp:attachment":[{"href":"https:\/\/roveyayinevi.com.tr\/index.php\/wp-json\/wp\/v2\/media?parent=771263"}],"wp:term":[{"taxonomy":"product_brand","embeddable":true,"href":"https:\/\/roveyayinevi.com.tr\/index.php\/wp-json\/wp\/v2\/product_brand?post=771263"},{"taxonomy":"product_cat","embeddable":true,"href":"https:\/\/roveyayinevi.com.tr\/index.php\/wp-json\/wp\/v2\/product_cat?post=771263"},{"taxonomy":"product_tag","embeddable":true,"href":"https:\/\/roveyayinevi.com.tr\/index.php\/wp-json\/wp\/v2\/product_tag?post=771263"}],"curies":[{"name":"wp","href":"https:\/\/api.w.org\/{rel}","templated":true}]}}