{"id":771262,"date":"2025-08-28T14:59:33","date_gmt":"2025-08-28T11:59:33","guid":{"rendered":"https:\/\/roveyayinevi.com.tr\/index.php\/urun\/dul-kadin-su-kabini-agzi-one-gelecek-sekilde-mezarin-ustunde-birakiyorsa-bilin-ki-ilgi-istiyordur\/"},"modified":"2026-04-12T03:28:35","modified_gmt":"2026-04-12T00:28:35","slug":"dul-kadin-su-kabini-agzi-one-gelecek-sekilde-mezarin-ustunde-birakiyorsa-bilin-ki-ilgi-istiyordur","status":"publish","type":"product","link":"https:\/\/roveyayinevi.com.tr\/index.php\/urun\/dul-kadin-su-kabini-agzi-one-gelecek-sekilde-mezarin-ustunde-birakiyorsa-bilin-ki-ilgi-istiyordur\/","title":{"rendered":"Dul Kad\u0131n Su Kab\u0131n\u0131 A\u011fz\u0131 \u00d6ne Gelecek \u015eekilde Mezar\u0131n \u00dcst\u00fcnde B\u0131rak\u0131yorsa, Bilin Ki \u0130lgi \u0130stiyordur"},"content":{"rendered":"<p>Bosna k\u00f6kenli Alman yazar Sa\u0161a Stani\u0161i\u0107\u2019ten hayat, kader ve ihtimaller \u00fcst\u00fcne uzun s\u00fcre ak\u0131llarda kalacak canl\u0131, tutkulu ve derinlikli bir roman\u2026 Zaman\u0131nda \u015fu de\u011fil de bu karar\u0131 verseydik, bug\u00fcn hayat\u0131m\u0131z nas\u0131l olurdu acaba? Daha iyi ko\u015fullar\u0131m\u0131z, daha g\u00fczel bir hayat\u0131m\u0131z olur muydu? \u0130\u015fin ucunda, yanl\u0131\u015f tercihte bulunup elimizdekinden daha az\u0131na raz\u0131 olmak da var tabii. Ke\u015fke hayat\u0131n bir deneme kabini olsayd\u0131 da, gelece\u011fi \u00f6nceden prova etmek m\u00fcmk\u00fcn olsayd\u0131&#8230; Sa\u0161a Stani\u0161i\u0107 bizi, ezber d\u0131\u015f\u0131na \u00e7\u0131karak \u201cba\u015fka t\u00fcrl\u00fc\u201d se\u00e7imler yapman\u0131n m\u00fcmk\u00fcn oldu\u011fu yerlere ve hayatlara g\u00f6t\u00fcr\u00fcyor. Hedefe zor yoldan varanlar\u0131n, g\u00f6z\u00fcn\u00fc k\u0131rpmadan hayatla kumar masas\u0131na oturanlar\u0131n, yeri geldi\u011finde sevdiklerine tumturakl\u0131 bir yalan s\u00f6ylemeyi g\u00f6ze alanlar\u0131n hik\u00e2yelerini anlat\u0131yor. \u201cSa\u0161a Stani\u0161i\u0107\u2019in ola\u011fan\u00fcst\u00fc yetene\u011fi, varolu\u015fsal olanla g\u00f6r\u00fcn\u00fc\u015fte s\u0131radan olan\u0131, sosyopolitik olanla ki\u015fisel olan\u0131 e\u015fit derecede ciddiye alarak kendine has bir mizahla anlatmas\u0131nda sakl\u0131.\u201d W\u0131lhelm Raabe \u00d6d\u00fcl\u00fc J\u00fcrisi<\/p>\n","protected":false},"excerpt":{"rendered":"<p>Bosna k\u00f6kenli Alman yazar Sa\u0161a Stani\u0161i\u0107\u2019ten hayat, kader ve ihtimaller \u00fcst\u00fcne uzun s\u00fcre ak\u0131llarda kalacak canl\u0131, tutkulu ve derinlikli bir roman\u2026 Zaman\u0131nda \u015fu de\u011fil de bu<span class=\"excerpt-hellip\"> [\u2026]<\/span><\/p>\n","protected":false},"featured_media":0,"template":"","meta":{"_monsterinsights_skip_tracking":false,"_monsterinsights_sitenote_active":false,"_monsterinsights_sitenote_note":"","_monsterinsights_sitenote_category":0},"product_brand":[],"product_cat":[12291,12711],"product_tag":[],"class_list":{"0":"post-771262","1":"product","2":"type-product","3":"status-publish","5":"product_cat-edebiyat","6":"product_cat-roman-oyku","7":"pa_cilt-ciltsiz","8":"pa_tur-kitap","9":"pa_yayinevi-iletisim-yayinlari","10":"pa_yazar-sasa-stanisic","12":"first","13":"instock","14":"sale","15":"shipping-taxable","16":"purchasable","17":"product-type-simple"},"_links":{"self":[{"href":"https:\/\/roveyayinevi.com.tr\/index.php\/wp-json\/wp\/v2\/product\/771262","targetHints":{"allow":["GET"]}}],"collection":[{"href":"https:\/\/roveyayinevi.com.tr\/index.php\/wp-json\/wp\/v2\/product"}],"about":[{"href":"https:\/\/roveyayinevi.com.tr\/index.php\/wp-json\/wp\/v2\/types\/product"}],"wp:attachment":[{"href":"https:\/\/roveyayinevi.com.tr\/index.php\/wp-json\/wp\/v2\/media?parent=771262"}],"wp:term":[{"taxonomy":"product_brand","embeddable":true,"href":"https:\/\/roveyayinevi.com.tr\/index.php\/wp-json\/wp\/v2\/product_brand?post=771262"},{"taxonomy":"product_cat","embeddable":true,"href":"https:\/\/roveyayinevi.com.tr\/index.php\/wp-json\/wp\/v2\/product_cat?post=771262"},{"taxonomy":"product_tag","embeddable":true,"href":"https:\/\/roveyayinevi.com.tr\/index.php\/wp-json\/wp\/v2\/product_tag?post=771262"}],"curies":[{"name":"wp","href":"https:\/\/api.w.org\/{rel}","templated":true}]}}